{"id":29575,"date":"2021-03-08T11:57:33","date_gmt":"2021-03-08T09:57:33","guid":{"rendered":"https:\/\/www.e2.law\/?post_type=clauses&#038;p=29575"},"modified":"2022-10-31T17:45:59","modified_gmt":"2022-10-31T15:45:59","slug":"pacte-de-votation-a-lassemblee-generale","status":"publish","type":"clauses","link":"https:\/\/www.e2.law\/fr\/clauses\/pacte-de-votation-a-lassemblee-generale\/","title":{"rendered":"Pacte de votation \u00e0 l&#8217;assembl\u00e9e g\u00e9n\u00e9rale (ou convention de vote)"},"content":{"rendered":"<p>Accord par lequel un ou plusieurs actionnaires s\u2019engagent \u00e0 voter \u00e0 l\u2019assembl\u00e9e g\u00e9n\u00e9rale dans le sens d\u00e9fini par l\u2019accord.<\/p>\n<p>Rien ne s\u2019oppose \u00e0 ce que de telles conventions soient conclues entre un ou plusieurs actionnaires et un tiers.<\/p>\n<p><!--more--><\/p>\n<p>Ces conventions de vote vise par exemple des mati\u00e8res ressortant de la comp\u00e9tence de l&#8217;assembl\u00e9e g\u00e9n\u00e9rale, comme par exemple:<\/p>\n<ul>\n<li>Nomination des administrateurs<\/li>\n<li>Augmentation de capital \/ \u00e9mission de nouvelles actions<\/li>\n<li>Affectation du r\u00e9sultat (incluant la distribution de dividendes).<\/li>\n<\/ul>\n<blockquote><p>Une variante de pacte de votation est le l&#8217;organisation d&#8217;un syndicat d&#8217;actionnaires, par lequel certains actionnaires s&#8217;engagent \u00e0 tenir une r\u00e9union pr\u00e9alable avant de proc\u00e9der \u00e0 un vote \u00e0 l&#8217;assembl\u00e9e g\u00e9n\u00e9rale et \u00e0 voter lors de celle-ci conform\u00e9ment \u00e0 ce qui aura \u00e9t\u00e9 d\u00e9cid\u00e9 lors de cette r\u00e9union.<\/p><\/blockquote>\n<p>Les convention de vote poursuivent les objectifs suivants:<\/p>\n<ul>\n<li>Protection des actionnaires minoritaires<\/li>\n<li>Organisation des relations de pouvoir au sein de la soci\u00e9t\u00e9<\/li>\n<li>satisfaire aux des souhaits sp\u00e9cifiques des investisseurs<\/li>\n<\/ul>\n<p>&nbsp;<\/p>\n<p><span class=\"e2_law_shortcode_input1594931018\"><div class=\"rcp_restricted\"><\/div><\/span><\/p>\n","protected":false},"featured_media":0,"template":"","categories":[141],"tags":[],"class_list":["post-29575","clauses","type-clauses","status-publish","hentry","category-non-classifiee"],"acf":[],"yoast_head":"<!-- This site is optimized with the Yoast SEO plugin v27.5 - https:\/\/yoast.com\/product\/yoast-seo-wordpress\/ -->\n<title>Pacte de votation \u00e0 l&#039;assembl\u00e9e g\u00e9n\u00e9rale (ou convention de vote) - e2.law<\/title>\n<meta name=\"robots\" content=\"index, follow, max-snippet:-1, max-image-preview:large, max-video-preview:-1\" \/>\n<link rel=\"canonical\" href=\"https:\/\/www.e2.law\/fr\/clauses\/pacte-de-votation-a-lassemblee-generale\/\" \/>\n<meta property=\"og:locale\" content=\"fr_FR\" \/>\n<meta property=\"og:type\" content=\"article\" \/>\n<meta property=\"og:title\" content=\"Pacte de votation \u00e0 l&#039;assembl\u00e9e g\u00e9n\u00e9rale (ou convention de vote) - e2.law\" \/>\n<meta property=\"og:description\" content=\"Accord par lequel un ou plusieurs actionnaires s\u2019engagent \u00e0 voter \u00e0 l\u2019assembl\u00e9e g\u00e9n\u00e9rale dans le sens d\u00e9fini par l\u2019accord. Rien ne s\u2019oppose \u00e0 ce que de telles conventions soient conclues entre un ou plusieurs actionnaires et un tiers.\" \/>\n<meta property=\"og:url\" content=\"https:\/\/www.e2.law\/fr\/clauses\/pacte-de-votation-a-lassemblee-generale\/\" \/>\n<meta property=\"og:site_name\" content=\"e2.law\" \/>\n<meta property=\"article:modified_time\" content=\"2022-10-31T15:45:59+00:00\" \/>\n<meta name=\"twitter:card\" content=\"summary_large_image\" \/>\n<meta name=\"twitter:label1\" content=\"Dur\u00e9e de lecture estim\u00e9e\" \/>\n\t<meta name=\"twitter:data1\" content=\"3 minutes\" \/>\n<script type=\"application\/ld+json\" class=\"yoast-schema-graph\">{\"@context\":\"https:\\\/\\\/schema.org\",\"@graph\":[{\"@type\":\"WebPage\",\"@id\":\"https:\\\/\\\/www.e2.law\\\/fr\\\/clauses\\\/pacte-de-votation-a-lassemblee-generale\\\/\",\"url\":\"https:\\\/\\\/www.e2.law\\\/fr\\\/clauses\\\/pacte-de-votation-a-lassemblee-generale\\\/\",\"name\":\"Pacte de votation \u00e0 l'assembl\u00e9e g\u00e9n\u00e9rale (ou convention de vote) - e2.law\",\"isPartOf\":{\"@id\":\"https:\\\/\\\/www.e2.law\\\/fr\\\/#website\"},\"datePublished\":\"2021-03-08T09:57:33+00:00\",\"dateModified\":\"2022-10-31T15:45:59+00:00\",\"breadcrumb\":{\"@id\":\"https:\\\/\\\/www.e2.law\\\/fr\\\/clauses\\\/pacte-de-votation-a-lassemblee-generale\\\/#breadcrumb\"},\"inLanguage\":\"fr-FR\",\"potentialAction\":[{\"@type\":\"ReadAction\",\"target\":[\"https:\\\/\\\/www.e2.law\\\/fr\\\/clauses\\\/pacte-de-votation-a-lassemblee-generale\\\/\"]}]},{\"@type\":\"BreadcrumbList\",\"@id\":\"https:\\\/\\\/www.e2.law\\\/fr\\\/clauses\\\/pacte-de-votation-a-lassemblee-generale\\\/#breadcrumb\",\"itemListElement\":[{\"@type\":\"ListItem\",\"position\":1,\"name\":\"Home\",\"item\":\"https:\\\/\\\/www.e2.law\\\/fr\\\/home\\\/\"},{\"@type\":\"ListItem\",\"position\":2,\"name\":\"Pacte de votation \u00e0 l&#8217;assembl\u00e9e g\u00e9n\u00e9rale (ou convention de vote)\"}]},{\"@type\":\"WebSite\",\"@id\":\"https:\\\/\\\/www.e2.law\\\/fr\\\/#website\",\"url\":\"https:\\\/\\\/www.e2.law\\\/fr\\\/\",\"name\":\"e2.law\",\"description\":\"A Business Law Firm\",\"publisher\":{\"@id\":\"https:\\\/\\\/www.e2.law\\\/fr\\\/#organization\"},\"potentialAction\":[{\"@type\":\"SearchAction\",\"target\":{\"@type\":\"EntryPoint\",\"urlTemplate\":\"https:\\\/\\\/www.e2.law\\\/fr\\\/?s={search_term_string}\"},\"query-input\":{\"@type\":\"PropertyValueSpecification\",\"valueRequired\":true,\"valueName\":\"search_term_string\"}}],\"inLanguage\":\"fr-FR\"},{\"@type\":\"Organization\",\"@id\":\"https:\\\/\\\/www.e2.law\\\/fr\\\/#organization\",\"name\":\"E2.law\",\"url\":\"https:\\\/\\\/www.e2.law\\\/fr\\\/\",\"logo\":{\"@type\":\"ImageObject\",\"inLanguage\":\"fr-FR\",\"@id\":\"https:\\\/\\\/www.e2.law\\\/fr\\\/#\\\/schema\\\/logo\\\/image\\\/\",\"url\":\"https:\\\/\\\/www.e2.law\\\/wp-content\\\/uploads\\\/2018\\\/12\\\/logo-2.png\",\"contentUrl\":\"https:\\\/\\\/www.e2.law\\\/wp-content\\\/uploads\\\/2018\\\/12\\\/logo-2.png\",\"width\":152,\"height\":40,\"caption\":\"E2.law\"},\"image\":{\"@id\":\"https:\\\/\\\/www.e2.law\\\/fr\\\/#\\\/schema\\\/logo\\\/image\\\/\"},\"sameAs\":[\"https:\\\/\\\/www.linkedin.com\\\/company\\\/e2.law\"]}]}<\/script>\n<!-- \/ Yoast SEO plugin. -->","yoast_head_json":{"title":"Pacte de votation \u00e0 l'assembl\u00e9e g\u00e9n\u00e9rale (ou convention de vote) - e2.law","robots":{"index":"index","follow":"follow","max-snippet":"max-snippet:-1","max-image-preview":"max-image-preview:large","max-video-preview":"max-video-preview:-1"},"canonical":"https:\/\/www.e2.law\/fr\/clauses\/pacte-de-votation-a-lassemblee-generale\/","og_locale":"fr_FR","og_type":"article","og_title":"Pacte de votation \u00e0 l'assembl\u00e9e g\u00e9n\u00e9rale (ou convention de vote) - e2.law","og_description":"Accord par lequel un ou plusieurs actionnaires s\u2019engagent \u00e0 voter \u00e0 l\u2019assembl\u00e9e g\u00e9n\u00e9rale dans le sens d\u00e9fini par l\u2019accord. Rien ne s\u2019oppose \u00e0 ce que de telles conventions soient conclues entre un ou plusieurs actionnaires et un tiers.","og_url":"https:\/\/www.e2.law\/fr\/clauses\/pacte-de-votation-a-lassemblee-generale\/","og_site_name":"e2.law","article_modified_time":"2022-10-31T15:45:59+00:00","twitter_card":"summary_large_image","twitter_misc":{"Dur\u00e9e de lecture estim\u00e9e":"3 minutes"},"schema":{"@context":"https:\/\/schema.org","@graph":[{"@type":"WebPage","@id":"https:\/\/www.e2.law\/fr\/clauses\/pacte-de-votation-a-lassemblee-generale\/","url":"https:\/\/www.e2.law\/fr\/clauses\/pacte-de-votation-a-lassemblee-generale\/","name":"Pacte de votation \u00e0 l'assembl\u00e9e g\u00e9n\u00e9rale (ou convention de vote) - e2.law","isPartOf":{"@id":"https:\/\/www.e2.law\/fr\/#website"},"datePublished":"2021-03-08T09:57:33+00:00","dateModified":"2022-10-31T15:45:59+00:00","breadcrumb":{"@id":"https:\/\/www.e2.law\/fr\/clauses\/pacte-de-votation-a-lassemblee-generale\/#breadcrumb"},"inLanguage":"fr-FR","potentialAction":[{"@type":"ReadAction","target":["https:\/\/www.e2.law\/fr\/clauses\/pacte-de-votation-a-lassemblee-generale\/"]}]},{"@type":"BreadcrumbList","@id":"https:\/\/www.e2.law\/fr\/clauses\/pacte-de-votation-a-lassemblee-generale\/#breadcrumb","itemListElement":[{"@type":"ListItem","position":1,"name":"Home","item":"https:\/\/www.e2.law\/fr\/home\/"},{"@type":"ListItem","position":2,"name":"Pacte de votation \u00e0 l&#8217;assembl\u00e9e g\u00e9n\u00e9rale (ou convention de vote)"}]},{"@type":"WebSite","@id":"https:\/\/www.e2.law\/fr\/#website","url":"https:\/\/www.e2.law\/fr\/","name":"e2.law","description":"A Business Law Firm","publisher":{"@id":"https:\/\/www.e2.law\/fr\/#organization"},"potentialAction":[{"@type":"SearchAction","target":{"@type":"EntryPoint","urlTemplate":"https:\/\/www.e2.law\/fr\/?s={search_term_string}"},"query-input":{"@type":"PropertyValueSpecification","valueRequired":true,"valueName":"search_term_string"}}],"inLanguage":"fr-FR"},{"@type":"Organization","@id":"https:\/\/www.e2.law\/fr\/#organization","name":"E2.law","url":"https:\/\/www.e2.law\/fr\/","logo":{"@type":"ImageObject","inLanguage":"fr-FR","@id":"https:\/\/www.e2.law\/fr\/#\/schema\/logo\/image\/","url":"https:\/\/www.e2.law\/wp-content\/uploads\/2018\/12\/logo-2.png","contentUrl":"https:\/\/www.e2.law\/wp-content\/uploads\/2018\/12\/logo-2.png","width":152,"height":40,"caption":"E2.law"},"image":{"@id":"https:\/\/www.e2.law\/fr\/#\/schema\/logo\/image\/"},"sameAs":["https:\/\/www.linkedin.com\/company\/e2.law"]}]}},"jetpack_sharing_enabled":true,"_links":{"self":[{"href":"https:\/\/www.e2.law\/fr\/wp-json\/wp\/v2\/clauses\/29575","targetHints":{"allow":["GET"]}}],"collection":[{"href":"https:\/\/www.e2.law\/fr\/wp-json\/wp\/v2\/clauses"}],"about":[{"href":"https:\/\/www.e2.law\/fr\/wp-json\/wp\/v2\/types\/clauses"}],"wp:attachment":[{"href":"https:\/\/www.e2.law\/fr\/wp-json\/wp\/v2\/media?parent=29575"}],"wp:term":[{"taxonomy":"category","embeddable":true,"href":"https:\/\/www.e2.law\/fr\/wp-json\/wp\/v2\/categories?post=29575"},{"taxonomy":"post_tag","embeddable":true,"href":"https:\/\/www.e2.law\/fr\/wp-json\/wp\/v2\/tags?post=29575"}],"curies":[{"name":"wp","href":"https:\/\/api.w.org\/{rel}","templated":true}]}}

Pacte de votation à l&#8217;assemblée générale (ou convention de vote)

<p>Accord par lequel un ou plusieurs actionnaires s’engagent à voter à l’assemblée générale dans le sens défini par l’accord.</p>
<p>Rien ne s’oppose à ce que de telles conventions soient conclues entre un ou plusieurs actionnaires et un tiers.</p>
<p><!--more--></p>
<p>Ces conventions de vote vise par exemple des matières ressortant de la compétence de l&#8217;assemblée générale, comme par exemple:</p>
<ul>
<li>Nomination des administrateurs</li>
<li>Augmentation de capital / émission de nouvelles actions</li>
<li>Affectation du résultat (incluant la distribution de dividendes).</li>
</ul>
<blockquote><p>Une variante de pacte de votation est le l&#8217;organisation d&#8217;un syndicat d&#8217;actionnaires, par lequel certains actionnaires s&#8217;engagent à tenir une réunion préalable avant de procéder à un vote à l&#8217;assemblée générale et à voter lors de celle-ci conformément à ce qui aura été décidé lors de cette réunion.</p></blockquote>
<p>Les convention de vote poursuivent les objectifs suivants:</p>
<ul>
<li>Protection des actionnaires minoritaires</li>
<li>Organisation des relations de pouvoir au sein de la société</li>
<li>satisfaire aux des souhaits spécifiques des investisseurs</li>
</ul>
<p>&nbsp;</p>
<p><span class="e2_law_shortcode_input1594931018"><div class="rcp_restricted"></div></span></p>

<!-- This site is optimized with the Yoast SEO plugin v27.5 - https://yoast.com/product/yoast-seo-wordpress/ -->
<title>Pacte de votation à l&#039;assemblée générale (ou convention de vote) - e2.law</title>
<meta name="robots" content="index, follow, max-snippet:-1, max-image-preview:large, max-video-preview:-1" />
<link rel="canonical" href="https://www.e2.law/fr/clauses/pacte-de-votation-a-lassemblee-generale/" />
<meta property="og:locale" content="fr_FR" />
<meta property="og:type" content="article" />
<meta property="og:title" content="Pacte de votation à l&#039;assemblée générale (ou convention de vote) - e2.law" />
<meta property="og:description" content="Accord par lequel un ou plusieurs actionnaires s’engagent à voter à l’assemblée générale dans le sens défini par l’accord. Rien ne s’oppose à ce que de telles conventions soient conclues entre un ou plusieurs actionnaires et un tiers." />
<meta property="og:url" content="https://www.e2.law/fr/clauses/pacte-de-votation-a-lassemblee-generale/" />
<meta property="og:site_name" content="e2.law" />
<meta property="article:modified_time" content="2022-10-31T15:45:59+00:00" />
<meta name="twitter:card" content="summary_large_image" />
<meta name="twitter:label1" content="Durée de lecture estimée" />
	<meta name="twitter:data1" content="3 minutes" />
<script type="application/ld+json" class="yoast-schema-graph">{"@context":"https:\/\/schema.org","@graph":[{"@type":"WebPage","@id":"https:\/\/www.e2.law\/fr\/clauses\/pacte-de-votation-a-lassemblee-generale\/","url":"https:\/\/www.e2.law\/fr\/clauses\/pacte-de-votation-a-lassemblee-generale\/","name":"Pacte de votation à l'assemblée générale (ou convention de vote) - e2.law","isPartOf":{"@id":"https:\/\/www.e2.law\/fr\/#website"},"datePublished":"2021-03-08T09:57:33+00:00","dateModified":"2022-10-31T15:45:59+00:00","breadcrumb":{"@id":"https:\/\/www.e2.law\/fr\/clauses\/pacte-de-votation-a-lassemblee-generale\/#breadcrumb"},"inLanguage":"fr-FR","potentialAction":[{"@type":"ReadAction","target":["https:\/\/www.e2.law\/fr\/clauses\/pacte-de-votation-a-lassemblee-generale\/"]}]},{"@type":"BreadcrumbList","@id":"https:\/\/www.e2.law\/fr\/clauses\/pacte-de-votation-a-lassemblee-generale\/#breadcrumb","itemListElement":[{"@type":"ListItem","position":1,"name":"Home","item":"https:\/\/www.e2.law\/fr\/home\/"},{"@type":"ListItem","position":2,"name":"Pacte de votation à l&#8217;assemblée générale (ou convention de vote)"}]},{"@type":"WebSite","@id":"https:\/\/www.e2.law\/fr\/#website","url":"https:\/\/www.e2.law\/fr\/","name":"e2.law","description":"A Business Law Firm","publisher":{"@id":"https:\/\/www.e2.law\/fr\/#organization"},"potentialAction":[{"@type":"SearchAction","target":{"@type":"EntryPoint","urlTemplate":"https:\/\/www.e2.law\/fr\/?s={search_term_string}"},"query-input":{"@type":"PropertyValueSpecification","valueRequired":true,"valueName":"search_term_string"}}],"inLanguage":"fr-FR"},{"@type":"Organization","@id":"https:\/\/www.e2.law\/fr\/#organization","name":"E2.law","url":"https:\/\/www.e2.law\/fr\/","logo":{"@type":"ImageObject","inLanguage":"fr-FR","@id":"https:\/\/www.e2.law\/fr\/#\/schema\/logo\/image\/","url":"https:\/\/www.e2.law\/wp-content\/uploads\/2018\/12\/logo-2.png","contentUrl":"https:\/\/www.e2.law\/wp-content\/uploads\/2018\/12\/logo-2.png","width":152,"height":40,"caption":"E2.law"},"image":{"@id":"https:\/\/www.e2.law\/fr\/#\/schema\/logo\/image\/"},"sameAs":["https:\/\/www.linkedin.com\/company\/e2.law"]}]}</script>
<!-- / Yoast SEO plugin. -->

Pacte de votation à l'assemblée générale (ou convention de vote) - e2.law

Accord par lequel un ou plusieurs actionnaires s’engagent à voter à l’assemblée générale dans le sens défini par l’accord. Rien ne s’oppose à ce que de telles conventions soient conclues entre un ou plusieurs actionnaires et un tiers.
