{"id":14013,"date":"2019-05-30T12:31:21","date_gmt":"2019-05-30T12:31:21","guid":{"rendered":"https:\/\/www.e2.law\/document\/measurement-mast-contract\/"},"modified":"2025-10-20T19:45:42","modified_gmt":"2025-10-20T17:45:42","slug":"measurement-mast-contract","status":"publish","type":"document","link":"https:\/\/www.e2.law\/fr\/document\/measurement-mast-contract\/","title":{"rendered":"Contrat de m\u00e2t de mesure"},"content":{"rendered":"<p>Dans le cadre du d\u00e9veloppement et de l\u2019exploitation d\u2019un parc \u00e9olien,\u00a0 il est n\u00e9cessaire d\u2019installer des m\u00e2ts de mesure sur les parcelles o\u00f9 est implant\u00e9 le projet afin de r\u00e9aliser un ensemble des mesures et, par exemple, de mesurer la puissance du vent et sa direction, de mesurer l\u2019activit\u00e9 des chauves-souris, etc, de sorte notamment \u00e0 pouvoir r\u00e9aliser un plan financier en connaissance de cause mais \u00e9galement de pouvoir g\u00e9rer les contraintes techniques (eg en pr\u00e9voyant un programme de bridage). A cet effet, l\u2019exploitant devra louer une partie du terrain sur lequel il ne disposerait pas des droits fonciers n\u00e9cessaires pour implanter cette installation. Dans ce cadre, une convention est n\u00e9cessaire afin de d\u00e9terminer les droits et obligations des parties dans le respect des dispositions l\u00e9gales et r\u00e9glementaires.<\/p>\n","protected":false},"featured_media":0,"parent":0,"template":"","categories":[1520],"tags":[1329],"tag_family":[],"tag_sector":[],"class_list":["post-14013","document","type-document","status-publish","hentry","category-encadrer-les-activites","tag-entreprise-2"],"acf":[],"yoast_head":"<!-- This site is optimized with the Yoast SEO plugin v27.5 - https:\/\/yoast.com\/product\/yoast-seo-wordpress\/ -->\n<title>Contrat de m\u00e2t de mesure - e2.law<\/title>\n<meta name=\"robots\" content=\"index, follow, max-snippet:-1, max-image-preview:large, max-video-preview:-1\" \/>\n<link rel=\"canonical\" href=\"https:\/\/www.e2.law\/fr\/document\/measurement-mast-contract\/\" \/>\n<meta property=\"og:locale\" content=\"fr_FR\" \/>\n<meta property=\"og:type\" content=\"article\" \/>\n<meta property=\"og:title\" content=\"Contrat de m\u00e2t de mesure - e2.law\" \/>\n<meta property=\"og:description\" content=\"Dans le cadre du d\u00e9veloppement et de l\u2019exploitation d\u2019un parc \u00e9olien,\u00a0 il est n\u00e9cessaire d\u2019installer des m\u00e2ts de mesure sur les parcelles o\u00f9 est implant\u00e9 le projet afin de r\u00e9aliser un ensemble des mesures et, par exemple, de mesurer la puissance du vent et sa direction, de mesurer l\u2019activit\u00e9 des chauves-souris, etc, de sorte notamment \u00e0  [...]\" \/>\n<meta property=\"og:url\" content=\"https:\/\/www.e2.law\/fr\/document\/measurement-mast-contract\/\" \/>\n<meta property=\"og:site_name\" content=\"e2.law\" \/>\n<meta property=\"article:modified_time\" content=\"2025-10-20T17:45:42+00:00\" \/>\n<meta name=\"twitter:card\" content=\"summary_large_image\" \/>\n<meta name=\"twitter:label1\" content=\"Dur\u00e9e de lecture estim\u00e9e\" \/>\n\t<meta name=\"twitter:data1\" content=\"1 minute\" \/>\n<script type=\"application\/ld+json\" class=\"yoast-schema-graph\">{\"@context\":\"https:\\\/\\\/schema.org\",\"@graph\":[{\"@type\":\"WebPage\",\"@id\":\"https:\\\/\\\/www.e2.law\\\/fr\\\/document\\\/measurement-mast-contract\\\/\",\"url\":\"https:\\\/\\\/www.e2.law\\\/fr\\\/document\\\/measurement-mast-contract\\\/\",\"name\":\"Contrat de m\u00e2t de mesure - e2.law\",\"isPartOf\":{\"@id\":\"https:\\\/\\\/www.e2.law\\\/fr\\\/#website\"},\"datePublished\":\"2019-05-30T12:31:21+00:00\",\"dateModified\":\"2025-10-20T17:45:42+00:00\",\"breadcrumb\":{\"@id\":\"https:\\\/\\\/www.e2.law\\\/fr\\\/document\\\/measurement-mast-contract\\\/#breadcrumb\"},\"inLanguage\":\"fr-FR\",\"potentialAction\":[{\"@type\":\"ReadAction\",\"target\":[\"https:\\\/\\\/www.e2.law\\\/fr\\\/document\\\/measurement-mast-contract\\\/\"]}]},{\"@type\":\"BreadcrumbList\",\"@id\":\"https:\\\/\\\/www.e2.law\\\/fr\\\/document\\\/measurement-mast-contract\\\/#breadcrumb\",\"itemListElement\":[{\"@type\":\"ListItem\",\"position\":1,\"name\":\"Home\",\"item\":\"https:\\\/\\\/www.e2.law\\\/fr\\\/home\\\/\"},{\"@type\":\"ListItem\",\"position\":2,\"name\":\"Documents\",\"item\":\"https:\\\/\\\/www.e2.law\\\/en\\\/document\\\/\"},{\"@type\":\"ListItem\",\"position\":3,\"name\":\"Contrat de m\u00e2t de mesure\"}]},{\"@type\":\"WebSite\",\"@id\":\"https:\\\/\\\/www.e2.law\\\/fr\\\/#website\",\"url\":\"https:\\\/\\\/www.e2.law\\\/fr\\\/\",\"name\":\"e2.law\",\"description\":\"A Business Law Firm\",\"publisher\":{\"@id\":\"https:\\\/\\\/www.e2.law\\\/fr\\\/#organization\"},\"potentialAction\":[{\"@type\":\"SearchAction\",\"target\":{\"@type\":\"EntryPoint\",\"urlTemplate\":\"https:\\\/\\\/www.e2.law\\\/fr\\\/?s={search_term_string}\"},\"query-input\":{\"@type\":\"PropertyValueSpecification\",\"valueRequired\":true,\"valueName\":\"search_term_string\"}}],\"inLanguage\":\"fr-FR\"},{\"@type\":\"Organization\",\"@id\":\"https:\\\/\\\/www.e2.law\\\/fr\\\/#organization\",\"name\":\"E2.law\",\"url\":\"https:\\\/\\\/www.e2.law\\\/fr\\\/\",\"logo\":{\"@type\":\"ImageObject\",\"inLanguage\":\"fr-FR\",\"@id\":\"https:\\\/\\\/www.e2.law\\\/fr\\\/#\\\/schema\\\/logo\\\/image\\\/\",\"url\":\"https:\\\/\\\/www.e2.law\\\/wp-content\\\/uploads\\\/2018\\\/12\\\/logo-2.png\",\"contentUrl\":\"https:\\\/\\\/www.e2.law\\\/wp-content\\\/uploads\\\/2018\\\/12\\\/logo-2.png\",\"width\":152,\"height\":40,\"caption\":\"E2.law\"},\"image\":{\"@id\":\"https:\\\/\\\/www.e2.law\\\/fr\\\/#\\\/schema\\\/logo\\\/image\\\/\"},\"sameAs\":[\"https:\\\/\\\/www.linkedin.com\\\/company\\\/e2.law\"]}]}<\/script>\n<!-- \/ Yoast SEO plugin. -->","yoast_head_json":{"title":"Contrat de m\u00e2t de mesure - e2.law","robots":{"index":"index","follow":"follow","max-snippet":"max-snippet:-1","max-image-preview":"max-image-preview:large","max-video-preview":"max-video-preview:-1"},"canonical":"https:\/\/www.e2.law\/fr\/document\/measurement-mast-contract\/","og_locale":"fr_FR","og_type":"article","og_title":"Contrat de m\u00e2t de mesure - e2.law","og_description":"Dans le cadre du d\u00e9veloppement et de l\u2019exploitation d\u2019un parc \u00e9olien,\u00a0 il est n\u00e9cessaire d\u2019installer des m\u00e2ts de mesure sur les parcelles o\u00f9 est implant\u00e9 le projet afin de r\u00e9aliser un ensemble des mesures et, par exemple, de mesurer la puissance du vent et sa direction, de mesurer l\u2019activit\u00e9 des chauves-souris, etc, de sorte notamment \u00e0  [...]","og_url":"https:\/\/www.e2.law\/fr\/document\/measurement-mast-contract\/","og_site_name":"e2.law","article_modified_time":"2025-10-20T17:45:42+00:00","twitter_card":"summary_large_image","twitter_misc":{"Dur\u00e9e de lecture estim\u00e9e":"1 minute"},"schema":{"@context":"https:\/\/schema.org","@graph":[{"@type":"WebPage","@id":"https:\/\/www.e2.law\/fr\/document\/measurement-mast-contract\/","url":"https:\/\/www.e2.law\/fr\/document\/measurement-mast-contract\/","name":"Contrat de m\u00e2t de mesure - e2.law","isPartOf":{"@id":"https:\/\/www.e2.law\/fr\/#website"},"datePublished":"2019-05-30T12:31:21+00:00","dateModified":"2025-10-20T17:45:42+00:00","breadcrumb":{"@id":"https:\/\/www.e2.law\/fr\/document\/measurement-mast-contract\/#breadcrumb"},"inLanguage":"fr-FR","potentialAction":[{"@type":"ReadAction","target":["https:\/\/www.e2.law\/fr\/document\/measurement-mast-contract\/"]}]},{"@type":"BreadcrumbList","@id":"https:\/\/www.e2.law\/fr\/document\/measurement-mast-contract\/#breadcrumb","itemListElement":[{"@type":"ListItem","position":1,"name":"Home","item":"https:\/\/www.e2.law\/fr\/home\/"},{"@type":"ListItem","position":2,"name":"Documents","item":"https:\/\/www.e2.law\/en\/document\/"},{"@type":"ListItem","position":3,"name":"Contrat de m\u00e2t de mesure"}]},{"@type":"WebSite","@id":"https:\/\/www.e2.law\/fr\/#website","url":"https:\/\/www.e2.law\/fr\/","name":"e2.law","description":"A Business Law Firm","publisher":{"@id":"https:\/\/www.e2.law\/fr\/#organization"},"potentialAction":[{"@type":"SearchAction","target":{"@type":"EntryPoint","urlTemplate":"https:\/\/www.e2.law\/fr\/?s={search_term_string}"},"query-input":{"@type":"PropertyValueSpecification","valueRequired":true,"valueName":"search_term_string"}}],"inLanguage":"fr-FR"},{"@type":"Organization","@id":"https:\/\/www.e2.law\/fr\/#organization","name":"E2.law","url":"https:\/\/www.e2.law\/fr\/","logo":{"@type":"ImageObject","inLanguage":"fr-FR","@id":"https:\/\/www.e2.law\/fr\/#\/schema\/logo\/image\/","url":"https:\/\/www.e2.law\/wp-content\/uploads\/2018\/12\/logo-2.png","contentUrl":"https:\/\/www.e2.law\/wp-content\/uploads\/2018\/12\/logo-2.png","width":152,"height":40,"caption":"E2.law"},"image":{"@id":"https:\/\/www.e2.law\/fr\/#\/schema\/logo\/image\/"},"sameAs":["https:\/\/www.linkedin.com\/company\/e2.law"]}]}},"jetpack_sharing_enabled":true,"_links":{"self":[{"href":"https:\/\/www.e2.law\/fr\/wp-json\/wp\/v2\/document\/14013","targetHints":{"allow":["GET"]}}],"collection":[{"href":"https:\/\/www.e2.law\/fr\/wp-json\/wp\/v2\/document"}],"about":[{"href":"https:\/\/www.e2.law\/fr\/wp-json\/wp\/v2\/types\/document"}],"wp:attachment":[{"href":"https:\/\/www.e2.law\/fr\/wp-json\/wp\/v2\/media?parent=14013"}],"wp:term":[{"taxonomy":"category","embeddable":true,"href":"https:\/\/www.e2.law\/fr\/wp-json\/wp\/v2\/categories?post=14013"},{"taxonomy":"post_tag","embeddable":true,"href":"https:\/\/www.e2.law\/fr\/wp-json\/wp\/v2\/tags?post=14013"},{"taxonomy":"tag_family","embeddable":true,"href":"https:\/\/www.e2.law\/fr\/wp-json\/wp\/v2\/tag_family?post=14013"},{"taxonomy":"tag_sector","embeddable":true,"href":"https:\/\/www.e2.law\/fr\/wp-json\/wp\/v2\/tag_sector?post=14013"}],"curies":[{"name":"wp","href":"https:\/\/api.w.org\/{rel}","templated":true}]}}

Contrat de mât de mesure

<p>Dans le cadre du développement et de l’exploitation d’un parc éolien,  il est nécessaire d’installer des mâts de mesure sur les parcelles où est implanté le projet afin de réaliser un ensemble des mesures et, par exemple, de mesurer la puissance du vent et sa direction, de mesurer l’activité des chauves-souris, etc, de sorte notamment à pouvoir réaliser un plan financier en connaissance de cause mais également de pouvoir gérer les contraintes techniques (eg en prévoyant un programme de bridage). A cet effet, l’exploitant devra louer une partie du terrain sur lequel il ne disposerait pas des droits fonciers nécessaires pour implanter cette installation. Dans ce cadre, une convention est nécessaire afin de déterminer les droits et obligations des parties dans le respect des dispositions légales et réglementaires.</p>

<!-- This site is optimized with the Yoast SEO plugin v27.5 - https://yoast.com/product/yoast-seo-wordpress/ -->
<title>Contrat de mât de mesure - e2.law</title>
<meta name="robots" content="index, follow, max-snippet:-1, max-image-preview:large, max-video-preview:-1" />
<link rel="canonical" href="https://www.e2.law/fr/document/measurement-mast-contract/" />
<meta property="og:locale" content="fr_FR" />
<meta property="og:type" content="article" />
<meta property="og:title" content="Contrat de mât de mesure - e2.law" />
<meta property="og:description" content="Dans le cadre du développement et de l’exploitation d’un parc éolien,  il est nécessaire d’installer des mâts de mesure sur les parcelles où est implanté le projet afin de réaliser un ensemble des mesures et, par exemple, de mesurer la puissance du vent et sa direction, de mesurer l’activité des chauves-souris, etc, de sorte notamment à  [...]" />
<meta property="og:url" content="https://www.e2.law/fr/document/measurement-mast-contract/" />
<meta property="og:site_name" content="e2.law" />
<meta property="article:modified_time" content="2025-10-20T17:45:42+00:00" />
<meta name="twitter:card" content="summary_large_image" />
<meta name="twitter:label1" content="Durée de lecture estimée" />
	<meta name="twitter:data1" content="1 minute" />
<script type="application/ld+json" class="yoast-schema-graph">{"@context":"https:\/\/schema.org","@graph":[{"@type":"WebPage","@id":"https:\/\/www.e2.law\/fr\/document\/measurement-mast-contract\/","url":"https:\/\/www.e2.law\/fr\/document\/measurement-mast-contract\/","name":"Contrat de mât de mesure - e2.law","isPartOf":{"@id":"https:\/\/www.e2.law\/fr\/#website"},"datePublished":"2019-05-30T12:31:21+00:00","dateModified":"2025-10-20T17:45:42+00:00","breadcrumb":{"@id":"https:\/\/www.e2.law\/fr\/document\/measurement-mast-contract\/#breadcrumb"},"inLanguage":"fr-FR","potentialAction":[{"@type":"ReadAction","target":["https:\/\/www.e2.law\/fr\/document\/measurement-mast-contract\/"]}]},{"@type":"BreadcrumbList","@id":"https:\/\/www.e2.law\/fr\/document\/measurement-mast-contract\/#breadcrumb","itemListElement":[{"@type":"ListItem","position":1,"name":"Home","item":"https:\/\/www.e2.law\/fr\/home\/"},{"@type":"ListItem","position":2,"name":"Documents","item":"https:\/\/www.e2.law\/en\/document\/"},{"@type":"ListItem","position":3,"name":"Contrat de mât de mesure"}]},{"@type":"WebSite","@id":"https:\/\/www.e2.law\/fr\/#website","url":"https:\/\/www.e2.law\/fr\/","name":"e2.law","description":"A Business Law Firm","publisher":{"@id":"https:\/\/www.e2.law\/fr\/#organization"},"potentialAction":[{"@type":"SearchAction","target":{"@type":"EntryPoint","urlTemplate":"https:\/\/www.e2.law\/fr\/?s={search_term_string}"},"query-input":{"@type":"PropertyValueSpecification","valueRequired":true,"valueName":"search_term_string"}}],"inLanguage":"fr-FR"},{"@type":"Organization","@id":"https:\/\/www.e2.law\/fr\/#organization","name":"E2.law","url":"https:\/\/www.e2.law\/fr\/","logo":{"@type":"ImageObject","inLanguage":"fr-FR","@id":"https:\/\/www.e2.law\/fr\/#\/schema\/logo\/image\/","url":"https:\/\/www.e2.law\/wp-content\/uploads\/2018\/12\/logo-2.png","contentUrl":"https:\/\/www.e2.law\/wp-content\/uploads\/2018\/12\/logo-2.png","width":152,"height":40,"caption":"E2.law"},"image":{"@id":"https:\/\/www.e2.law\/fr\/#\/schema\/logo\/image\/"},"sameAs":["https:\/\/www.linkedin.com\/company\/e2.law"]}]}</script>
<!-- / Yoast SEO plugin. -->

Contrat de mât de mesure - e2.law

Dans le cadre du développement et de l’exploitation d’un parc éolien,  il est nécessaire d’installer des mâts de mesure sur les parcelles où est implanté le projet afin de réaliser un ensemble des mesures et, par exemple, de mesurer la puissance du vent et sa direction, de mesurer l’activité des chauves-souris, etc, de sorte notamment à  [...]
