{"id":33119,"date":"2022-03-06T22:16:43","date_gmt":"2022-03-06T20:16:43","guid":{"rendered":"https:\/\/www.e2.law\/?post_type=document&#038;p=33119"},"modified":"2025-10-20T19:45:24","modified_gmt":"2025-10-20T17:45:24","slug":"analyse-dimpact-relative-a-la-protection-des-donnees-aipd","status":"publish","type":"document","link":"https:\/\/www.e2.law\/fr\/document\/analyse-dimpact-relative-a-la-protection-des-donnees-aipd\/","title":{"rendered":"Analyse d\u2019impact relative \u00e0 la protection des donn\u00e9es (AIPD)"},"content":{"rendered":"<p>L&#8217;article 35 du RGPD requiert une AIPD lorsqu&#8217;un type de traitement est susceptible d&#8217;entra\u00eener un risque \u00e9lev\u00e9 pour les droits et libert\u00e9s des personnes physiques (article 35.1 du AIPD), et notamment en cas de traitement \u00e0 grande \u00e9chelle de donn\u00e9es sensibles (telles que les convictions religieuses) (article 35.3 du AIPD).<\/p>\n<p>&nbsp;<\/p>\n","protected":false},"featured_media":0,"parent":0,"template":"","categories":[1520,1521],"tags":[1329,1506],"tag_family":[],"tag_sector":[],"class_list":["post-33119","document","type-document","status-publish","hentry","category-encadrer-les-activites","category-proteger-et-se-conformer","tag-entreprise-2","tag-rgpd"],"acf":[],"yoast_head":"<!-- This site is optimized with the Yoast SEO plugin v27.5 - https:\/\/yoast.com\/product\/yoast-seo-wordpress\/ -->\n<title>Analyse d\u2019impact relative \u00e0 la protection des donn\u00e9es (AIPD) - e2.law<\/title>\n<meta name=\"robots\" content=\"index, follow, max-snippet:-1, max-image-preview:large, max-video-preview:-1\" \/>\n<link rel=\"canonical\" href=\"https:\/\/www.e2.law\/fr\/document\/analyse-dimpact-relative-a-la-protection-des-donnees-aipd\/\" \/>\n<meta property=\"og:locale\" content=\"fr_FR\" \/>\n<meta property=\"og:type\" content=\"article\" \/>\n<meta property=\"og:title\" content=\"Analyse d\u2019impact relative \u00e0 la protection des donn\u00e9es (AIPD) - e2.law\" \/>\n<meta property=\"og:description\" content=\"L&#8217;article 35 du RGPD requiert une AIPD lorsqu&#8217;un type de traitement est susceptible d&#8217;entra\u00eener un risque \u00e9lev\u00e9 pour les droits et libert\u00e9s des personnes physiques (article 35.1 du AIPD), et notamment en cas de traitement \u00e0 grande \u00e9chelle de donn\u00e9es sensibles (telles que les convictions religieuses) (article 35.3 du AIPD). &nbsp;\" \/>\n<meta property=\"og:url\" content=\"https:\/\/www.e2.law\/fr\/document\/analyse-dimpact-relative-a-la-protection-des-donnees-aipd\/\" \/>\n<meta property=\"og:site_name\" content=\"e2.law\" \/>\n<meta property=\"article:modified_time\" content=\"2025-10-20T17:45:24+00:00\" \/>\n<meta name=\"twitter:card\" content=\"summary_large_image\" \/>\n<meta name=\"twitter:label1\" content=\"Dur\u00e9e de lecture estim\u00e9e\" \/>\n\t<meta name=\"twitter:data1\" content=\"1 minute\" \/>\n<script type=\"application\/ld+json\" class=\"yoast-schema-graph\">{\"@context\":\"https:\\\/\\\/schema.org\",\"@graph\":[{\"@type\":\"WebPage\",\"@id\":\"https:\\\/\\\/www.e2.law\\\/fr\\\/document\\\/analyse-dimpact-relative-a-la-protection-des-donnees-aipd\\\/\",\"url\":\"https:\\\/\\\/www.e2.law\\\/fr\\\/document\\\/analyse-dimpact-relative-a-la-protection-des-donnees-aipd\\\/\",\"name\":\"Analyse d\u2019impact relative \u00e0 la protection des donn\u00e9es (AIPD) - e2.law\",\"isPartOf\":{\"@id\":\"https:\\\/\\\/www.e2.law\\\/fr\\\/#website\"},\"datePublished\":\"2022-03-06T20:16:43+00:00\",\"dateModified\":\"2025-10-20T17:45:24+00:00\",\"breadcrumb\":{\"@id\":\"https:\\\/\\\/www.e2.law\\\/fr\\\/document\\\/analyse-dimpact-relative-a-la-protection-des-donnees-aipd\\\/#breadcrumb\"},\"inLanguage\":\"fr-FR\",\"potentialAction\":[{\"@type\":\"ReadAction\",\"target\":[\"https:\\\/\\\/www.e2.law\\\/fr\\\/document\\\/analyse-dimpact-relative-a-la-protection-des-donnees-aipd\\\/\"]}]},{\"@type\":\"BreadcrumbList\",\"@id\":\"https:\\\/\\\/www.e2.law\\\/fr\\\/document\\\/analyse-dimpact-relative-a-la-protection-des-donnees-aipd\\\/#breadcrumb\",\"itemListElement\":[{\"@type\":\"ListItem\",\"position\":1,\"name\":\"Home\",\"item\":\"https:\\\/\\\/www.e2.law\\\/fr\\\/home\\\/\"},{\"@type\":\"ListItem\",\"position\":2,\"name\":\"Documents\",\"item\":\"https:\\\/\\\/www.e2.law\\\/en\\\/document\\\/\"},{\"@type\":\"ListItem\",\"position\":3,\"name\":\"Analyse d\u2019impact relative \u00e0 la protection des donn\u00e9es (AIPD)\"}]},{\"@type\":\"WebSite\",\"@id\":\"https:\\\/\\\/www.e2.law\\\/fr\\\/#website\",\"url\":\"https:\\\/\\\/www.e2.law\\\/fr\\\/\",\"name\":\"e2.law\",\"description\":\"A Business Law Firm\",\"publisher\":{\"@id\":\"https:\\\/\\\/www.e2.law\\\/fr\\\/#organization\"},\"potentialAction\":[{\"@type\":\"SearchAction\",\"target\":{\"@type\":\"EntryPoint\",\"urlTemplate\":\"https:\\\/\\\/www.e2.law\\\/fr\\\/?s={search_term_string}\"},\"query-input\":{\"@type\":\"PropertyValueSpecification\",\"valueRequired\":true,\"valueName\":\"search_term_string\"}}],\"inLanguage\":\"fr-FR\"},{\"@type\":\"Organization\",\"@id\":\"https:\\\/\\\/www.e2.law\\\/fr\\\/#organization\",\"name\":\"E2.law\",\"url\":\"https:\\\/\\\/www.e2.law\\\/fr\\\/\",\"logo\":{\"@type\":\"ImageObject\",\"inLanguage\":\"fr-FR\",\"@id\":\"https:\\\/\\\/www.e2.law\\\/fr\\\/#\\\/schema\\\/logo\\\/image\\\/\",\"url\":\"https:\\\/\\\/www.e2.law\\\/wp-content\\\/uploads\\\/2018\\\/12\\\/logo-2.png\",\"contentUrl\":\"https:\\\/\\\/www.e2.law\\\/wp-content\\\/uploads\\\/2018\\\/12\\\/logo-2.png\",\"width\":152,\"height\":40,\"caption\":\"E2.law\"},\"image\":{\"@id\":\"https:\\\/\\\/www.e2.law\\\/fr\\\/#\\\/schema\\\/logo\\\/image\\\/\"},\"sameAs\":[\"https:\\\/\\\/www.linkedin.com\\\/company\\\/e2.law\"]}]}<\/script>\n<!-- \/ Yoast SEO plugin. -->","yoast_head_json":{"title":"Analyse d\u2019impact relative \u00e0 la protection des donn\u00e9es (AIPD) - e2.law","robots":{"index":"index","follow":"follow","max-snippet":"max-snippet:-1","max-image-preview":"max-image-preview:large","max-video-preview":"max-video-preview:-1"},"canonical":"https:\/\/www.e2.law\/fr\/document\/analyse-dimpact-relative-a-la-protection-des-donnees-aipd\/","og_locale":"fr_FR","og_type":"article","og_title":"Analyse d\u2019impact relative \u00e0 la protection des donn\u00e9es (AIPD) - e2.law","og_description":"L&#8217;article 35 du RGPD requiert une AIPD lorsqu&#8217;un type de traitement est susceptible d&#8217;entra\u00eener un risque \u00e9lev\u00e9 pour les droits et libert\u00e9s des personnes physiques (article 35.1 du AIPD), et notamment en cas de traitement \u00e0 grande \u00e9chelle de donn\u00e9es sensibles (telles que les convictions religieuses) (article 35.3 du AIPD). &nbsp;","og_url":"https:\/\/www.e2.law\/fr\/document\/analyse-dimpact-relative-a-la-protection-des-donnees-aipd\/","og_site_name":"e2.law","article_modified_time":"2025-10-20T17:45:24+00:00","twitter_card":"summary_large_image","twitter_misc":{"Dur\u00e9e de lecture estim\u00e9e":"1 minute"},"schema":{"@context":"https:\/\/schema.org","@graph":[{"@type":"WebPage","@id":"https:\/\/www.e2.law\/fr\/document\/analyse-dimpact-relative-a-la-protection-des-donnees-aipd\/","url":"https:\/\/www.e2.law\/fr\/document\/analyse-dimpact-relative-a-la-protection-des-donnees-aipd\/","name":"Analyse d\u2019impact relative \u00e0 la protection des donn\u00e9es (AIPD) - e2.law","isPartOf":{"@id":"https:\/\/www.e2.law\/fr\/#website"},"datePublished":"2022-03-06T20:16:43+00:00","dateModified":"2025-10-20T17:45:24+00:00","breadcrumb":{"@id":"https:\/\/www.e2.law\/fr\/document\/analyse-dimpact-relative-a-la-protection-des-donnees-aipd\/#breadcrumb"},"inLanguage":"fr-FR","potentialAction":[{"@type":"ReadAction","target":["https:\/\/www.e2.law\/fr\/document\/analyse-dimpact-relative-a-la-protection-des-donnees-aipd\/"]}]},{"@type":"BreadcrumbList","@id":"https:\/\/www.e2.law\/fr\/document\/analyse-dimpact-relative-a-la-protection-des-donnees-aipd\/#breadcrumb","itemListElement":[{"@type":"ListItem","position":1,"name":"Home","item":"https:\/\/www.e2.law\/fr\/home\/"},{"@type":"ListItem","position":2,"name":"Documents","item":"https:\/\/www.e2.law\/en\/document\/"},{"@type":"ListItem","position":3,"name":"Analyse d\u2019impact relative \u00e0 la protection des donn\u00e9es (AIPD)"}]},{"@type":"WebSite","@id":"https:\/\/www.e2.law\/fr\/#website","url":"https:\/\/www.e2.law\/fr\/","name":"e2.law","description":"A Business Law Firm","publisher":{"@id":"https:\/\/www.e2.law\/fr\/#organization"},"potentialAction":[{"@type":"SearchAction","target":{"@type":"EntryPoint","urlTemplate":"https:\/\/www.e2.law\/fr\/?s={search_term_string}"},"query-input":{"@type":"PropertyValueSpecification","valueRequired":true,"valueName":"search_term_string"}}],"inLanguage":"fr-FR"},{"@type":"Organization","@id":"https:\/\/www.e2.law\/fr\/#organization","name":"E2.law","url":"https:\/\/www.e2.law\/fr\/","logo":{"@type":"ImageObject","inLanguage":"fr-FR","@id":"https:\/\/www.e2.law\/fr\/#\/schema\/logo\/image\/","url":"https:\/\/www.e2.law\/wp-content\/uploads\/2018\/12\/logo-2.png","contentUrl":"https:\/\/www.e2.law\/wp-content\/uploads\/2018\/12\/logo-2.png","width":152,"height":40,"caption":"E2.law"},"image":{"@id":"https:\/\/www.e2.law\/fr\/#\/schema\/logo\/image\/"},"sameAs":["https:\/\/www.linkedin.com\/company\/e2.law"]}]}},"jetpack_sharing_enabled":true,"_links":{"self":[{"href":"https:\/\/www.e2.law\/fr\/wp-json\/wp\/v2\/document\/33119","targetHints":{"allow":["GET"]}}],"collection":[{"href":"https:\/\/www.e2.law\/fr\/wp-json\/wp\/v2\/document"}],"about":[{"href":"https:\/\/www.e2.law\/fr\/wp-json\/wp\/v2\/types\/document"}],"wp:attachment":[{"href":"https:\/\/www.e2.law\/fr\/wp-json\/wp\/v2\/media?parent=33119"}],"wp:term":[{"taxonomy":"category","embeddable":true,"href":"https:\/\/www.e2.law\/fr\/wp-json\/wp\/v2\/categories?post=33119"},{"taxonomy":"post_tag","embeddable":true,"href":"https:\/\/www.e2.law\/fr\/wp-json\/wp\/v2\/tags?post=33119"},{"taxonomy":"tag_family","embeddable":true,"href":"https:\/\/www.e2.law\/fr\/wp-json\/wp\/v2\/tag_family?post=33119"},{"taxonomy":"tag_sector","embeddable":true,"href":"https:\/\/www.e2.law\/fr\/wp-json\/wp\/v2\/tag_sector?post=33119"}],"curies":[{"name":"wp","href":"https:\/\/api.w.org\/{rel}","templated":true}]}}

Analyse d’impact relative à la protection des données (AIPD)

<p>L&#8217;article 35 du RGPD requiert une AIPD lorsqu&#8217;un type de traitement est susceptible d&#8217;entraîner un risque élevé pour les droits et libertés des personnes physiques (article 35.1 du AIPD), et notamment en cas de traitement à grande échelle de données sensibles (telles que les convictions religieuses) (article 35.3 du AIPD).</p>
<p>&nbsp;</p>

<!-- This site is optimized with the Yoast SEO plugin v27.5 - https://yoast.com/product/yoast-seo-wordpress/ -->
<title>Analyse d’impact relative à la protection des données (AIPD) - e2.law</title>
<meta name="robots" content="index, follow, max-snippet:-1, max-image-preview:large, max-video-preview:-1" />
<link rel="canonical" href="https://www.e2.law/fr/document/analyse-dimpact-relative-a-la-protection-des-donnees-aipd/" />
<meta property="og:locale" content="fr_FR" />
<meta property="og:type" content="article" />
<meta property="og:title" content="Analyse d’impact relative à la protection des données (AIPD) - e2.law" />
<meta property="og:description" content="L&#8217;article 35 du RGPD requiert une AIPD lorsqu&#8217;un type de traitement est susceptible d&#8217;entraîner un risque élevé pour les droits et libertés des personnes physiques (article 35.1 du AIPD), et notamment en cas de traitement à grande échelle de données sensibles (telles que les convictions religieuses) (article 35.3 du AIPD). &nbsp;" />
<meta property="og:url" content="https://www.e2.law/fr/document/analyse-dimpact-relative-a-la-protection-des-donnees-aipd/" />
<meta property="og:site_name" content="e2.law" />
<meta property="article:modified_time" content="2025-10-20T17:45:24+00:00" />
<meta name="twitter:card" content="summary_large_image" />
<meta name="twitter:label1" content="Durée de lecture estimée" />
	<meta name="twitter:data1" content="1 minute" />
<script type="application/ld+json" class="yoast-schema-graph">{"@context":"https:\/\/schema.org","@graph":[{"@type":"WebPage","@id":"https:\/\/www.e2.law\/fr\/document\/analyse-dimpact-relative-a-la-protection-des-donnees-aipd\/","url":"https:\/\/www.e2.law\/fr\/document\/analyse-dimpact-relative-a-la-protection-des-donnees-aipd\/","name":"Analyse d’impact relative à la protection des données (AIPD) - e2.law","isPartOf":{"@id":"https:\/\/www.e2.law\/fr\/#website"},"datePublished":"2022-03-06T20:16:43+00:00","dateModified":"2025-10-20T17:45:24+00:00","breadcrumb":{"@id":"https:\/\/www.e2.law\/fr\/document\/analyse-dimpact-relative-a-la-protection-des-donnees-aipd\/#breadcrumb"},"inLanguage":"fr-FR","potentialAction":[{"@type":"ReadAction","target":["https:\/\/www.e2.law\/fr\/document\/analyse-dimpact-relative-a-la-protection-des-donnees-aipd\/"]}]},{"@type":"BreadcrumbList","@id":"https:\/\/www.e2.law\/fr\/document\/analyse-dimpact-relative-a-la-protection-des-donnees-aipd\/#breadcrumb","itemListElement":[{"@type":"ListItem","position":1,"name":"Home","item":"https:\/\/www.e2.law\/fr\/home\/"},{"@type":"ListItem","position":2,"name":"Documents","item":"https:\/\/www.e2.law\/en\/document\/"},{"@type":"ListItem","position":3,"name":"Analyse d’impact relative à la protection des données (AIPD)"}]},{"@type":"WebSite","@id":"https:\/\/www.e2.law\/fr\/#website","url":"https:\/\/www.e2.law\/fr\/","name":"e2.law","description":"A Business Law Firm","publisher":{"@id":"https:\/\/www.e2.law\/fr\/#organization"},"potentialAction":[{"@type":"SearchAction","target":{"@type":"EntryPoint","urlTemplate":"https:\/\/www.e2.law\/fr\/?s={search_term_string}"},"query-input":{"@type":"PropertyValueSpecification","valueRequired":true,"valueName":"search_term_string"}}],"inLanguage":"fr-FR"},{"@type":"Organization","@id":"https:\/\/www.e2.law\/fr\/#organization","name":"E2.law","url":"https:\/\/www.e2.law\/fr\/","logo":{"@type":"ImageObject","inLanguage":"fr-FR","@id":"https:\/\/www.e2.law\/fr\/#\/schema\/logo\/image\/","url":"https:\/\/www.e2.law\/wp-content\/uploads\/2018\/12\/logo-2.png","contentUrl":"https:\/\/www.e2.law\/wp-content\/uploads\/2018\/12\/logo-2.png","width":152,"height":40,"caption":"E2.law"},"image":{"@id":"https:\/\/www.e2.law\/fr\/#\/schema\/logo\/image\/"},"sameAs":["https:\/\/www.linkedin.com\/company\/e2.law"]}]}</script>
<!-- / Yoast SEO plugin. -->

Analyse d’impact relative à la protection des données (AIPD) - e2.law

L&#8217;article 35 du RGPD requiert une AIPD lorsqu&#8217;un type de traitement est susceptible d&#8217;entraîner un risque élevé pour les droits et libertés des personnes physiques (article 35.1 du AIPD), et notamment en cas de traitement à grande échelle de données sensibles (telles que les convictions religieuses) (article 35.3 du AIPD). &nbsp;
