{"id":42993,"date":"2022-10-28T13:53:57","date_gmt":"2022-10-28T11:53:57","guid":{"rendered":"https:\/\/www.e2.law\/?post_type=document&#038;p=42993"},"modified":"2025-10-20T19:45:28","modified_gmt":"2025-10-20T17:45:28","slug":"contrat-dapprentissage-industriel","status":"publish","type":"document","link":"https:\/\/www.e2.law\/fr\/document\/contrat-dapprentissage-industriel\/","title":{"rendered":"Contrat d&#8217;apprentissage industriel"},"content":{"rendered":"<div class=\"fusion-fullwidth fullwidth-box fusion-builder-row-1 fusion-flex-container nonhundred-percent-fullwidth non-hundred-percent-height-scrolling\" style=\"--awb-border-radius-top-left:0px;--awb-border-radius-top-right:0px;--awb-border-radius-bottom-right:0px;--awb-border-radius-bottom-left:0px;--awb-flex-wrap:wrap;\" ><div class=\"fusion-builder-row fusion-row fusion-flex-align-items-flex-start fusion-flex-content-wrap\" style=\"max-width:1144px;margin-left: calc(-4% \/ 2 );margin-right: calc(-4% \/ 2 );\"><div class=\"fusion-layout-column fusion_builder_column fusion-builder-column-0 fusion_builder_column_1_1 1_1 fusion-flex-column\" style=\"--awb-bg-size:cover;--awb-width-large:100%;--awb-margin-top-large:0px;--awb-spacing-right-large:1.92%;--awb-margin-bottom-large:0px;--awb-spacing-left-large:1.92%;--awb-width-medium:100%;--awb-spacing-right-medium:1.92%;--awb-spacing-left-medium:1.92%;--awb-width-small:100%;--awb-spacing-right-small:1.92%;--awb-spacing-left-small:1.92%;\"><div class=\"fusion-column-wrapper fusion-flex-justify-content-flex-start fusion-content-layout-column\"><div class=\"fusion-text fusion-text-1\"><h3>I. D\u00e9finition<\/h3>\n<p>Il s&#8217;agit d&#8217;un contrat \u00e0 dur\u00e9e d\u00e9termin\u00e9e par lequel le patron s&#8217;engage \u00e0 donner ou \u00e0 faire donner \u00e0 l&#8217;apprenti une formation en vue de l&#8217;exercice de la profession choisie et par lequel l&#8217;apprenti s&#8217;oblige \u00e0 apprendre sous l&#8217;autorit\u00e9 du patron la pratique de la profession et \u00e0 suivre sous la surveillance de celui-ci, les cours n\u00e9cessaires \u00e0 sa formation.<\/p>\n<h3>II. Conditions<\/h3>\n<h4>A. Conditions de fond<\/h4>\n<ol>\n<li>Le contrat doit \u00eatre conclu avant les 18 ans de l&#8217;apprenti.<\/li>\n<li>L&#8217;apprenti doit avoir satisfait \u00e0 l&#8217;obligation scolaire \u00e0 plein temps.<\/li>\n<li>Le contrat ne peut \u00eatre conclu que pour les professions d\u00e9termin\u00e9es dans le r\u00e8glement d&#8217;apprentissage sectoriel.<\/li>\n<li>Le patron doit \u00eatre agr\u00e9\u00e9 par le comit\u00e9 paritaire d&#8217;apprentissage comp\u00e9tent, \u00eatre \u00e2g\u00e9 d&#8217;au moins 25 ans et justifier d&#8217;au moins sept ann\u00e9e d&#8217;exp\u00e9rience pratique dans la formation.<\/li>\n<\/ol>\n<h4>B. Conditions de forme<\/h4>\n<p>Le contrat doit \u00eatre r\u00e9dig\u00e9 par \u00e9crit suivant le mod\u00e8le fix\u00e9 par le r\u00e8glement d&#8217;apprentissage sectoriel au plus tard au moment de l&#8217;entr\u00e9e en service de l&#8217;apprenti.<\/p>\n<p>Les l\u00e9gislations applicables pr\u00e9voient toute une s\u00e9rie de mentions obligatoires. En Communaut\u00e9 fran\u00e7aise, c&#8217;est l&#8217;article 7 du <a href=\"https:\/\/etaamb.openjustice.be\/fr\/decret-du-14-juin-2018_n2018031499.html\">D\u00e9cret du 14 juin 2018<\/a>\u00a0qui liste ces mentions.<\/p>\n<h3>III. Dur\u00e9e<\/h3>\n<p>Le contrat d&#8217;apprentissage est n\u00e9cessairement un contrat \u00e0 dur\u00e9e d\u00e9termin\u00e9e.<\/p>\n<p>La dur\u00e9e du contrat \u00eatre fix\u00e9e dans le r\u00e8glement d&#8217;apprentissage. Elle ne peut \u00eatre inf\u00e9rieure \u00e0 6 mois.<\/p>\n<h3><\/h3>\n<\/div><\/div><\/div><\/div><\/div>\n","protected":false},"featured_media":0,"parent":0,"template":"","categories":[1520],"tags":[883,1329],"tag_family":[],"tag_sector":[],"class_list":["post-42993","document","type-document","status-publish","hentry","category-encadrer-les-activites","tag-contrat","tag-entreprise-2"],"acf":[],"yoast_head":"<!-- This site is optimized with the Yoast SEO plugin v27.5 - https:\/\/yoast.com\/product\/yoast-seo-wordpress\/ -->\n<title>Contrat d&#039;apprentissage industriel - e2.law<\/title>\n<meta name=\"description\" content=\"Il s&#039;agit d&#039;un contrat \u00e0 dur\u00e9e d\u00e9termin\u00e9e par lequel le patron s&#039;engage \u00e0 donner ou \u00e0 faire donner \u00e0 l&#039;apprenti une formation en vue de l&#039;exercice de la profession choisie et par lequel l&#039;apprenti s&#039;oblige \u00e0 apprendre sous l&#039;autorit\u00e9 du patron la pratique de la profession et \u00e0 suivre sous la surveillance de celui-ci, les cours n\u00e9cessaires \u00e0 sa formation.\" \/>\n<meta name=\"robots\" content=\"index, follow, max-snippet:-1, max-image-preview:large, max-video-preview:-1\" \/>\n<link rel=\"canonical\" href=\"https:\/\/www.e2.law\/fr\/document\/contrat-dapprentissage-industriel\/\" \/>\n<meta property=\"og:locale\" content=\"fr_FR\" \/>\n<meta property=\"og:type\" content=\"article\" \/>\n<meta property=\"og:title\" content=\"Contrat d&#039;apprentissage industriel - e2.law\" \/>\n<meta property=\"og:description\" content=\"Il s&#039;agit d&#039;un contrat \u00e0 dur\u00e9e d\u00e9termin\u00e9e par lequel le patron s&#039;engage \u00e0 donner ou \u00e0 faire donner \u00e0 l&#039;apprenti une formation en vue de l&#039;exercice de la profession choisie et par lequel l&#039;apprenti s&#039;oblige \u00e0 apprendre sous l&#039;autorit\u00e9 du patron la pratique de la profession et \u00e0 suivre sous la surveillance de celui-ci, les cours n\u00e9cessaires \u00e0 sa formation.\" \/>\n<meta property=\"og:url\" content=\"https:\/\/www.e2.law\/fr\/document\/contrat-dapprentissage-industriel\/\" \/>\n<meta property=\"og:site_name\" content=\"e2.law\" \/>\n<meta property=\"article:modified_time\" content=\"2025-10-20T17:45:28+00:00\" \/>\n<meta name=\"twitter:card\" content=\"summary_large_image\" \/>\n<meta name=\"twitter:label1\" content=\"Dur\u00e9e de lecture estim\u00e9e\" \/>\n\t<meta name=\"twitter:data1\" content=\"2 minutes\" \/>\n<script type=\"application\/ld+json\" class=\"yoast-schema-graph\">{\"@context\":\"https:\\\/\\\/schema.org\",\"@graph\":[{\"@type\":\"WebPage\",\"@id\":\"https:\\\/\\\/www.e2.law\\\/fr\\\/document\\\/contrat-dapprentissage-industriel\\\/\",\"url\":\"https:\\\/\\\/www.e2.law\\\/fr\\\/document\\\/contrat-dapprentissage-industriel\\\/\",\"name\":\"Contrat d'apprentissage industriel - e2.law\",\"isPartOf\":{\"@id\":\"https:\\\/\\\/www.e2.law\\\/fr\\\/#website\"},\"datePublished\":\"2022-10-28T11:53:57+00:00\",\"dateModified\":\"2025-10-20T17:45:28+00:00\",\"description\":\"Il s'agit d'un contrat \u00e0 dur\u00e9e d\u00e9termin\u00e9e par lequel le patron s'engage \u00e0 donner ou \u00e0 faire donner \u00e0 l'apprenti une formation en vue de l'exercice de la profession choisie et par lequel l'apprenti s'oblige \u00e0 apprendre sous l'autorit\u00e9 du patron la pratique de la profession et \u00e0 suivre sous la surveillance de celui-ci, les cours n\u00e9cessaires \u00e0 sa formation.\",\"breadcrumb\":{\"@id\":\"https:\\\/\\\/www.e2.law\\\/fr\\\/document\\\/contrat-dapprentissage-industriel\\\/#breadcrumb\"},\"inLanguage\":\"fr-FR\",\"potentialAction\":[{\"@type\":\"ReadAction\",\"target\":[\"https:\\\/\\\/www.e2.law\\\/fr\\\/document\\\/contrat-dapprentissage-industriel\\\/\"]}]},{\"@type\":\"BreadcrumbList\",\"@id\":\"https:\\\/\\\/www.e2.law\\\/fr\\\/document\\\/contrat-dapprentissage-industriel\\\/#breadcrumb\",\"itemListElement\":[{\"@type\":\"ListItem\",\"position\":1,\"name\":\"Home\",\"item\":\"https:\\\/\\\/www.e2.law\\\/fr\\\/home\\\/\"},{\"@type\":\"ListItem\",\"position\":2,\"name\":\"Documents\",\"item\":\"https:\\\/\\\/www.e2.law\\\/en\\\/document\\\/\"},{\"@type\":\"ListItem\",\"position\":3,\"name\":\"Contrat d&#8217;apprentissage industriel\"}]},{\"@type\":\"WebSite\",\"@id\":\"https:\\\/\\\/www.e2.law\\\/fr\\\/#website\",\"url\":\"https:\\\/\\\/www.e2.law\\\/fr\\\/\",\"name\":\"e2.law\",\"description\":\"A Business Law Firm\",\"publisher\":{\"@id\":\"https:\\\/\\\/www.e2.law\\\/fr\\\/#organization\"},\"potentialAction\":[{\"@type\":\"SearchAction\",\"target\":{\"@type\":\"EntryPoint\",\"urlTemplate\":\"https:\\\/\\\/www.e2.law\\\/fr\\\/?s={search_term_string}\"},\"query-input\":{\"@type\":\"PropertyValueSpecification\",\"valueRequired\":true,\"valueName\":\"search_term_string\"}}],\"inLanguage\":\"fr-FR\"},{\"@type\":\"Organization\",\"@id\":\"https:\\\/\\\/www.e2.law\\\/fr\\\/#organization\",\"name\":\"E2.law\",\"url\":\"https:\\\/\\\/www.e2.law\\\/fr\\\/\",\"logo\":{\"@type\":\"ImageObject\",\"inLanguage\":\"fr-FR\",\"@id\":\"https:\\\/\\\/www.e2.law\\\/fr\\\/#\\\/schema\\\/logo\\\/image\\\/\",\"url\":\"https:\\\/\\\/www.e2.law\\\/wp-content\\\/uploads\\\/2018\\\/12\\\/logo-2.png\",\"contentUrl\":\"https:\\\/\\\/www.e2.law\\\/wp-content\\\/uploads\\\/2018\\\/12\\\/logo-2.png\",\"width\":152,\"height\":40,\"caption\":\"E2.law\"},\"image\":{\"@id\":\"https:\\\/\\\/www.e2.law\\\/fr\\\/#\\\/schema\\\/logo\\\/image\\\/\"},\"sameAs\":[\"https:\\\/\\\/www.linkedin.com\\\/company\\\/e2.law\"]}]}<\/script>\n<!-- \/ Yoast SEO plugin. -->","yoast_head_json":{"title":"Contrat d'apprentissage industriel - e2.law","description":"Il s'agit d'un contrat \u00e0 dur\u00e9e d\u00e9termin\u00e9e par lequel le patron s'engage \u00e0 donner ou \u00e0 faire donner \u00e0 l'apprenti une formation en vue de l'exercice de la profession choisie et par lequel l'apprenti s'oblige \u00e0 apprendre sous l'autorit\u00e9 du patron la pratique de la profession et \u00e0 suivre sous la surveillance de celui-ci, les cours n\u00e9cessaires \u00e0 sa formation.","robots":{"index":"index","follow":"follow","max-snippet":"max-snippet:-1","max-image-preview":"max-image-preview:large","max-video-preview":"max-video-preview:-1"},"canonical":"https:\/\/www.e2.law\/fr\/document\/contrat-dapprentissage-industriel\/","og_locale":"fr_FR","og_type":"article","og_title":"Contrat d'apprentissage industriel - e2.law","og_description":"Il s'agit d'un contrat \u00e0 dur\u00e9e d\u00e9termin\u00e9e par lequel le patron s'engage \u00e0 donner ou \u00e0 faire donner \u00e0 l'apprenti une formation en vue de l'exercice de la profession choisie et par lequel l'apprenti s'oblige \u00e0 apprendre sous l'autorit\u00e9 du patron la pratique de la profession et \u00e0 suivre sous la surveillance de celui-ci, les cours n\u00e9cessaires \u00e0 sa formation.","og_url":"https:\/\/www.e2.law\/fr\/document\/contrat-dapprentissage-industriel\/","og_site_name":"e2.law","article_modified_time":"2025-10-20T17:45:28+00:00","twitter_card":"summary_large_image","twitter_misc":{"Dur\u00e9e de lecture estim\u00e9e":"2 minutes"},"schema":{"@context":"https:\/\/schema.org","@graph":[{"@type":"WebPage","@id":"https:\/\/www.e2.law\/fr\/document\/contrat-dapprentissage-industriel\/","url":"https:\/\/www.e2.law\/fr\/document\/contrat-dapprentissage-industriel\/","name":"Contrat d'apprentissage industriel - e2.law","isPartOf":{"@id":"https:\/\/www.e2.law\/fr\/#website"},"datePublished":"2022-10-28T11:53:57+00:00","dateModified":"2025-10-20T17:45:28+00:00","description":"Il s'agit d'un contrat \u00e0 dur\u00e9e d\u00e9termin\u00e9e par lequel le patron s'engage \u00e0 donner ou \u00e0 faire donner \u00e0 l'apprenti une formation en vue de l'exercice de la profession choisie et par lequel l'apprenti s'oblige \u00e0 apprendre sous l'autorit\u00e9 du patron la pratique de la profession et \u00e0 suivre sous la surveillance de celui-ci, les cours n\u00e9cessaires \u00e0 sa formation.","breadcrumb":{"@id":"https:\/\/www.e2.law\/fr\/document\/contrat-dapprentissage-industriel\/#breadcrumb"},"inLanguage":"fr-FR","potentialAction":[{"@type":"ReadAction","target":["https:\/\/www.e2.law\/fr\/document\/contrat-dapprentissage-industriel\/"]}]},{"@type":"BreadcrumbList","@id":"https:\/\/www.e2.law\/fr\/document\/contrat-dapprentissage-industriel\/#breadcrumb","itemListElement":[{"@type":"ListItem","position":1,"name":"Home","item":"https:\/\/www.e2.law\/fr\/home\/"},{"@type":"ListItem","position":2,"name":"Documents","item":"https:\/\/www.e2.law\/en\/document\/"},{"@type":"ListItem","position":3,"name":"Contrat d&#8217;apprentissage industriel"}]},{"@type":"WebSite","@id":"https:\/\/www.e2.law\/fr\/#website","url":"https:\/\/www.e2.law\/fr\/","name":"e2.law","description":"A Business Law Firm","publisher":{"@id":"https:\/\/www.e2.law\/fr\/#organization"},"potentialAction":[{"@type":"SearchAction","target":{"@type":"EntryPoint","urlTemplate":"https:\/\/www.e2.law\/fr\/?s={search_term_string}"},"query-input":{"@type":"PropertyValueSpecification","valueRequired":true,"valueName":"search_term_string"}}],"inLanguage":"fr-FR"},{"@type":"Organization","@id":"https:\/\/www.e2.law\/fr\/#organization","name":"E2.law","url":"https:\/\/www.e2.law\/fr\/","logo":{"@type":"ImageObject","inLanguage":"fr-FR","@id":"https:\/\/www.e2.law\/fr\/#\/schema\/logo\/image\/","url":"https:\/\/www.e2.law\/wp-content\/uploads\/2018\/12\/logo-2.png","contentUrl":"https:\/\/www.e2.law\/wp-content\/uploads\/2018\/12\/logo-2.png","width":152,"height":40,"caption":"E2.law"},"image":{"@id":"https:\/\/www.e2.law\/fr\/#\/schema\/logo\/image\/"},"sameAs":["https:\/\/www.linkedin.com\/company\/e2.law"]}]}},"jetpack_sharing_enabled":true,"_links":{"self":[{"href":"https:\/\/www.e2.law\/fr\/wp-json\/wp\/v2\/document\/42993","targetHints":{"allow":["GET"]}}],"collection":[{"href":"https:\/\/www.e2.law\/fr\/wp-json\/wp\/v2\/document"}],"about":[{"href":"https:\/\/www.e2.law\/fr\/wp-json\/wp\/v2\/types\/document"}],"wp:attachment":[{"href":"https:\/\/www.e2.law\/fr\/wp-json\/wp\/v2\/media?parent=42993"}],"wp:term":[{"taxonomy":"category","embeddable":true,"href":"https:\/\/www.e2.law\/fr\/wp-json\/wp\/v2\/categories?post=42993"},{"taxonomy":"post_tag","embeddable":true,"href":"https:\/\/www.e2.law\/fr\/wp-json\/wp\/v2\/tags?post=42993"},{"taxonomy":"tag_family","embeddable":true,"href":"https:\/\/www.e2.law\/fr\/wp-json\/wp\/v2\/tag_family?post=42993"},{"taxonomy":"tag_sector","embeddable":true,"href":"https:\/\/www.e2.law\/fr\/wp-json\/wp\/v2\/tag_sector?post=42993"}],"curies":[{"name":"wp","href":"https:\/\/api.w.org\/{rel}","templated":true}]}}

<div class="fusion-fullwidth fullwidth-box fusion-builder-row-1 fusion-flex-container nonhundred-percent-fullwidth non-hundred-percent-height-scrolling" style="--awb-border-radius-top-left:0px;--awb-border-radius-top-right:0px;--awb-border-radius-bottom-right:0px;--awb-border-radius-bottom-left:0px;--awb-flex-wrap:wrap;" ><div class="fusion-builder-row fusion-row fusion-flex-align-items-flex-start fusion-flex-content-wrap" style="max-width:1144px;margin-left: calc(-4% / 2 );margin-right: calc(-4% / 2 );"><div class="fusion-layout-column fusion_builder_column fusion-builder-column-0 fusion_builder_column_1_1 1_1 fusion-flex-column" style="--awb-bg-size:cover;--awb-width-large:100%;--awb-margin-top-large:0px;--awb-spacing-right-large:1.92%;--awb-margin-bottom-large:0px;--awb-spacing-left-large:1.92%;--awb-width-medium:100%;--awb-spacing-right-medium:1.92%;--awb-spacing-left-medium:1.92%;--awb-width-small:100%;--awb-spacing-right-small:1.92%;--awb-spacing-left-small:1.92%;"><div class="fusion-column-wrapper fusion-flex-justify-content-flex-start fusion-content-layout-column"><div class="fusion-text fusion-text-1"><h3>I. Définition</h3>
<p>Il s&#8217;agit d&#8217;un contrat à durée déterminée par lequel le patron s&#8217;engage à donner ou à faire donner à l&#8217;apprenti une formation en vue de l&#8217;exercice de la profession choisie et par lequel l&#8217;apprenti s&#8217;oblige à apprendre sous l&#8217;autorité du patron la pratique de la profession et à suivre sous la surveillance de celui-ci, les cours nécessaires à sa formation.</p>
<h3>II. Conditions</h3>
<h4>A. Conditions de fond</h4>
<ol>
<li>Le contrat doit être conclu avant les 18 ans de l&#8217;apprenti.</li>
<li>L&#8217;apprenti doit avoir satisfait à l&#8217;obligation scolaire à plein temps.</li>
<li>Le contrat ne peut être conclu que pour les professions déterminées dans le règlement d&#8217;apprentissage sectoriel.</li>
<li>Le patron doit être agréé par le comité paritaire d&#8217;apprentissage compétent, être âgé d&#8217;au moins 25 ans et justifier d&#8217;au moins sept année d&#8217;expérience pratique dans la formation.</li>
</ol>
<h4>B. Conditions de forme</h4>
<p>Le contrat doit être rédigé par écrit suivant le modèle fixé par le règlement d&#8217;apprentissage sectoriel au plus tard au moment de l&#8217;entrée en service de l&#8217;apprenti.</p>
<p>Les législations applicables prévoient toute une série de mentions obligatoires. En Communauté française, c&#8217;est l&#8217;article 7 du <a href="https://etaamb.openjustice.be/fr/decret-du-14-juin-2018_n2018031499.html">Décret du 14 juin 2018</a> qui liste ces mentions.</p>
<h3>III. Durée</h3>
<p>Le contrat d&#8217;apprentissage est nécessairement un contrat à durée déterminée.</p>
<p>La durée du contrat être fixée dans le règlement d&#8217;apprentissage. Elle ne peut être inférieure à 6 mois.</p>
<h3></h3>
</div></div></div></div></div>

<!-- This site is optimized with the Yoast SEO plugin v27.5 - https://yoast.com/product/yoast-seo-wordpress/ -->
<title>Contrat d&#039;apprentissage industriel - e2.law</title>
<meta name="description" content="Il s&#039;agit d&#039;un contrat à durée déterminée par lequel le patron s&#039;engage à donner ou à faire donner à l&#039;apprenti une formation en vue de l&#039;exercice de la profession choisie et par lequel l&#039;apprenti s&#039;oblige à apprendre sous l&#039;autorité du patron la pratique de la profession et à suivre sous la surveillance de celui-ci, les cours nécessaires à sa formation." />
<meta name="robots" content="index, follow, max-snippet:-1, max-image-preview:large, max-video-preview:-1" />
<link rel="canonical" href="https://www.e2.law/fr/document/contrat-dapprentissage-industriel/" />
<meta property="og:locale" content="fr_FR" />
<meta property="og:type" content="article" />
<meta property="og:title" content="Contrat d&#039;apprentissage industriel - e2.law" />
<meta property="og:description" content="Il s&#039;agit d&#039;un contrat à durée déterminée par lequel le patron s&#039;engage à donner ou à faire donner à l&#039;apprenti une formation en vue de l&#039;exercice de la profession choisie et par lequel l&#039;apprenti s&#039;oblige à apprendre sous l&#039;autorité du patron la pratique de la profession et à suivre sous la surveillance de celui-ci, les cours nécessaires à sa formation." />
<meta property="og:url" content="https://www.e2.law/fr/document/contrat-dapprentissage-industriel/" />
<meta property="og:site_name" content="e2.law" />
<meta property="article:modified_time" content="2025-10-20T17:45:28+00:00" />
<meta name="twitter:card" content="summary_large_image" />
<meta name="twitter:label1" content="Durée de lecture estimée" />
	<meta name="twitter:data1" content="2 minutes" />
<script type="application/ld+json" class="yoast-schema-graph">{"@context":"https:\/\/schema.org","@graph":[{"@type":"WebPage","@id":"https:\/\/www.e2.law\/fr\/document\/contrat-dapprentissage-industriel\/","url":"https:\/\/www.e2.law\/fr\/document\/contrat-dapprentissage-industriel\/","name":"Contrat d'apprentissage industriel - e2.law","isPartOf":{"@id":"https:\/\/www.e2.law\/fr\/#website"},"datePublished":"2022-10-28T11:53:57+00:00","dateModified":"2025-10-20T17:45:28+00:00","description":"Il s'agit d'un contrat à durée déterminée par lequel le patron s'engage à donner ou à faire donner à l'apprenti une formation en vue de l'exercice de la profession choisie et par lequel l'apprenti s'oblige à apprendre sous l'autorité du patron la pratique de la profession et à suivre sous la surveillance de celui-ci, les cours nécessaires à sa formation.","breadcrumb":{"@id":"https:\/\/www.e2.law\/fr\/document\/contrat-dapprentissage-industriel\/#breadcrumb"},"inLanguage":"fr-FR","potentialAction":[{"@type":"ReadAction","target":["https:\/\/www.e2.law\/fr\/document\/contrat-dapprentissage-industriel\/"]}]},{"@type":"BreadcrumbList","@id":"https:\/\/www.e2.law\/fr\/document\/contrat-dapprentissage-industriel\/#breadcrumb","itemListElement":[{"@type":"ListItem","position":1,"name":"Home","item":"https:\/\/www.e2.law\/fr\/home\/"},{"@type":"ListItem","position":2,"name":"Documents","item":"https:\/\/www.e2.law\/en\/document\/"},{"@type":"ListItem","position":3,"name":"Contrat d&#8217;apprentissage industriel"}]},{"@type":"WebSite","@id":"https:\/\/www.e2.law\/fr\/#website","url":"https:\/\/www.e2.law\/fr\/","name":"e2.law","description":"A Business Law Firm","publisher":{"@id":"https:\/\/www.e2.law\/fr\/#organization"},"potentialAction":[{"@type":"SearchAction","target":{"@type":"EntryPoint","urlTemplate":"https:\/\/www.e2.law\/fr\/?s={search_term_string}"},"query-input":{"@type":"PropertyValueSpecification","valueRequired":true,"valueName":"search_term_string"}}],"inLanguage":"fr-FR"},{"@type":"Organization","@id":"https:\/\/www.e2.law\/fr\/#organization","name":"E2.law","url":"https:\/\/www.e2.law\/fr\/","logo":{"@type":"ImageObject","inLanguage":"fr-FR","@id":"https:\/\/www.e2.law\/fr\/#\/schema\/logo\/image\/","url":"https:\/\/www.e2.law\/wp-content\/uploads\/2018\/12\/logo-2.png","contentUrl":"https:\/\/www.e2.law\/wp-content\/uploads\/2018\/12\/logo-2.png","width":152,"height":40,"caption":"E2.law"},"image":{"@id":"https:\/\/www.e2.law\/fr\/#\/schema\/logo\/image\/"},"sameAs":["https:\/\/www.linkedin.com\/company\/e2.law"]}]}</script>
<!-- / Yoast SEO plugin. -->

Il s'agit d'un contrat à durée déterminée par lequel le patron s'engage à donner ou à faire donner à l'apprenti une formation en vue de l'exercice de la profession choisie et par lequel l'apprenti s'oblige à apprendre sous l'autorité du patron la pratique de la profession et à suivre sous la surveillance de celui-ci, les cours nécessaires à sa formation.
