{"id":42797,"date":"2022-09-26T12:14:01","date_gmt":"2022-09-26T10:14:01","guid":{"rendered":"https:\/\/www.e2.law\/?post_type=enforceablerights&#038;p=42797"},"modified":"2023-08-19T23:24:59","modified_gmt":"2023-08-19T21:24:59","slug":"exclusion-dun-actionnaire-a-charge-du-patrimoine-de-la-srl","status":"publish","type":"enforceablerights","link":"https:\/\/www.e2.law\/fr\/enforceablerights\/exclusion-dun-actionnaire-a-charge-du-patrimoine-de-la-srl\/","title":{"rendered":"Exclusion d&#8217;un actionnaire \u00e0 charge du patrimoine de la SRL"},"content":{"rendered":"<p>L\u2019exclusion d&#8217;un actionnaire \u00e0 charge du patrimoine de la SRL est uniquement possible si les statuts de la SRL pr\u00e9voient explicitement la possibilit\u00e9 d&#8217;une exclusion \u00e0 charge du patrimoine social pour de justes motifs ou pour tout autre motif indiqu\u00e9 dans les statuts.<\/p>\n<p class=\"number\">L\u2019exclusion d&#8217;un actionnaire \u00e0 charge du patrimoine de la SRL se fait \u00e0 l\u2019initiative de l\u2019organe d\u2019administration.<\/p>\n<p class=\"number\">A moins que les statuts n\u2019en disposent autrement, l&#8217;actionnaire exclu a droit au paiement du montant de la part de retrait qui est pour chaque action \u00e9quivalent au montant r\u00e9ellement lib\u00e9r\u00e9 et non encore rembours\u00e9 pour cette action.\u00a0 Ce montant ne peut n\u00e9namnoins sans cependant \u00eatre sup\u00e9rieur au montant de la valeur d&#8217;actif net de cette action telle qu&#8217;elle r\u00e9sulte des derniers comptes annuels approuv\u00e9s.<\/p>\n<p class=\"number\">La distribution du montant de la part de retrait auquel a droit l\u2019actionnaire \u00e0 la suite de son exclusion est consid\u00e9r\u00e9e comme une distribution soumise aux tests de distribution<a id=\"footnoteref15_cacrq7g\" class=\"see-footnote\" title=\"A savoir le test de l\u2019actif net (art. 5:142, CSA) et le test de liquidit\u00e9 (art. 5:143, CSA).\" href=\"https:\/\/www.cnc-cbn.be\/fr\/avis\/demission-et-exclusion-a-charge-du-patrimoine-social-aupres-des-srl-et-sc-part-de-retrait-0#footnote15_cacrq7g\">15<\/a>.<a id=\"footnoteref16_zr3eygx\" class=\"see-footnote\" title=\"Article 5:154, \u00a7 1er, alin\u00e9a 2, 6\u00b0, CSA.\" href=\"https:\/\/www.cnc-cbn.be\/fr\/avis\/demission-et-exclusion-a-charge-du-patrimoine-social-aupres-des-srl-et-sc-part-de-retrait-0#footnote16_zr3eygx\">16<\/a>\u00a0Si, dans le cadre de ces tests de distribution, la part de retrait ne peut \u00eatre pay\u00e9e en tout ou partie, le droit au paiement est suspendu jusqu&#8217;\u00e0 ce que les distributions soient \u00e0 nouveau permises. Les statuts ne peuvent pas y d\u00e9roger. Le montant restant d\u00fb sur la part de retrait est payable avant toute autre distribution aux actionnaires.<\/p>\n<p class=\"number\">Les actions de l\u2019actionnaire exclu sont annul\u00e9es.<\/p>\n","protected":false},"template":"","categories":[141],"tags":[1234],"class_list":["post-42797","enforceablerights","type-enforceablerights","status-publish","hentry","category-non-classifiee","tag-societe-a-responsabilite-limitee"],"acf":[],"yoast_head":"<!-- This site is optimized with the Yoast SEO plugin v27.5 - https:\/\/yoast.com\/product\/yoast-seo-wordpress\/ -->\n<title>Exclusion d&#039;un actionnaire \u00e0 charge du patrimoine de la SRL - e2.law<\/title>\n<meta name=\"robots\" content=\"index, follow, max-snippet:-1, max-image-preview:large, max-video-preview:-1\" \/>\n<link rel=\"canonical\" href=\"https:\/\/www.e2.law\/fr\/enforceablerights\/exclusion-dun-actionnaire-a-charge-du-patrimoine-de-la-srl\/\" \/>\n<meta property=\"og:locale\" content=\"fr_FR\" \/>\n<meta property=\"og:type\" content=\"article\" \/>\n<meta property=\"og:title\" content=\"Exclusion d&#039;un actionnaire \u00e0 charge du patrimoine de la SRL - e2.law\" \/>\n<meta property=\"og:description\" content=\"L\u2019exclusion d&#8217;un actionnaire \u00e0 charge du patrimoine de la SRL est uniquement possible si les statuts de la SRL pr\u00e9voient explicitement la possibilit\u00e9 d&#8217;une exclusion \u00e0 charge du patrimoine social pour de justes motifs ou pour tout autre motif indiqu\u00e9 dans les statuts. L\u2019exclusion d&#8217;un actionnaire \u00e0 charge du patrimoine de la SRL se fait \u00e0  [...]\" \/>\n<meta property=\"og:url\" content=\"https:\/\/www.e2.law\/fr\/enforceablerights\/exclusion-dun-actionnaire-a-charge-du-patrimoine-de-la-srl\/\" \/>\n<meta property=\"og:site_name\" content=\"e2.law\" \/>\n<meta property=\"article:modified_time\" content=\"2023-08-19T21:24:59+00:00\" \/>\n<meta name=\"twitter:card\" content=\"summary_large_image\" \/>\n<meta name=\"twitter:label1\" content=\"Dur\u00e9e de lecture estim\u00e9e\" \/>\n\t<meta name=\"twitter:data1\" content=\"2 minutes\" \/>\n<script type=\"application\/ld+json\" class=\"yoast-schema-graph\">{\"@context\":\"https:\\\/\\\/schema.org\",\"@graph\":[{\"@type\":\"WebPage\",\"@id\":\"https:\\\/\\\/www.e2.law\\\/fr\\\/enforceablerights\\\/exclusion-dun-actionnaire-a-charge-du-patrimoine-de-la-srl\\\/\",\"url\":\"https:\\\/\\\/www.e2.law\\\/fr\\\/enforceablerights\\\/exclusion-dun-actionnaire-a-charge-du-patrimoine-de-la-srl\\\/\",\"name\":\"Exclusion d'un actionnaire \u00e0 charge du patrimoine de la SRL - e2.law\",\"isPartOf\":{\"@id\":\"https:\\\/\\\/www.e2.law\\\/fr\\\/#website\"},\"datePublished\":\"2022-09-26T10:14:01+00:00\",\"dateModified\":\"2023-08-19T21:24:59+00:00\",\"breadcrumb\":{\"@id\":\"https:\\\/\\\/www.e2.law\\\/fr\\\/enforceablerights\\\/exclusion-dun-actionnaire-a-charge-du-patrimoine-de-la-srl\\\/#breadcrumb\"},\"inLanguage\":\"fr-FR\",\"potentialAction\":[{\"@type\":\"ReadAction\",\"target\":[\"https:\\\/\\\/www.e2.law\\\/fr\\\/enforceablerights\\\/exclusion-dun-actionnaire-a-charge-du-patrimoine-de-la-srl\\\/\"]}]},{\"@type\":\"BreadcrumbList\",\"@id\":\"https:\\\/\\\/www.e2.law\\\/fr\\\/enforceablerights\\\/exclusion-dun-actionnaire-a-charge-du-patrimoine-de-la-srl\\\/#breadcrumb\",\"itemListElement\":[{\"@type\":\"ListItem\",\"position\":1,\"name\":\"Home\",\"item\":\"https:\\\/\\\/www.e2.law\\\/fr\\\/home\\\/\"},{\"@type\":\"ListItem\",\"position\":2,\"name\":\"Enforceable Rights\",\"item\":\"https:\\\/\\\/www.e2.law\\\/fr\\\/enforceablerights\\\/\"},{\"@type\":\"ListItem\",\"position\":3,\"name\":\"Exclusion d&#8217;un actionnaire \u00e0 charge du patrimoine de la SRL\"}]},{\"@type\":\"WebSite\",\"@id\":\"https:\\\/\\\/www.e2.law\\\/fr\\\/#website\",\"url\":\"https:\\\/\\\/www.e2.law\\\/fr\\\/\",\"name\":\"e2.law\",\"description\":\"A Business Law Firm\",\"publisher\":{\"@id\":\"https:\\\/\\\/www.e2.law\\\/fr\\\/#organization\"},\"potentialAction\":[{\"@type\":\"SearchAction\",\"target\":{\"@type\":\"EntryPoint\",\"urlTemplate\":\"https:\\\/\\\/www.e2.law\\\/fr\\\/?s={search_term_string}\"},\"query-input\":{\"@type\":\"PropertyValueSpecification\",\"valueRequired\":true,\"valueName\":\"search_term_string\"}}],\"inLanguage\":\"fr-FR\"},{\"@type\":\"Organization\",\"@id\":\"https:\\\/\\\/www.e2.law\\\/fr\\\/#organization\",\"name\":\"E2.law\",\"url\":\"https:\\\/\\\/www.e2.law\\\/fr\\\/\",\"logo\":{\"@type\":\"ImageObject\",\"inLanguage\":\"fr-FR\",\"@id\":\"https:\\\/\\\/www.e2.law\\\/fr\\\/#\\\/schema\\\/logo\\\/image\\\/\",\"url\":\"https:\\\/\\\/www.e2.law\\\/wp-content\\\/uploads\\\/2018\\\/12\\\/logo-2.png\",\"contentUrl\":\"https:\\\/\\\/www.e2.law\\\/wp-content\\\/uploads\\\/2018\\\/12\\\/logo-2.png\",\"width\":152,\"height\":40,\"caption\":\"E2.law\"},\"image\":{\"@id\":\"https:\\\/\\\/www.e2.law\\\/fr\\\/#\\\/schema\\\/logo\\\/image\\\/\"},\"sameAs\":[\"https:\\\/\\\/www.linkedin.com\\\/company\\\/e2.law\"]}]}<\/script>\n<!-- \/ Yoast SEO plugin. -->","yoast_head_json":{"title":"Exclusion d'un actionnaire \u00e0 charge du patrimoine de la SRL - e2.law","robots":{"index":"index","follow":"follow","max-snippet":"max-snippet:-1","max-image-preview":"max-image-preview:large","max-video-preview":"max-video-preview:-1"},"canonical":"https:\/\/www.e2.law\/fr\/enforceablerights\/exclusion-dun-actionnaire-a-charge-du-patrimoine-de-la-srl\/","og_locale":"fr_FR","og_type":"article","og_title":"Exclusion d'un actionnaire \u00e0 charge du patrimoine de la SRL - e2.law","og_description":"L\u2019exclusion d&#8217;un actionnaire \u00e0 charge du patrimoine de la SRL est uniquement possible si les statuts de la SRL pr\u00e9voient explicitement la possibilit\u00e9 d&#8217;une exclusion \u00e0 charge du patrimoine social pour de justes motifs ou pour tout autre motif indiqu\u00e9 dans les statuts. L\u2019exclusion d&#8217;un actionnaire \u00e0 charge du patrimoine de la SRL se fait \u00e0  [...]","og_url":"https:\/\/www.e2.law\/fr\/enforceablerights\/exclusion-dun-actionnaire-a-charge-du-patrimoine-de-la-srl\/","og_site_name":"e2.law","article_modified_time":"2023-08-19T21:24:59+00:00","twitter_card":"summary_large_image","twitter_misc":{"Dur\u00e9e de lecture estim\u00e9e":"2 minutes"},"schema":{"@context":"https:\/\/schema.org","@graph":[{"@type":"WebPage","@id":"https:\/\/www.e2.law\/fr\/enforceablerights\/exclusion-dun-actionnaire-a-charge-du-patrimoine-de-la-srl\/","url":"https:\/\/www.e2.law\/fr\/enforceablerights\/exclusion-dun-actionnaire-a-charge-du-patrimoine-de-la-srl\/","name":"Exclusion d'un actionnaire \u00e0 charge du patrimoine de la SRL - e2.law","isPartOf":{"@id":"https:\/\/www.e2.law\/fr\/#website"},"datePublished":"2022-09-26T10:14:01+00:00","dateModified":"2023-08-19T21:24:59+00:00","breadcrumb":{"@id":"https:\/\/www.e2.law\/fr\/enforceablerights\/exclusion-dun-actionnaire-a-charge-du-patrimoine-de-la-srl\/#breadcrumb"},"inLanguage":"fr-FR","potentialAction":[{"@type":"ReadAction","target":["https:\/\/www.e2.law\/fr\/enforceablerights\/exclusion-dun-actionnaire-a-charge-du-patrimoine-de-la-srl\/"]}]},{"@type":"BreadcrumbList","@id":"https:\/\/www.e2.law\/fr\/enforceablerights\/exclusion-dun-actionnaire-a-charge-du-patrimoine-de-la-srl\/#breadcrumb","itemListElement":[{"@type":"ListItem","position":1,"name":"Home","item":"https:\/\/www.e2.law\/fr\/home\/"},{"@type":"ListItem","position":2,"name":"Enforceable Rights","item":"https:\/\/www.e2.law\/fr\/enforceablerights\/"},{"@type":"ListItem","position":3,"name":"Exclusion d&#8217;un actionnaire \u00e0 charge du patrimoine de la SRL"}]},{"@type":"WebSite","@id":"https:\/\/www.e2.law\/fr\/#website","url":"https:\/\/www.e2.law\/fr\/","name":"e2.law","description":"A Business Law Firm","publisher":{"@id":"https:\/\/www.e2.law\/fr\/#organization"},"potentialAction":[{"@type":"SearchAction","target":{"@type":"EntryPoint","urlTemplate":"https:\/\/www.e2.law\/fr\/?s={search_term_string}"},"query-input":{"@type":"PropertyValueSpecification","valueRequired":true,"valueName":"search_term_string"}}],"inLanguage":"fr-FR"},{"@type":"Organization","@id":"https:\/\/www.e2.law\/fr\/#organization","name":"E2.law","url":"https:\/\/www.e2.law\/fr\/","logo":{"@type":"ImageObject","inLanguage":"fr-FR","@id":"https:\/\/www.e2.law\/fr\/#\/schema\/logo\/image\/","url":"https:\/\/www.e2.law\/wp-content\/uploads\/2018\/12\/logo-2.png","contentUrl":"https:\/\/www.e2.law\/wp-content\/uploads\/2018\/12\/logo-2.png","width":152,"height":40,"caption":"E2.law"},"image":{"@id":"https:\/\/www.e2.law\/fr\/#\/schema\/logo\/image\/"},"sameAs":["https:\/\/www.linkedin.com\/company\/e2.law"]}]}},"jetpack_sharing_enabled":true,"_links":{"self":[{"href":"https:\/\/www.e2.law\/fr\/wp-json\/wp\/v2\/enforceablerights\/42797","targetHints":{"allow":["GET"]}}],"collection":[{"href":"https:\/\/www.e2.law\/fr\/wp-json\/wp\/v2\/enforceablerights"}],"about":[{"href":"https:\/\/www.e2.law\/fr\/wp-json\/wp\/v2\/types\/enforceablerights"}],"wp:attachment":[{"href":"https:\/\/www.e2.law\/fr\/wp-json\/wp\/v2\/media?parent=42797"}],"wp:term":[{"taxonomy":"category","embeddable":true,"href":"https:\/\/www.e2.law\/fr\/wp-json\/wp\/v2\/categories?post=42797"},{"taxonomy":"post_tag","embeddable":true,"href":"https:\/\/www.e2.law\/fr\/wp-json\/wp\/v2\/tags?post=42797"}],"curies":[{"name":"wp","href":"https:\/\/api.w.org\/{rel}","templated":true}]}}

Exclusion d&#8217;un actionnaire à charge du patrimoine de la SRL

<p>L’exclusion d&#8217;un actionnaire à charge du patrimoine de la SRL est uniquement possible si les statuts de la SRL prévoient explicitement la possibilité d&#8217;une exclusion à charge du patrimoine social pour de justes motifs ou pour tout autre motif indiqué dans les statuts.</p>
<p class="number">L’exclusion d&#8217;un actionnaire à charge du patrimoine de la SRL se fait à l’initiative de l’organe d’administration.</p>
<p class="number">A moins que les statuts n’en disposent autrement, l&#8217;actionnaire exclu a droit au paiement du montant de la part de retrait qui est pour chaque action équivalent au montant réellement libéré et non encore remboursé pour cette action.  Ce montant ne peut nénamnoins sans cependant être supérieur au montant de la valeur d&#8217;actif net de cette action telle qu&#8217;elle résulte des derniers comptes annuels approuvés.</p>
<p class="number">La distribution du montant de la part de retrait auquel a droit l’actionnaire à la suite de son exclusion est considérée comme une distribution soumise aux tests de distribution<a id="footnoteref15_cacrq7g" class="see-footnote" title="A savoir le test de l’actif net (art. 5:142, CSA) et le test de liquidité (art. 5:143, CSA)." href="https://www.cnc-cbn.be/fr/avis/demission-et-exclusion-a-charge-du-patrimoine-social-aupres-des-srl-et-sc-part-de-retrait-0#footnote15_cacrq7g">15</a>.<a id="footnoteref16_zr3eygx" class="see-footnote" title="Article 5:154, § 1er, alinéa 2, 6°, CSA." href="https://www.cnc-cbn.be/fr/avis/demission-et-exclusion-a-charge-du-patrimoine-social-aupres-des-srl-et-sc-part-de-retrait-0#footnote16_zr3eygx">16</a> Si, dans le cadre de ces tests de distribution, la part de retrait ne peut être payée en tout ou partie, le droit au paiement est suspendu jusqu&#8217;à ce que les distributions soient à nouveau permises. Les statuts ne peuvent pas y déroger. Le montant restant dû sur la part de retrait est payable avant toute autre distribution aux actionnaires.</p>
<p class="number">Les actions de l’actionnaire exclu sont annulées.</p>

<!-- This site is optimized with the Yoast SEO plugin v27.5 - https://yoast.com/product/yoast-seo-wordpress/ -->
<title>Exclusion d&#039;un actionnaire à charge du patrimoine de la SRL - e2.law</title>
<meta name="robots" content="index, follow, max-snippet:-1, max-image-preview:large, max-video-preview:-1" />
<link rel="canonical" href="https://www.e2.law/fr/enforceablerights/exclusion-dun-actionnaire-a-charge-du-patrimoine-de-la-srl/" />
<meta property="og:locale" content="fr_FR" />
<meta property="og:type" content="article" />
<meta property="og:title" content="Exclusion d&#039;un actionnaire à charge du patrimoine de la SRL - e2.law" />
<meta property="og:description" content="L’exclusion d&#8217;un actionnaire à charge du patrimoine de la SRL est uniquement possible si les statuts de la SRL prévoient explicitement la possibilité d&#8217;une exclusion à charge du patrimoine social pour de justes motifs ou pour tout autre motif indiqué dans les statuts. L’exclusion d&#8217;un actionnaire à charge du patrimoine de la SRL se fait à  [...]" />
<meta property="og:url" content="https://www.e2.law/fr/enforceablerights/exclusion-dun-actionnaire-a-charge-du-patrimoine-de-la-srl/" />
<meta property="og:site_name" content="e2.law" />
<meta property="article:modified_time" content="2023-08-19T21:24:59+00:00" />
<meta name="twitter:card" content="summary_large_image" />
<meta name="twitter:label1" content="Durée de lecture estimée" />
	<meta name="twitter:data1" content="2 minutes" />
<script type="application/ld+json" class="yoast-schema-graph">{"@context":"https:\/\/schema.org","@graph":[{"@type":"WebPage","@id":"https:\/\/www.e2.law\/fr\/enforceablerights\/exclusion-dun-actionnaire-a-charge-du-patrimoine-de-la-srl\/","url":"https:\/\/www.e2.law\/fr\/enforceablerights\/exclusion-dun-actionnaire-a-charge-du-patrimoine-de-la-srl\/","name":"Exclusion d'un actionnaire à charge du patrimoine de la SRL - e2.law","isPartOf":{"@id":"https:\/\/www.e2.law\/fr\/#website"},"datePublished":"2022-09-26T10:14:01+00:00","dateModified":"2023-08-19T21:24:59+00:00","breadcrumb":{"@id":"https:\/\/www.e2.law\/fr\/enforceablerights\/exclusion-dun-actionnaire-a-charge-du-patrimoine-de-la-srl\/#breadcrumb"},"inLanguage":"fr-FR","potentialAction":[{"@type":"ReadAction","target":["https:\/\/www.e2.law\/fr\/enforceablerights\/exclusion-dun-actionnaire-a-charge-du-patrimoine-de-la-srl\/"]}]},{"@type":"BreadcrumbList","@id":"https:\/\/www.e2.law\/fr\/enforceablerights\/exclusion-dun-actionnaire-a-charge-du-patrimoine-de-la-srl\/#breadcrumb","itemListElement":[{"@type":"ListItem","position":1,"name":"Home","item":"https:\/\/www.e2.law\/fr\/home\/"},{"@type":"ListItem","position":2,"name":"Enforceable Rights","item":"https:\/\/www.e2.law\/fr\/enforceablerights\/"},{"@type":"ListItem","position":3,"name":"Exclusion d&#8217;un actionnaire à charge du patrimoine de la SRL"}]},{"@type":"WebSite","@id":"https:\/\/www.e2.law\/fr\/#website","url":"https:\/\/www.e2.law\/fr\/","name":"e2.law","description":"A Business Law Firm","publisher":{"@id":"https:\/\/www.e2.law\/fr\/#organization"},"potentialAction":[{"@type":"SearchAction","target":{"@type":"EntryPoint","urlTemplate":"https:\/\/www.e2.law\/fr\/?s={search_term_string}"},"query-input":{"@type":"PropertyValueSpecification","valueRequired":true,"valueName":"search_term_string"}}],"inLanguage":"fr-FR"},{"@type":"Organization","@id":"https:\/\/www.e2.law\/fr\/#organization","name":"E2.law","url":"https:\/\/www.e2.law\/fr\/","logo":{"@type":"ImageObject","inLanguage":"fr-FR","@id":"https:\/\/www.e2.law\/fr\/#\/schema\/logo\/image\/","url":"https:\/\/www.e2.law\/wp-content\/uploads\/2018\/12\/logo-2.png","contentUrl":"https:\/\/www.e2.law\/wp-content\/uploads\/2018\/12\/logo-2.png","width":152,"height":40,"caption":"E2.law"},"image":{"@id":"https:\/\/www.e2.law\/fr\/#\/schema\/logo\/image\/"},"sameAs":["https:\/\/www.linkedin.com\/company\/e2.law"]}]}</script>
<!-- / Yoast SEO plugin. -->

Exclusion d'un actionnaire à charge du patrimoine de la SRL - e2.law

L’exclusion d&#8217;un actionnaire à charge du patrimoine de la SRL est uniquement possible si les statuts de la SRL prévoient explicitement la possibilité d&#8217;une exclusion à charge du patrimoine social pour de justes motifs ou pour tout autre motif indiqué dans les statuts. L’exclusion d&#8217;un actionnaire à charge du patrimoine de la SRL se fait à  [...]
