{"id":42852,"date":"2022-10-03T22:24:29","date_gmt":"2022-10-03T20:24:29","guid":{"rendered":"https:\/\/www.e2.law\/?post_type=enforceablerights&#038;p=42852"},"modified":"2022-10-03T23:54:08","modified_gmt":"2022-10-03T21:54:08","slug":"demander-a-son-employeur-les-motifs-de-son-licenciement","status":"publish","type":"enforceablerights","link":"https:\/\/www.e2.law\/fr\/enforceablerights\/demander-a-son-employeur-les-motifs-de-son-licenciement\/","title":{"rendered":"Demander \u00e0 son employeur les motifs de son licenciement"},"content":{"rendered":"<p>Le travailleur a le droit de conna\u00eetre les <strong>motifs concrets<\/strong> qui ont conduit \u00e0 son licenciement. Ces motifs doivent \u00eatre suffisamment clairs et pr\u00e9cis. Ils doivent \u00e9galement \u00eatre, le cas \u00e9ch\u00e9ant, justifi\u00e9s par des \u00e9l\u00e9ments factuels.<\/p>\n<p>L&#8217;employeur ne peut se contenter de justifier le licenciement par des motifs vagues, impersonnels ou st\u00e9r\u00e9otyp\u00e9s comme :<\/p>\n<ul>\n<li>&#8220;difficult\u00e9s \u00e9conomique&#8221; ;<\/li>\n<li>&#8220;r\u00e9organisation du d\u00e9partement&#8221; ;<\/li>\n<li>&#8220;incomp\u00e9tence&#8221; ;<\/li>\n<li>etc.<\/li>\n<\/ul>\n<p>L&#8217;employeur doit communiquer les motifs du licenciement <strong>par recommand\u00e9<\/strong> <strong>dans les 2 mois<\/strong> de la r\u00e9ception de la demande du travailleur.<\/p>\n","protected":false},"template":"","categories":[141],"tags":[1002,1009],"class_list":["post-42852","enforceablerights","type-enforceablerights","status-publish","hentry","category-non-classifiee","tag-licenciement","tag-rupture"],"acf":[],"yoast_head":"<!-- This site is optimized with the Yoast SEO plugin v27.5 - https:\/\/yoast.com\/product\/yoast-seo-wordpress\/ -->\n<title>Demander \u00e0 son employeur les motifs de son licenciement - e2.law<\/title>\n<meta name=\"robots\" content=\"index, follow, max-snippet:-1, max-image-preview:large, max-video-preview:-1\" \/>\n<link rel=\"canonical\" href=\"https:\/\/www.e2.law\/fr\/enforceablerights\/demander-a-son-employeur-les-motifs-de-son-licenciement\/\" \/>\n<meta property=\"og:locale\" content=\"fr_FR\" \/>\n<meta property=\"og:type\" content=\"article\" \/>\n<meta property=\"og:title\" content=\"Demander \u00e0 son employeur les motifs de son licenciement - e2.law\" \/>\n<meta property=\"og:description\" content=\"Le travailleur a le droit de conna\u00eetre les motifs concrets qui ont conduit \u00e0 son licenciement. Ces motifs doivent \u00eatre suffisamment clairs et pr\u00e9cis. Ils doivent \u00e9galement \u00eatre, le cas \u00e9ch\u00e9ant, justifi\u00e9s par des \u00e9l\u00e9ments factuels. L&#8217;employeur ne peut se contenter de justifier le licenciement par des motifs vagues, impersonnels ou st\u00e9r\u00e9otyp\u00e9s comme : &#8220;difficult\u00e9s \u00e9conomique&#8221;  [...]\" \/>\n<meta property=\"og:url\" content=\"https:\/\/www.e2.law\/fr\/enforceablerights\/demander-a-son-employeur-les-motifs-de-son-licenciement\/\" \/>\n<meta property=\"og:site_name\" content=\"e2.law\" \/>\n<meta property=\"article:modified_time\" content=\"2022-10-03T21:54:08+00:00\" \/>\n<meta name=\"twitter:card\" content=\"summary_large_image\" \/>\n<meta name=\"twitter:label1\" content=\"Dur\u00e9e de lecture estim\u00e9e\" \/>\n\t<meta name=\"twitter:data1\" content=\"1 minute\" \/>\n<script type=\"application\/ld+json\" class=\"yoast-schema-graph\">{\"@context\":\"https:\\\/\\\/schema.org\",\"@graph\":[{\"@type\":\"WebPage\",\"@id\":\"https:\\\/\\\/www.e2.law\\\/fr\\\/enforceablerights\\\/demander-a-son-employeur-les-motifs-de-son-licenciement\\\/\",\"url\":\"https:\\\/\\\/www.e2.law\\\/fr\\\/enforceablerights\\\/demander-a-son-employeur-les-motifs-de-son-licenciement\\\/\",\"name\":\"Demander \u00e0 son employeur les motifs de son licenciement - e2.law\",\"isPartOf\":{\"@id\":\"https:\\\/\\\/www.e2.law\\\/fr\\\/#website\"},\"datePublished\":\"2022-10-03T20:24:29+00:00\",\"dateModified\":\"2022-10-03T21:54:08+00:00\",\"breadcrumb\":{\"@id\":\"https:\\\/\\\/www.e2.law\\\/fr\\\/enforceablerights\\\/demander-a-son-employeur-les-motifs-de-son-licenciement\\\/#breadcrumb\"},\"inLanguage\":\"fr-FR\",\"potentialAction\":[{\"@type\":\"ReadAction\",\"target\":[\"https:\\\/\\\/www.e2.law\\\/fr\\\/enforceablerights\\\/demander-a-son-employeur-les-motifs-de-son-licenciement\\\/\"]}]},{\"@type\":\"BreadcrumbList\",\"@id\":\"https:\\\/\\\/www.e2.law\\\/fr\\\/enforceablerights\\\/demander-a-son-employeur-les-motifs-de-son-licenciement\\\/#breadcrumb\",\"itemListElement\":[{\"@type\":\"ListItem\",\"position\":1,\"name\":\"Home\",\"item\":\"https:\\\/\\\/www.e2.law\\\/fr\\\/home\\\/\"},{\"@type\":\"ListItem\",\"position\":2,\"name\":\"Enforceable Rights\",\"item\":\"https:\\\/\\\/www.e2.law\\\/fr\\\/enforceablerights\\\/\"},{\"@type\":\"ListItem\",\"position\":3,\"name\":\"Demander \u00e0 son employeur les motifs de son licenciement\"}]},{\"@type\":\"WebSite\",\"@id\":\"https:\\\/\\\/www.e2.law\\\/fr\\\/#website\",\"url\":\"https:\\\/\\\/www.e2.law\\\/fr\\\/\",\"name\":\"e2.law\",\"description\":\"A Business Law Firm\",\"publisher\":{\"@id\":\"https:\\\/\\\/www.e2.law\\\/fr\\\/#organization\"},\"potentialAction\":[{\"@type\":\"SearchAction\",\"target\":{\"@type\":\"EntryPoint\",\"urlTemplate\":\"https:\\\/\\\/www.e2.law\\\/fr\\\/?s={search_term_string}\"},\"query-input\":{\"@type\":\"PropertyValueSpecification\",\"valueRequired\":true,\"valueName\":\"search_term_string\"}}],\"inLanguage\":\"fr-FR\"},{\"@type\":\"Organization\",\"@id\":\"https:\\\/\\\/www.e2.law\\\/fr\\\/#organization\",\"name\":\"E2.law\",\"url\":\"https:\\\/\\\/www.e2.law\\\/fr\\\/\",\"logo\":{\"@type\":\"ImageObject\",\"inLanguage\":\"fr-FR\",\"@id\":\"https:\\\/\\\/www.e2.law\\\/fr\\\/#\\\/schema\\\/logo\\\/image\\\/\",\"url\":\"https:\\\/\\\/www.e2.law\\\/wp-content\\\/uploads\\\/2018\\\/12\\\/logo-2.png\",\"contentUrl\":\"https:\\\/\\\/www.e2.law\\\/wp-content\\\/uploads\\\/2018\\\/12\\\/logo-2.png\",\"width\":152,\"height\":40,\"caption\":\"E2.law\"},\"image\":{\"@id\":\"https:\\\/\\\/www.e2.law\\\/fr\\\/#\\\/schema\\\/logo\\\/image\\\/\"},\"sameAs\":[\"https:\\\/\\\/www.linkedin.com\\\/company\\\/e2.law\"]}]}<\/script>\n<!-- \/ Yoast SEO plugin. -->","yoast_head_json":{"title":"Demander \u00e0 son employeur les motifs de son licenciement - e2.law","robots":{"index":"index","follow":"follow","max-snippet":"max-snippet:-1","max-image-preview":"max-image-preview:large","max-video-preview":"max-video-preview:-1"},"canonical":"https:\/\/www.e2.law\/fr\/enforceablerights\/demander-a-son-employeur-les-motifs-de-son-licenciement\/","og_locale":"fr_FR","og_type":"article","og_title":"Demander \u00e0 son employeur les motifs de son licenciement - e2.law","og_description":"Le travailleur a le droit de conna\u00eetre les motifs concrets qui ont conduit \u00e0 son licenciement. Ces motifs doivent \u00eatre suffisamment clairs et pr\u00e9cis. Ils doivent \u00e9galement \u00eatre, le cas \u00e9ch\u00e9ant, justifi\u00e9s par des \u00e9l\u00e9ments factuels. L&#8217;employeur ne peut se contenter de justifier le licenciement par des motifs vagues, impersonnels ou st\u00e9r\u00e9otyp\u00e9s comme : &#8220;difficult\u00e9s \u00e9conomique&#8221;  [...]","og_url":"https:\/\/www.e2.law\/fr\/enforceablerights\/demander-a-son-employeur-les-motifs-de-son-licenciement\/","og_site_name":"e2.law","article_modified_time":"2022-10-03T21:54:08+00:00","twitter_card":"summary_large_image","twitter_misc":{"Dur\u00e9e de lecture estim\u00e9e":"1 minute"},"schema":{"@context":"https:\/\/schema.org","@graph":[{"@type":"WebPage","@id":"https:\/\/www.e2.law\/fr\/enforceablerights\/demander-a-son-employeur-les-motifs-de-son-licenciement\/","url":"https:\/\/www.e2.law\/fr\/enforceablerights\/demander-a-son-employeur-les-motifs-de-son-licenciement\/","name":"Demander \u00e0 son employeur les motifs de son licenciement - e2.law","isPartOf":{"@id":"https:\/\/www.e2.law\/fr\/#website"},"datePublished":"2022-10-03T20:24:29+00:00","dateModified":"2022-10-03T21:54:08+00:00","breadcrumb":{"@id":"https:\/\/www.e2.law\/fr\/enforceablerights\/demander-a-son-employeur-les-motifs-de-son-licenciement\/#breadcrumb"},"inLanguage":"fr-FR","potentialAction":[{"@type":"ReadAction","target":["https:\/\/www.e2.law\/fr\/enforceablerights\/demander-a-son-employeur-les-motifs-de-son-licenciement\/"]}]},{"@type":"BreadcrumbList","@id":"https:\/\/www.e2.law\/fr\/enforceablerights\/demander-a-son-employeur-les-motifs-de-son-licenciement\/#breadcrumb","itemListElement":[{"@type":"ListItem","position":1,"name":"Home","item":"https:\/\/www.e2.law\/fr\/home\/"},{"@type":"ListItem","position":2,"name":"Enforceable Rights","item":"https:\/\/www.e2.law\/fr\/enforceablerights\/"},{"@type":"ListItem","position":3,"name":"Demander \u00e0 son employeur les motifs de son licenciement"}]},{"@type":"WebSite","@id":"https:\/\/www.e2.law\/fr\/#website","url":"https:\/\/www.e2.law\/fr\/","name":"e2.law","description":"A Business Law Firm","publisher":{"@id":"https:\/\/www.e2.law\/fr\/#organization"},"potentialAction":[{"@type":"SearchAction","target":{"@type":"EntryPoint","urlTemplate":"https:\/\/www.e2.law\/fr\/?s={search_term_string}"},"query-input":{"@type":"PropertyValueSpecification","valueRequired":true,"valueName":"search_term_string"}}],"inLanguage":"fr-FR"},{"@type":"Organization","@id":"https:\/\/www.e2.law\/fr\/#organization","name":"E2.law","url":"https:\/\/www.e2.law\/fr\/","logo":{"@type":"ImageObject","inLanguage":"fr-FR","@id":"https:\/\/www.e2.law\/fr\/#\/schema\/logo\/image\/","url":"https:\/\/www.e2.law\/wp-content\/uploads\/2018\/12\/logo-2.png","contentUrl":"https:\/\/www.e2.law\/wp-content\/uploads\/2018\/12\/logo-2.png","width":152,"height":40,"caption":"E2.law"},"image":{"@id":"https:\/\/www.e2.law\/fr\/#\/schema\/logo\/image\/"},"sameAs":["https:\/\/www.linkedin.com\/company\/e2.law"]}]}},"jetpack_sharing_enabled":true,"_links":{"self":[{"href":"https:\/\/www.e2.law\/fr\/wp-json\/wp\/v2\/enforceablerights\/42852","targetHints":{"allow":["GET"]}}],"collection":[{"href":"https:\/\/www.e2.law\/fr\/wp-json\/wp\/v2\/enforceablerights"}],"about":[{"href":"https:\/\/www.e2.law\/fr\/wp-json\/wp\/v2\/types\/enforceablerights"}],"wp:attachment":[{"href":"https:\/\/www.e2.law\/fr\/wp-json\/wp\/v2\/media?parent=42852"}],"wp:term":[{"taxonomy":"category","embeddable":true,"href":"https:\/\/www.e2.law\/fr\/wp-json\/wp\/v2\/categories?post=42852"},{"taxonomy":"post_tag","embeddable":true,"href":"https:\/\/www.e2.law\/fr\/wp-json\/wp\/v2\/tags?post=42852"}],"curies":[{"name":"wp","href":"https:\/\/api.w.org\/{rel}","templated":true}]}}

Demander à son employeur les motifs de son licenciement

<p>Le travailleur a le droit de connaître les <strong>motifs concrets</strong> qui ont conduit à son licenciement. Ces motifs doivent être suffisamment clairs et précis. Ils doivent également être, le cas échéant, justifiés par des éléments factuels.</p>
<p>L&#8217;employeur ne peut se contenter de justifier le licenciement par des motifs vagues, impersonnels ou stéréotypés comme :</p>
<ul>
<li>&#8220;difficultés économique&#8221; ;</li>
<li>&#8220;réorganisation du département&#8221; ;</li>
<li>&#8220;incompétence&#8221; ;</li>
<li>etc.</li>
</ul>
<p>L&#8217;employeur doit communiquer les motifs du licenciement <strong>par recommandé</strong> <strong>dans les 2 mois</strong> de la réception de la demande du travailleur.</p>

<!-- This site is optimized with the Yoast SEO plugin v27.5 - https://yoast.com/product/yoast-seo-wordpress/ -->
<title>Demander à son employeur les motifs de son licenciement - e2.law</title>
<meta name="robots" content="index, follow, max-snippet:-1, max-image-preview:large, max-video-preview:-1" />
<link rel="canonical" href="https://www.e2.law/fr/enforceablerights/demander-a-son-employeur-les-motifs-de-son-licenciement/" />
<meta property="og:locale" content="fr_FR" />
<meta property="og:type" content="article" />
<meta property="og:title" content="Demander à son employeur les motifs de son licenciement - e2.law" />
<meta property="og:description" content="Le travailleur a le droit de connaître les motifs concrets qui ont conduit à son licenciement. Ces motifs doivent être suffisamment clairs et précis. Ils doivent également être, le cas échéant, justifiés par des éléments factuels. L&#8217;employeur ne peut se contenter de justifier le licenciement par des motifs vagues, impersonnels ou stéréotypés comme : &#8220;difficultés économique&#8221;  [...]" />
<meta property="og:url" content="https://www.e2.law/fr/enforceablerights/demander-a-son-employeur-les-motifs-de-son-licenciement/" />
<meta property="og:site_name" content="e2.law" />
<meta property="article:modified_time" content="2022-10-03T21:54:08+00:00" />
<meta name="twitter:card" content="summary_large_image" />
<meta name="twitter:label1" content="Durée de lecture estimée" />
	<meta name="twitter:data1" content="1 minute" />
<script type="application/ld+json" class="yoast-schema-graph">{"@context":"https:\/\/schema.org","@graph":[{"@type":"WebPage","@id":"https:\/\/www.e2.law\/fr\/enforceablerights\/demander-a-son-employeur-les-motifs-de-son-licenciement\/","url":"https:\/\/www.e2.law\/fr\/enforceablerights\/demander-a-son-employeur-les-motifs-de-son-licenciement\/","name":"Demander à son employeur les motifs de son licenciement - e2.law","isPartOf":{"@id":"https:\/\/www.e2.law\/fr\/#website"},"datePublished":"2022-10-03T20:24:29+00:00","dateModified":"2022-10-03T21:54:08+00:00","breadcrumb":{"@id":"https:\/\/www.e2.law\/fr\/enforceablerights\/demander-a-son-employeur-les-motifs-de-son-licenciement\/#breadcrumb"},"inLanguage":"fr-FR","potentialAction":[{"@type":"ReadAction","target":["https:\/\/www.e2.law\/fr\/enforceablerights\/demander-a-son-employeur-les-motifs-de-son-licenciement\/"]}]},{"@type":"BreadcrumbList","@id":"https:\/\/www.e2.law\/fr\/enforceablerights\/demander-a-son-employeur-les-motifs-de-son-licenciement\/#breadcrumb","itemListElement":[{"@type":"ListItem","position":1,"name":"Home","item":"https:\/\/www.e2.law\/fr\/home\/"},{"@type":"ListItem","position":2,"name":"Enforceable Rights","item":"https:\/\/www.e2.law\/fr\/enforceablerights\/"},{"@type":"ListItem","position":3,"name":"Demander à son employeur les motifs de son licenciement"}]},{"@type":"WebSite","@id":"https:\/\/www.e2.law\/fr\/#website","url":"https:\/\/www.e2.law\/fr\/","name":"e2.law","description":"A Business Law Firm","publisher":{"@id":"https:\/\/www.e2.law\/fr\/#organization"},"potentialAction":[{"@type":"SearchAction","target":{"@type":"EntryPoint","urlTemplate":"https:\/\/www.e2.law\/fr\/?s={search_term_string}"},"query-input":{"@type":"PropertyValueSpecification","valueRequired":true,"valueName":"search_term_string"}}],"inLanguage":"fr-FR"},{"@type":"Organization","@id":"https:\/\/www.e2.law\/fr\/#organization","name":"E2.law","url":"https:\/\/www.e2.law\/fr\/","logo":{"@type":"ImageObject","inLanguage":"fr-FR","@id":"https:\/\/www.e2.law\/fr\/#\/schema\/logo\/image\/","url":"https:\/\/www.e2.law\/wp-content\/uploads\/2018\/12\/logo-2.png","contentUrl":"https:\/\/www.e2.law\/wp-content\/uploads\/2018\/12\/logo-2.png","width":152,"height":40,"caption":"E2.law"},"image":{"@id":"https:\/\/www.e2.law\/fr\/#\/schema\/logo\/image\/"},"sameAs":["https:\/\/www.linkedin.com\/company\/e2.law"]}]}</script>
<!-- / Yoast SEO plugin. -->

Demander à son employeur les motifs de son licenciement - e2.law

Le travailleur a le droit de connaître les motifs concrets qui ont conduit à son licenciement. Ces motifs doivent être suffisamment clairs et précis. Ils doivent également être, le cas échéant, justifiés par des éléments factuels. L&#8217;employeur ne peut se contenter de justifier le licenciement par des motifs vagues, impersonnels ou stéréotypés comme : &#8220;difficultés économique&#8221;  [...]
