{"id":44596,"date":"2024-03-01T15:52:31","date_gmt":"2024-03-01T13:52:31","guid":{"rendered":"https:\/\/www.e2.law\/?post_type=laws&#038;p=44596"},"modified":"2024-06-04T09:51:39","modified_gmt":"2024-06-04T07:51:39","slug":"5-mars-2002-loi-concernant-les-conditions-de-travail-de-remuneration-et-demploi-en-cas-de-de-travailleurs-en-belgique-et-le-respect-de-celles-ci","status":"publish","type":"laws","link":"https:\/\/www.e2.law\/fr\/laws\/5-mars-2002-loi-concernant-les-conditions-de-travail-de-remuneration-et-demploi-en-cas-de-de-travailleurs-en-belgique-et-le-respect-de-celles-ci\/","title":{"rendered":"5 MARS 2002. &#8211; [Loi concernant les conditions de travail, de r\u00e9mun\u00e9ration et d&#8217;emploi en cas de <d\u00e9tachement> de travailleurs en Belgique et le respect de celles-ci.]<L 2016-12-11\/03, art. 5, 004; En vigueur : 30-12-2016"},"content":{"rendered":"<div class=\"fusion-fullwidth fullwidth-box fusion-builder-row-1 fusion-flex-container has-pattern-background has-mask-background nonhundred-percent-fullwidth non-hundred-percent-height-scrolling\" style=\"--awb-border-radius-top-left:0px;--awb-border-radius-top-right:0px;--awb-border-radius-bottom-right:0px;--awb-border-radius-bottom-left:0px;--awb-flex-wrap:wrap;\" ><div class=\"fusion-builder-row fusion-row fusion-flex-align-items-flex-start fusion-flex-content-wrap\" style=\"max-width:1144px;margin-left: calc(-4% \/ 2 );margin-right: calc(-4% \/ 2 );\"><div class=\"fusion-layout-column fusion_builder_column fusion-builder-column-0 fusion_builder_column_1_1 1_1 fusion-flex-column\" style=\"--awb-bg-size:cover;--awb-width-large:100%;--awb-margin-top-large:0px;--awb-spacing-right-large:1.92%;--awb-margin-bottom-large:20px;--awb-spacing-left-large:1.92%;--awb-width-medium:100%;--awb-order-medium:0;--awb-spacing-right-medium:1.92%;--awb-spacing-left-medium:1.92%;--awb-width-small:100%;--awb-order-small:0;--awb-spacing-right-small:1.92%;--awb-spacing-left-small:1.92%;\"><div class=\"fusion-column-wrapper fusion-column-has-shadow fusion-flex-justify-content-flex-start fusion-content-layout-column\"><div class=\"fusion-text fusion-text-1\"><table border=\"1\" width=\"100%\">\n<tbody>\n<tr>\n<th align=\"center\" width=\"80%\"><span style=\"color: blue; font-size: x-large;\"><b>Table des mati\u00e8res<\/b><\/span><\/th>\n<th align=\"center\" bgcolor=\"#bcd9ff\" width=\"10%\"><a href=\"https:\/\/www.ejustice.just.fgov.be\/eli\/loi\/2002\/03\/05\/2002012455\/justel#texte\">Texte<\/a><\/th>\n<th align=\"center\" bgcolor=\"#bcd9ff\" width=\"10%\"><a href=\"https:\/\/www.ejustice.just.fgov.be\/eli\/loi\/2002\/03\/05\/2002012455\/justel#top\"><b>D\u00e9but<\/b><\/a><\/th>\n<\/tr>\n<tr>\n<th colspan=\"3\" align=\"left\" width=\"100%\"><a href=\"https:\/\/www.ejustice.just.fgov.be\/eli\/loi\/2002\/03\/05\/2002012455\/justel#LNK0001\" name=\"LNKR0001\">CHAPITRE I.<\/a>\u00a0&#8211; Champ d&#8217;application.<br \/>\nArt. 1, 1\/1, 2-4<br \/>\n<a href=\"https:\/\/www.ejustice.just.fgov.be\/eli\/loi\/2002\/03\/05\/2002012455\/justel#LNK0002\" name=\"LNKR0002\">CHAPITRE II.<\/a>\u00a0&#8211; R\u00e8gles applicables en cas de d\u00e9tachement de travailleurs en Belgique.<br \/>\nArt. 5-6, 6\/1, 7, 7\/1, 7\/1\/1, 7\/1\/2, 7\/1\/3, 7\/2, 7\/3, 8, 8bis, 8ter, 8quater<br \/>\n<a href=\"https:\/\/www.ejustice.just.fgov.be\/eli\/loi\/2002\/03\/05\/2002012455\/justel#LNK0003\" name=\"LNKR0003\">CHAPITRE III.<\/a>\u00a0&#8211; Dispositions particuli\u00e8res.<br \/>\nArt. 9<br \/>\n<a href=\"https:\/\/www.ejustice.just.fgov.be\/eli\/loi\/2002\/03\/05\/2002012455\/justel#LNK0005\" name=\"LNKR0005\">CHAPITRE III\/1.\u00a0<\/a>[<sup><span style=\"color: red;\">1<\/span><\/sup>\u00a0&#8211; Surveillance.]<sup><span style=\"color: red;\">1<\/span><\/sup><br \/>\nArt. 9\/1<br \/>\n<a href=\"https:\/\/www.ejustice.just.fgov.be\/eli\/loi\/2002\/03\/05\/2002012455\/justel#LNK0004\" name=\"LNKR0004\">CHAPITRE IV.<\/a>\u00a0&#8211; Entr\u00e9e en vigueur.<br \/>\nArt. 10<\/th>\n<\/tr>\n<\/tbody>\n<\/table>\n<\/div><\/div><\/div><\/div><\/div>\n","protected":false},"featured_media":0,"template":"","categories":[],"tags":[],"class_list":["post-44596","laws","type-laws","status-publish","hentry"],"acf":[],"yoast_head":"<!-- This site is optimized with the Yoast SEO plugin v27.5 - https:\/\/yoast.com\/product\/yoast-seo-wordpress\/ -->\n<title>5 MARS 2002. - [Loi concernant les conditions de travail, de r\u00e9mun\u00e9ration et d&#039;emploi en cas de  de travailleurs en Belgique et le respect de celles-ci.]<\/title>\n<meta name=\"robots\" content=\"index, follow, max-snippet:-1, max-image-preview:large, max-video-preview:-1\" \/>\n<link rel=\"canonical\" href=\"https:\/\/www.e2.law\/fr\/laws\/5-mars-2002-loi-concernant-les-conditions-de-travail-de-remuneration-et-demploi-en-cas-de-de-travailleurs-en-belgique-et-le-respect-de-celles-ci\/\" \/>\n<meta property=\"og:locale\" content=\"fr_FR\" \/>\n<meta property=\"og:type\" content=\"article\" \/>\n<meta property=\"og:title\" content=\"5 MARS 2002. - [Loi concernant les conditions de travail, de r\u00e9mun\u00e9ration et d&#039;emploi en cas de  de travailleurs en Belgique et le respect de celles-ci.]\" \/>\n<meta property=\"og:url\" content=\"https:\/\/www.e2.law\/fr\/laws\/5-mars-2002-loi-concernant-les-conditions-de-travail-de-remuneration-et-demploi-en-cas-de-de-travailleurs-en-belgique-et-le-respect-de-celles-ci\/\" \/>\n<meta property=\"og:site_name\" content=\"e2.law\" \/>\n<meta property=\"article:modified_time\" content=\"2024-06-04T07:51:39+00:00\" \/>\n<meta name=\"twitter:card\" content=\"summary_large_image\" \/>\n<meta name=\"twitter:label1\" content=\"Dur\u00e9e de lecture estim\u00e9e\" \/>\n\t<meta name=\"twitter:data1\" content=\"1 minute\" \/>\n<script type=\"application\/ld+json\" class=\"yoast-schema-graph\">{\"@context\":\"https:\\\/\\\/schema.org\",\"@graph\":[{\"@type\":\"WebPage\",\"@id\":\"https:\\\/\\\/www.e2.law\\\/fr\\\/laws\\\/5-mars-2002-loi-concernant-les-conditions-de-travail-de-remuneration-et-demploi-en-cas-de-de-travailleurs-en-belgique-et-le-respect-de-celles-ci\\\/\",\"url\":\"https:\\\/\\\/www.e2.law\\\/fr\\\/laws\\\/5-mars-2002-loi-concernant-les-conditions-de-travail-de-remuneration-et-demploi-en-cas-de-de-travailleurs-en-belgique-et-le-respect-de-celles-ci\\\/\",\"name\":\"5 MARS 2002. - [Loi concernant les conditions de travail, de r\u00e9mun\u00e9ration et d'emploi en cas de de travailleurs en Belgique et le respect de celles-ci.]\",\"isPartOf\":{\"@id\":\"https:\\\/\\\/www.e2.law\\\/fr\\\/#website\"},\"datePublished\":\"2024-03-01T13:52:31+00:00\",\"dateModified\":\"2024-06-04T07:51:39+00:00\",\"breadcrumb\":{\"@id\":\"https:\\\/\\\/www.e2.law\\\/fr\\\/laws\\\/5-mars-2002-loi-concernant-les-conditions-de-travail-de-remuneration-et-demploi-en-cas-de-de-travailleurs-en-belgique-et-le-respect-de-celles-ci\\\/#breadcrumb\"},\"inLanguage\":\"fr-FR\",\"potentialAction\":[{\"@type\":\"ReadAction\",\"target\":[\"https:\\\/\\\/www.e2.law\\\/fr\\\/laws\\\/5-mars-2002-loi-concernant-les-conditions-de-travail-de-remuneration-et-demploi-en-cas-de-de-travailleurs-en-belgique-et-le-respect-de-celles-ci\\\/\"]}]},{\"@type\":\"BreadcrumbList\",\"@id\":\"https:\\\/\\\/www.e2.law\\\/fr\\\/laws\\\/5-mars-2002-loi-concernant-les-conditions-de-travail-de-remuneration-et-demploi-en-cas-de-de-travailleurs-en-belgique-et-le-respect-de-celles-ci\\\/#breadcrumb\",\"itemListElement\":[{\"@type\":\"ListItem\",\"position\":1,\"name\":\"Home\",\"item\":\"https:\\\/\\\/www.e2.law\\\/fr\\\/home\\\/\"},{\"@type\":\"ListItem\",\"position\":2,\"name\":\"5 MARS 2002. &#8211; [Loi concernant les conditions de travail, de r\u00e9mun\u00e9ration et d&#8217;emploi en cas de de travailleurs en Belgique et le respect de celles-ci.]\"}]},{\"@type\":\"WebSite\",\"@id\":\"https:\\\/\\\/www.e2.law\\\/fr\\\/#website\",\"url\":\"https:\\\/\\\/www.e2.law\\\/fr\\\/\",\"name\":\"e2.law\",\"description\":\"A Business Law Firm\",\"publisher\":{\"@id\":\"https:\\\/\\\/www.e2.law\\\/fr\\\/#organization\"},\"potentialAction\":[{\"@type\":\"SearchAction\",\"target\":{\"@type\":\"EntryPoint\",\"urlTemplate\":\"https:\\\/\\\/www.e2.law\\\/fr\\\/?s={search_term_string}\"},\"query-input\":{\"@type\":\"PropertyValueSpecification\",\"valueRequired\":true,\"valueName\":\"search_term_string\"}}],\"inLanguage\":\"fr-FR\"},{\"@type\":\"Organization\",\"@id\":\"https:\\\/\\\/www.e2.law\\\/fr\\\/#organization\",\"name\":\"E2.law\",\"url\":\"https:\\\/\\\/www.e2.law\\\/fr\\\/\",\"logo\":{\"@type\":\"ImageObject\",\"inLanguage\":\"fr-FR\",\"@id\":\"https:\\\/\\\/www.e2.law\\\/fr\\\/#\\\/schema\\\/logo\\\/image\\\/\",\"url\":\"https:\\\/\\\/www.e2.law\\\/wp-content\\\/uploads\\\/2018\\\/12\\\/logo-2.png\",\"contentUrl\":\"https:\\\/\\\/www.e2.law\\\/wp-content\\\/uploads\\\/2018\\\/12\\\/logo-2.png\",\"width\":152,\"height\":40,\"caption\":\"E2.law\"},\"image\":{\"@id\":\"https:\\\/\\\/www.e2.law\\\/fr\\\/#\\\/schema\\\/logo\\\/image\\\/\"},\"sameAs\":[\"https:\\\/\\\/www.linkedin.com\\\/company\\\/e2.law\"]}]}<\/script>\n<!-- \/ Yoast SEO plugin. -->","yoast_head_json":{"title":"5 MARS 2002. - [Loi concernant les conditions de travail, de r\u00e9mun\u00e9ration et d'emploi en cas de  de travailleurs en Belgique et le respect de celles-ci.]","robots":{"index":"index","follow":"follow","max-snippet":"max-snippet:-1","max-image-preview":"max-image-preview:large","max-video-preview":"max-video-preview:-1"},"canonical":"https:\/\/www.e2.law\/fr\/laws\/5-mars-2002-loi-concernant-les-conditions-de-travail-de-remuneration-et-demploi-en-cas-de-de-travailleurs-en-belgique-et-le-respect-de-celles-ci\/","og_locale":"fr_FR","og_type":"article","og_title":"5 MARS 2002. - [Loi concernant les conditions de travail, de r\u00e9mun\u00e9ration et d'emploi en cas de  de travailleurs en Belgique et le respect de celles-ci.]","og_url":"https:\/\/www.e2.law\/fr\/laws\/5-mars-2002-loi-concernant-les-conditions-de-travail-de-remuneration-et-demploi-en-cas-de-de-travailleurs-en-belgique-et-le-respect-de-celles-ci\/","og_site_name":"e2.law","article_modified_time":"2024-06-04T07:51:39+00:00","twitter_card":"summary_large_image","twitter_misc":{"Dur\u00e9e de lecture estim\u00e9e":"1 minute"},"schema":{"@context":"https:\/\/schema.org","@graph":[{"@type":"WebPage","@id":"https:\/\/www.e2.law\/fr\/laws\/5-mars-2002-loi-concernant-les-conditions-de-travail-de-remuneration-et-demploi-en-cas-de-de-travailleurs-en-belgique-et-le-respect-de-celles-ci\/","url":"https:\/\/www.e2.law\/fr\/laws\/5-mars-2002-loi-concernant-les-conditions-de-travail-de-remuneration-et-demploi-en-cas-de-de-travailleurs-en-belgique-et-le-respect-de-celles-ci\/","name":"5 MARS 2002. - [Loi concernant les conditions de travail, de r\u00e9mun\u00e9ration et d'emploi en cas de de travailleurs en Belgique et le respect de celles-ci.]","isPartOf":{"@id":"https:\/\/www.e2.law\/fr\/#website"},"datePublished":"2024-03-01T13:52:31+00:00","dateModified":"2024-06-04T07:51:39+00:00","breadcrumb":{"@id":"https:\/\/www.e2.law\/fr\/laws\/5-mars-2002-loi-concernant-les-conditions-de-travail-de-remuneration-et-demploi-en-cas-de-de-travailleurs-en-belgique-et-le-respect-de-celles-ci\/#breadcrumb"},"inLanguage":"fr-FR","potentialAction":[{"@type":"ReadAction","target":["https:\/\/www.e2.law\/fr\/laws\/5-mars-2002-loi-concernant-les-conditions-de-travail-de-remuneration-et-demploi-en-cas-de-de-travailleurs-en-belgique-et-le-respect-de-celles-ci\/"]}]},{"@type":"BreadcrumbList","@id":"https:\/\/www.e2.law\/fr\/laws\/5-mars-2002-loi-concernant-les-conditions-de-travail-de-remuneration-et-demploi-en-cas-de-de-travailleurs-en-belgique-et-le-respect-de-celles-ci\/#breadcrumb","itemListElement":[{"@type":"ListItem","position":1,"name":"Home","item":"https:\/\/www.e2.law\/fr\/home\/"},{"@type":"ListItem","position":2,"name":"5 MARS 2002. &#8211; [Loi concernant les conditions de travail, de r\u00e9mun\u00e9ration et d&#8217;emploi en cas de de travailleurs en Belgique et le respect de celles-ci.]"}]},{"@type":"WebSite","@id":"https:\/\/www.e2.law\/fr\/#website","url":"https:\/\/www.e2.law\/fr\/","name":"e2.law","description":"A Business Law Firm","publisher":{"@id":"https:\/\/www.e2.law\/fr\/#organization"},"potentialAction":[{"@type":"SearchAction","target":{"@type":"EntryPoint","urlTemplate":"https:\/\/www.e2.law\/fr\/?s={search_term_string}"},"query-input":{"@type":"PropertyValueSpecification","valueRequired":true,"valueName":"search_term_string"}}],"inLanguage":"fr-FR"},{"@type":"Organization","@id":"https:\/\/www.e2.law\/fr\/#organization","name":"E2.law","url":"https:\/\/www.e2.law\/fr\/","logo":{"@type":"ImageObject","inLanguage":"fr-FR","@id":"https:\/\/www.e2.law\/fr\/#\/schema\/logo\/image\/","url":"https:\/\/www.e2.law\/wp-content\/uploads\/2018\/12\/logo-2.png","contentUrl":"https:\/\/www.e2.law\/wp-content\/uploads\/2018\/12\/logo-2.png","width":152,"height":40,"caption":"E2.law"},"image":{"@id":"https:\/\/www.e2.law\/fr\/#\/schema\/logo\/image\/"},"sameAs":["https:\/\/www.linkedin.com\/company\/e2.law"]}]}},"jetpack_sharing_enabled":true,"_links":{"self":[{"href":"https:\/\/www.e2.law\/fr\/wp-json\/wp\/v2\/laws\/44596","targetHints":{"allow":["GET"]}}],"collection":[{"href":"https:\/\/www.e2.law\/fr\/wp-json\/wp\/v2\/laws"}],"about":[{"href":"https:\/\/www.e2.law\/fr\/wp-json\/wp\/v2\/types\/laws"}],"wp:attachment":[{"href":"https:\/\/www.e2.law\/fr\/wp-json\/wp\/v2\/media?parent=44596"}],"wp:term":[{"taxonomy":"category","embeddable":true,"href":"https:\/\/www.e2.law\/fr\/wp-json\/wp\/v2\/categories?post=44596"},{"taxonomy":"post_tag","embeddable":true,"href":"https:\/\/www.e2.law\/fr\/wp-json\/wp\/v2\/tags?post=44596"}],"curies":[{"name":"wp","href":"https:\/\/api.w.org\/{rel}","templated":true}]}}

5 MARS 2002. &#8211; [Loi concernant les conditions de travail, de rémunération et d&#8217;emploi en cas de <détachement> de travailleurs en Belgique et le respect de celles-ci.]<L 2016-12-11/03, art. 5, 004; En vigueur : 30-12-2016

<div class="fusion-fullwidth fullwidth-box fusion-builder-row-1 fusion-flex-container has-pattern-background has-mask-background nonhundred-percent-fullwidth non-hundred-percent-height-scrolling" style="--awb-border-radius-top-left:0px;--awb-border-radius-top-right:0px;--awb-border-radius-bottom-right:0px;--awb-border-radius-bottom-left:0px;--awb-flex-wrap:wrap;" ><div class="fusion-builder-row fusion-row fusion-flex-align-items-flex-start fusion-flex-content-wrap" style="max-width:1144px;margin-left: calc(-4% / 2 );margin-right: calc(-4% / 2 );"><div class="fusion-layout-column fusion_builder_column fusion-builder-column-0 fusion_builder_column_1_1 1_1 fusion-flex-column" style="--awb-bg-size:cover;--awb-width-large:100%;--awb-margin-top-large:0px;--awb-spacing-right-large:1.92%;--awb-margin-bottom-large:20px;--awb-spacing-left-large:1.92%;--awb-width-medium:100%;--awb-order-medium:0;--awb-spacing-right-medium:1.92%;--awb-spacing-left-medium:1.92%;--awb-width-small:100%;--awb-order-small:0;--awb-spacing-right-small:1.92%;--awb-spacing-left-small:1.92%;"><div class="fusion-column-wrapper fusion-column-has-shadow fusion-flex-justify-content-flex-start fusion-content-layout-column"><div class="fusion-text fusion-text-1"><table border="1" width="100%">
<tbody>
<tr>
<th align="center" width="80%"><span style="color: blue; font-size: x-large;"><b>Table des matières</b></span></th>
<th align="center" bgcolor="#bcd9ff" width="10%"><a href="https://www.ejustice.just.fgov.be/eli/loi/2002/03/05/2002012455/justel#texte">Texte</a></th>
<th align="center" bgcolor="#bcd9ff" width="10%"><a href="https://www.ejustice.just.fgov.be/eli/loi/2002/03/05/2002012455/justel#top"><b>Début</b></a></th>
</tr>
<tr>
<th colspan="3" align="left" width="100%"><a href="https://www.ejustice.just.fgov.be/eli/loi/2002/03/05/2002012455/justel#LNK0001" name="LNKR0001">CHAPITRE I.</a> &#8211; Champ d&#8217;application.<br />
Art. 1, 1/1, 2-4<br />
<a href="https://www.ejustice.just.fgov.be/eli/loi/2002/03/05/2002012455/justel#LNK0002" name="LNKR0002">CHAPITRE II.</a> &#8211; Règles applicables en cas de détachement de travailleurs en Belgique.<br />
Art. 5-6, 6/1, 7, 7/1, 7/1/1, 7/1/2, 7/1/3, 7/2, 7/3, 8, 8bis, 8ter, 8quater<br />
<a href="https://www.ejustice.just.fgov.be/eli/loi/2002/03/05/2002012455/justel#LNK0003" name="LNKR0003">CHAPITRE III.</a> &#8211; Dispositions particulières.<br />
Art. 9<br />
<a href="https://www.ejustice.just.fgov.be/eli/loi/2002/03/05/2002012455/justel#LNK0005" name="LNKR0005">CHAPITRE III/1. </a>[<sup><span style="color: red;">1</span></sup> &#8211; Surveillance.]<sup><span style="color: red;">1</span></sup><br />
Art. 9/1<br />
<a href="https://www.ejustice.just.fgov.be/eli/loi/2002/03/05/2002012455/justel#LNK0004" name="LNKR0004">CHAPITRE IV.</a> &#8211; Entrée en vigueur.<br />
Art. 10</th>
</tr>
</tbody>
</table>
</div></div></div></div></div>

<!-- This site is optimized with the Yoast SEO plugin v27.5 - https://yoast.com/product/yoast-seo-wordpress/ -->
<title>5 MARS 2002. - [Loi concernant les conditions de travail, de rémunération et d&#039;emploi en cas de  de travailleurs en Belgique et le respect de celles-ci.]</title>
<meta name="robots" content="index, follow, max-snippet:-1, max-image-preview:large, max-video-preview:-1" />
<link rel="canonical" href="https://www.e2.law/fr/laws/5-mars-2002-loi-concernant-les-conditions-de-travail-de-remuneration-et-demploi-en-cas-de-de-travailleurs-en-belgique-et-le-respect-de-celles-ci/" />
<meta property="og:locale" content="fr_FR" />
<meta property="og:type" content="article" />
<meta property="og:title" content="5 MARS 2002. - [Loi concernant les conditions de travail, de rémunération et d&#039;emploi en cas de  de travailleurs en Belgique et le respect de celles-ci.]" />
<meta property="og:url" content="https://www.e2.law/fr/laws/5-mars-2002-loi-concernant-les-conditions-de-travail-de-remuneration-et-demploi-en-cas-de-de-travailleurs-en-belgique-et-le-respect-de-celles-ci/" />
<meta property="og:site_name" content="e2.law" />
<meta property="article:modified_time" content="2024-06-04T07:51:39+00:00" />
<meta name="twitter:card" content="summary_large_image" />
<meta name="twitter:label1" content="Durée de lecture estimée" />
	<meta name="twitter:data1" content="1 minute" />
<script type="application/ld+json" class="yoast-schema-graph">{"@context":"https:\/\/schema.org","@graph":[{"@type":"WebPage","@id":"https:\/\/www.e2.law\/fr\/laws\/5-mars-2002-loi-concernant-les-conditions-de-travail-de-remuneration-et-demploi-en-cas-de-de-travailleurs-en-belgique-et-le-respect-de-celles-ci\/","url":"https:\/\/www.e2.law\/fr\/laws\/5-mars-2002-loi-concernant-les-conditions-de-travail-de-remuneration-et-demploi-en-cas-de-de-travailleurs-en-belgique-et-le-respect-de-celles-ci\/","name":"5 MARS 2002. - [Loi concernant les conditions de travail, de rémunération et d'emploi en cas de de travailleurs en Belgique et le respect de celles-ci.]","isPartOf":{"@id":"https:\/\/www.e2.law\/fr\/#website"},"datePublished":"2024-03-01T13:52:31+00:00","dateModified":"2024-06-04T07:51:39+00:00","breadcrumb":{"@id":"https:\/\/www.e2.law\/fr\/laws\/5-mars-2002-loi-concernant-les-conditions-de-travail-de-remuneration-et-demploi-en-cas-de-de-travailleurs-en-belgique-et-le-respect-de-celles-ci\/#breadcrumb"},"inLanguage":"fr-FR","potentialAction":[{"@type":"ReadAction","target":["https:\/\/www.e2.law\/fr\/laws\/5-mars-2002-loi-concernant-les-conditions-de-travail-de-remuneration-et-demploi-en-cas-de-de-travailleurs-en-belgique-et-le-respect-de-celles-ci\/"]}]},{"@type":"BreadcrumbList","@id":"https:\/\/www.e2.law\/fr\/laws\/5-mars-2002-loi-concernant-les-conditions-de-travail-de-remuneration-et-demploi-en-cas-de-de-travailleurs-en-belgique-et-le-respect-de-celles-ci\/#breadcrumb","itemListElement":[{"@type":"ListItem","position":1,"name":"Home","item":"https:\/\/www.e2.law\/fr\/home\/"},{"@type":"ListItem","position":2,"name":"5 MARS 2002. &#8211; [Loi concernant les conditions de travail, de rémunération et d&#8217;emploi en cas de de travailleurs en Belgique et le respect de celles-ci.]"}]},{"@type":"WebSite","@id":"https:\/\/www.e2.law\/fr\/#website","url":"https:\/\/www.e2.law\/fr\/","name":"e2.law","description":"A Business Law Firm","publisher":{"@id":"https:\/\/www.e2.law\/fr\/#organization"},"potentialAction":[{"@type":"SearchAction","target":{"@type":"EntryPoint","urlTemplate":"https:\/\/www.e2.law\/fr\/?s={search_term_string}"},"query-input":{"@type":"PropertyValueSpecification","valueRequired":true,"valueName":"search_term_string"}}],"inLanguage":"fr-FR"},{"@type":"Organization","@id":"https:\/\/www.e2.law\/fr\/#organization","name":"E2.law","url":"https:\/\/www.e2.law\/fr\/","logo":{"@type":"ImageObject","inLanguage":"fr-FR","@id":"https:\/\/www.e2.law\/fr\/#\/schema\/logo\/image\/","url":"https:\/\/www.e2.law\/wp-content\/uploads\/2018\/12\/logo-2.png","contentUrl":"https:\/\/www.e2.law\/wp-content\/uploads\/2018\/12\/logo-2.png","width":152,"height":40,"caption":"E2.law"},"image":{"@id":"https:\/\/www.e2.law\/fr\/#\/schema\/logo\/image\/"},"sameAs":["https:\/\/www.linkedin.com\/company\/e2.law"]}]}</script>
<!-- / Yoast SEO plugin. -->

5 MARS 2002. - [Loi concernant les conditions de travail, de rémunération et d'emploi en cas de  de travailleurs en Belgique et le respect de celles-ci.]

5 MARS 2002. - [Loi concernant les conditions de travail, de rémunération et d'emploi en cas de de travailleurs en Belgique et le respect de celles-ci.]

5 MARS 2002. &#8211; [Loi concernant les conditions de travail, de rémunération et d&#8217;emploi en cas de de travailleurs en Belgique et le respect de celles-ci.]
