{"id":26401,"date":"2020-07-27T16:10:26","date_gmt":"2020-07-27T14:10:26","guid":{"rendered":"https:\/\/www.e2.law\/?post_type=legalconcepts&#038;p=26401"},"modified":"2020-07-27T16:57:26","modified_gmt":"2020-07-27T14:57:26","slug":"reprise-des-engagements-pris-au-nom-dune-societe-en-formation","status":"publish","type":"legalconcepts","link":"https:\/\/www.e2.law\/fr\/legalconcepts\/reprise-des-engagements-pris-au-nom-dune-societe-en-formation\/","title":{"rendered":"Reprise des engagements pris au nom d&#8217;une personne morale en formation"},"content":{"rendered":"<p>Les fondateurs sont tenus des engagements qu&#8217;ils ont pris au nom de la soci\u00e9t\u00e9 en formation sauf si:<\/p>\n<ul>\n<li>La personne morale est constitu\u00e9e dans les deux ans de la conclusion de l&#8217;engagement<\/li>\n<li>Et elle reprend les engagements dans les trois mois de l&#8217;acquisition de la personnalit\u00e9 juridique<\/li>\n<\/ul>\n","protected":false},"featured_media":0,"template":"","categories":[],"tags":[],"class_list":["post-26401","legalconcepts","type-legalconcepts","status-publish","hentry"],"acf":[],"yoast_head":"<!-- This site is optimized with the Yoast SEO plugin v27.5 - https:\/\/yoast.com\/product\/yoast-seo-wordpress\/ -->\n<title>Reprise des engagements pris au nom d&#039;une personne morale en formation - e2.law<\/title>\n<meta name=\"robots\" content=\"index, follow, max-snippet:-1, max-image-preview:large, max-video-preview:-1\" \/>\n<link rel=\"canonical\" href=\"https:\/\/www.e2.law\/fr\/legalconcepts\/reprise-des-engagements-pris-au-nom-dune-societe-en-formation\/\" \/>\n<meta property=\"og:locale\" content=\"fr_FR\" \/>\n<meta property=\"og:type\" content=\"article\" \/>\n<meta property=\"og:title\" content=\"Reprise des engagements pris au nom d&#039;une personne morale en formation - e2.law\" \/>\n<meta property=\"og:description\" content=\"Les fondateurs sont tenus des engagements qu&#8217;ils ont pris au nom de la soci\u00e9t\u00e9 en formation sauf si: La personne morale est constitu\u00e9e dans les deux ans de la conclusion de l&#8217;engagement Et elle reprend les engagements dans les trois mois de l&#8217;acquisition de la personnalit\u00e9 juridique\" \/>\n<meta property=\"og:url\" content=\"https:\/\/www.e2.law\/fr\/legalconcepts\/reprise-des-engagements-pris-au-nom-dune-societe-en-formation\/\" \/>\n<meta property=\"og:site_name\" content=\"e2.law\" \/>\n<meta property=\"article:modified_time\" content=\"2020-07-27T14:57:26+00:00\" \/>\n<meta name=\"twitter:card\" content=\"summary_large_image\" \/>\n<script type=\"application\/ld+json\" class=\"yoast-schema-graph\">{\"@context\":\"https:\\\/\\\/schema.org\",\"@graph\":[{\"@type\":\"WebPage\",\"@id\":\"https:\\\/\\\/www.e2.law\\\/fr\\\/legalconcepts\\\/reprise-des-engagements-pris-au-nom-dune-societe-en-formation\\\/\",\"url\":\"https:\\\/\\\/www.e2.law\\\/fr\\\/legalconcepts\\\/reprise-des-engagements-pris-au-nom-dune-societe-en-formation\\\/\",\"name\":\"Reprise des engagements pris au nom d'une personne morale en formation - e2.law\",\"isPartOf\":{\"@id\":\"https:\\\/\\\/www.e2.law\\\/fr\\\/#website\"},\"datePublished\":\"2020-07-27T14:10:26+00:00\",\"dateModified\":\"2020-07-27T14:57:26+00:00\",\"breadcrumb\":{\"@id\":\"https:\\\/\\\/www.e2.law\\\/fr\\\/legalconcepts\\\/reprise-des-engagements-pris-au-nom-dune-societe-en-formation\\\/#breadcrumb\"},\"inLanguage\":\"fr-FR\",\"potentialAction\":[{\"@type\":\"ReadAction\",\"target\":[\"https:\\\/\\\/www.e2.law\\\/fr\\\/legalconcepts\\\/reprise-des-engagements-pris-au-nom-dune-societe-en-formation\\\/\"]}]},{\"@type\":\"BreadcrumbList\",\"@id\":\"https:\\\/\\\/www.e2.law\\\/fr\\\/legalconcepts\\\/reprise-des-engagements-pris-au-nom-dune-societe-en-formation\\\/#breadcrumb\",\"itemListElement\":[{\"@type\":\"ListItem\",\"position\":1,\"name\":\"Home\",\"item\":\"https:\\\/\\\/www.e2.law\\\/fr\\\/home\\\/\"},{\"@type\":\"ListItem\",\"position\":2,\"name\":\"Reprise des engagements pris au nom d&#8217;une personne morale en formation\"}]},{\"@type\":\"WebSite\",\"@id\":\"https:\\\/\\\/www.e2.law\\\/fr\\\/#website\",\"url\":\"https:\\\/\\\/www.e2.law\\\/fr\\\/\",\"name\":\"e2.law\",\"description\":\"A Business Law Firm\",\"publisher\":{\"@id\":\"https:\\\/\\\/www.e2.law\\\/fr\\\/#organization\"},\"potentialAction\":[{\"@type\":\"SearchAction\",\"target\":{\"@type\":\"EntryPoint\",\"urlTemplate\":\"https:\\\/\\\/www.e2.law\\\/fr\\\/?s={search_term_string}\"},\"query-input\":{\"@type\":\"PropertyValueSpecification\",\"valueRequired\":true,\"valueName\":\"search_term_string\"}}],\"inLanguage\":\"fr-FR\"},{\"@type\":\"Organization\",\"@id\":\"https:\\\/\\\/www.e2.law\\\/fr\\\/#organization\",\"name\":\"E2.law\",\"url\":\"https:\\\/\\\/www.e2.law\\\/fr\\\/\",\"logo\":{\"@type\":\"ImageObject\",\"inLanguage\":\"fr-FR\",\"@id\":\"https:\\\/\\\/www.e2.law\\\/fr\\\/#\\\/schema\\\/logo\\\/image\\\/\",\"url\":\"https:\\\/\\\/www.e2.law\\\/wp-content\\\/uploads\\\/2018\\\/12\\\/logo-2.png\",\"contentUrl\":\"https:\\\/\\\/www.e2.law\\\/wp-content\\\/uploads\\\/2018\\\/12\\\/logo-2.png\",\"width\":152,\"height\":40,\"caption\":\"E2.law\"},\"image\":{\"@id\":\"https:\\\/\\\/www.e2.law\\\/fr\\\/#\\\/schema\\\/logo\\\/image\\\/\"},\"sameAs\":[\"https:\\\/\\\/www.linkedin.com\\\/company\\\/e2.law\"]}]}<\/script>\n<!-- \/ Yoast SEO plugin. -->","yoast_head_json":{"title":"Reprise des engagements pris au nom d'une personne morale en formation - e2.law","robots":{"index":"index","follow":"follow","max-snippet":"max-snippet:-1","max-image-preview":"max-image-preview:large","max-video-preview":"max-video-preview:-1"},"canonical":"https:\/\/www.e2.law\/fr\/legalconcepts\/reprise-des-engagements-pris-au-nom-dune-societe-en-formation\/","og_locale":"fr_FR","og_type":"article","og_title":"Reprise des engagements pris au nom d'une personne morale en formation - e2.law","og_description":"Les fondateurs sont tenus des engagements qu&#8217;ils ont pris au nom de la soci\u00e9t\u00e9 en formation sauf si: La personne morale est constitu\u00e9e dans les deux ans de la conclusion de l&#8217;engagement Et elle reprend les engagements dans les trois mois de l&#8217;acquisition de la personnalit\u00e9 juridique","og_url":"https:\/\/www.e2.law\/fr\/legalconcepts\/reprise-des-engagements-pris-au-nom-dune-societe-en-formation\/","og_site_name":"e2.law","article_modified_time":"2020-07-27T14:57:26+00:00","twitter_card":"summary_large_image","schema":{"@context":"https:\/\/schema.org","@graph":[{"@type":"WebPage","@id":"https:\/\/www.e2.law\/fr\/legalconcepts\/reprise-des-engagements-pris-au-nom-dune-societe-en-formation\/","url":"https:\/\/www.e2.law\/fr\/legalconcepts\/reprise-des-engagements-pris-au-nom-dune-societe-en-formation\/","name":"Reprise des engagements pris au nom d'une personne morale en formation - e2.law","isPartOf":{"@id":"https:\/\/www.e2.law\/fr\/#website"},"datePublished":"2020-07-27T14:10:26+00:00","dateModified":"2020-07-27T14:57:26+00:00","breadcrumb":{"@id":"https:\/\/www.e2.law\/fr\/legalconcepts\/reprise-des-engagements-pris-au-nom-dune-societe-en-formation\/#breadcrumb"},"inLanguage":"fr-FR","potentialAction":[{"@type":"ReadAction","target":["https:\/\/www.e2.law\/fr\/legalconcepts\/reprise-des-engagements-pris-au-nom-dune-societe-en-formation\/"]}]},{"@type":"BreadcrumbList","@id":"https:\/\/www.e2.law\/fr\/legalconcepts\/reprise-des-engagements-pris-au-nom-dune-societe-en-formation\/#breadcrumb","itemListElement":[{"@type":"ListItem","position":1,"name":"Home","item":"https:\/\/www.e2.law\/fr\/home\/"},{"@type":"ListItem","position":2,"name":"Reprise des engagements pris au nom d&#8217;une personne morale en formation"}]},{"@type":"WebSite","@id":"https:\/\/www.e2.law\/fr\/#website","url":"https:\/\/www.e2.law\/fr\/","name":"e2.law","description":"A Business Law Firm","publisher":{"@id":"https:\/\/www.e2.law\/fr\/#organization"},"potentialAction":[{"@type":"SearchAction","target":{"@type":"EntryPoint","urlTemplate":"https:\/\/www.e2.law\/fr\/?s={search_term_string}"},"query-input":{"@type":"PropertyValueSpecification","valueRequired":true,"valueName":"search_term_string"}}],"inLanguage":"fr-FR"},{"@type":"Organization","@id":"https:\/\/www.e2.law\/fr\/#organization","name":"E2.law","url":"https:\/\/www.e2.law\/fr\/","logo":{"@type":"ImageObject","inLanguage":"fr-FR","@id":"https:\/\/www.e2.law\/fr\/#\/schema\/logo\/image\/","url":"https:\/\/www.e2.law\/wp-content\/uploads\/2018\/12\/logo-2.png","contentUrl":"https:\/\/www.e2.law\/wp-content\/uploads\/2018\/12\/logo-2.png","width":152,"height":40,"caption":"E2.law"},"image":{"@id":"https:\/\/www.e2.law\/fr\/#\/schema\/logo\/image\/"},"sameAs":["https:\/\/www.linkedin.com\/company\/e2.law"]}]}},"jetpack_sharing_enabled":true,"_links":{"self":[{"href":"https:\/\/www.e2.law\/fr\/wp-json\/wp\/v2\/legalconcepts\/26401","targetHints":{"allow":["GET"]}}],"collection":[{"href":"https:\/\/www.e2.law\/fr\/wp-json\/wp\/v2\/legalconcepts"}],"about":[{"href":"https:\/\/www.e2.law\/fr\/wp-json\/wp\/v2\/types\/legalconcepts"}],"wp:attachment":[{"href":"https:\/\/www.e2.law\/fr\/wp-json\/wp\/v2\/media?parent=26401"}],"wp:term":[{"taxonomy":"category","embeddable":true,"href":"https:\/\/www.e2.law\/fr\/wp-json\/wp\/v2\/categories?post=26401"},{"taxonomy":"post_tag","embeddable":true,"href":"https:\/\/www.e2.law\/fr\/wp-json\/wp\/v2\/tags?post=26401"}],"curies":[{"name":"wp","href":"https:\/\/api.w.org\/{rel}","templated":true}]}}

<p>Les fondateurs sont tenus des engagements qu&#8217;ils ont pris au nom de la société en formation sauf si:</p>
<ul>
<li>La personne morale est constituée dans les deux ans de la conclusion de l&#8217;engagement</li>
<li>Et elle reprend les engagements dans les trois mois de l&#8217;acquisition de la personnalité juridique</li>
</ul>

<!-- This site is optimized with the Yoast SEO plugin v27.5 - https://yoast.com/product/yoast-seo-wordpress/ -->
<title>Reprise des engagements pris au nom d&#039;une personne morale en formation - e2.law</title>
<meta name="robots" content="index, follow, max-snippet:-1, max-image-preview:large, max-video-preview:-1" />
<link rel="canonical" href="https://www.e2.law/fr/legalconcepts/reprise-des-engagements-pris-au-nom-dune-societe-en-formation/" />
<meta property="og:locale" content="fr_FR" />
<meta property="og:type" content="article" />
<meta property="og:title" content="Reprise des engagements pris au nom d&#039;une personne morale en formation - e2.law" />
<meta property="og:description" content="Les fondateurs sont tenus des engagements qu&#8217;ils ont pris au nom de la société en formation sauf si: La personne morale est constituée dans les deux ans de la conclusion de l&#8217;engagement Et elle reprend les engagements dans les trois mois de l&#8217;acquisition de la personnalité juridique" />
<meta property="og:url" content="https://www.e2.law/fr/legalconcepts/reprise-des-engagements-pris-au-nom-dune-societe-en-formation/" />
<meta property="og:site_name" content="e2.law" />
<meta property="article:modified_time" content="2020-07-27T14:57:26+00:00" />
<meta name="twitter:card" content="summary_large_image" />
<script type="application/ld+json" class="yoast-schema-graph">{"@context":"https:\/\/schema.org","@graph":[{"@type":"WebPage","@id":"https:\/\/www.e2.law\/fr\/legalconcepts\/reprise-des-engagements-pris-au-nom-dune-societe-en-formation\/","url":"https:\/\/www.e2.law\/fr\/legalconcepts\/reprise-des-engagements-pris-au-nom-dune-societe-en-formation\/","name":"Reprise des engagements pris au nom d'une personne morale en formation - e2.law","isPartOf":{"@id":"https:\/\/www.e2.law\/fr\/#website"},"datePublished":"2020-07-27T14:10:26+00:00","dateModified":"2020-07-27T14:57:26+00:00","breadcrumb":{"@id":"https:\/\/www.e2.law\/fr\/legalconcepts\/reprise-des-engagements-pris-au-nom-dune-societe-en-formation\/#breadcrumb"},"inLanguage":"fr-FR","potentialAction":[{"@type":"ReadAction","target":["https:\/\/www.e2.law\/fr\/legalconcepts\/reprise-des-engagements-pris-au-nom-dune-societe-en-formation\/"]}]},{"@type":"BreadcrumbList","@id":"https:\/\/www.e2.law\/fr\/legalconcepts\/reprise-des-engagements-pris-au-nom-dune-societe-en-formation\/#breadcrumb","itemListElement":[{"@type":"ListItem","position":1,"name":"Home","item":"https:\/\/www.e2.law\/fr\/home\/"},{"@type":"ListItem","position":2,"name":"Reprise des engagements pris au nom d&#8217;une personne morale en formation"}]},{"@type":"WebSite","@id":"https:\/\/www.e2.law\/fr\/#website","url":"https:\/\/www.e2.law\/fr\/","name":"e2.law","description":"A Business Law Firm","publisher":{"@id":"https:\/\/www.e2.law\/fr\/#organization"},"potentialAction":[{"@type":"SearchAction","target":{"@type":"EntryPoint","urlTemplate":"https:\/\/www.e2.law\/fr\/?s={search_term_string}"},"query-input":{"@type":"PropertyValueSpecification","valueRequired":true,"valueName":"search_term_string"}}],"inLanguage":"fr-FR"},{"@type":"Organization","@id":"https:\/\/www.e2.law\/fr\/#organization","name":"E2.law","url":"https:\/\/www.e2.law\/fr\/","logo":{"@type":"ImageObject","inLanguage":"fr-FR","@id":"https:\/\/www.e2.law\/fr\/#\/schema\/logo\/image\/","url":"https:\/\/www.e2.law\/wp-content\/uploads\/2018\/12\/logo-2.png","contentUrl":"https:\/\/www.e2.law\/wp-content\/uploads\/2018\/12\/logo-2.png","width":152,"height":40,"caption":"E2.law"},"image":{"@id":"https:\/\/www.e2.law\/fr\/#\/schema\/logo\/image\/"},"sameAs":["https:\/\/www.linkedin.com\/company\/e2.law"]}]}</script>
<!-- / Yoast SEO plugin. -->

Les fondateurs sont tenus des engagements qu&#8217;ils ont pris au nom de la société en formation sauf si: La personne morale est constituée dans les deux ans de la conclusion de l&#8217;engagement Et elle reprend les engagements dans les trois mois de l&#8217;acquisition de la personnalité juridique
