{"id":39599,"date":"2023-01-11T13:43:50","date_gmt":"2023-01-11T11:43:50","guid":{"rendered":"https:\/\/www.e2.law\/?post_type=legalconcepts&#038;p=39599"},"modified":"2023-01-12T10:31:10","modified_gmt":"2023-01-12T08:31:10","slug":"bail-commercial","status":"publish","type":"legalconcepts","link":"https:\/\/www.e2.law\/fr\/legalconcepts\/bail-commercial\/","title":{"rendered":"Bail commercial"},"content":{"rendered":"<p>Le <strong>bail commercial<\/strong> est, en application de la <a href=\"https:\/\/www.e2.law\/fr\/?post_type=laws&amp;p=39596&amp;preview=true\">loi du 30 avril 1951 relative aux baux commerciaux<\/a>, un bail qui, soit de mani\u00e8re expresse ou tacite d\u00e8s l&#8217;entr\u00e9e en jouissance du preneur, soit de l&#8217;accord expr\u00e8s des parties en cours du bail, est affect\u00e9 principalement par le preneur ou par un sous-locataire \u00e0 l&#8217;exercice d&#8217;un commerce de d\u00e9tail ou \u00e0 l&#8217;activit\u00e9 d&#8217;un artisan directement en contact avec le public.<\/p>\n<p>La qualification de &#8220;bail commercial&#8221; suppose donc la r\u00e9union de six conditions :<\/p>\n<ol>\n<li>un bail ;<\/li>\n<li>qui porte sur un immeuble ou une partie d&#8217;immeuble ;<\/li>\n<li>l&#8217;immeuble en question doit \u00eatre affect\u00e9 \u00e0 l&#8217;exercice d&#8217;un commerce de d\u00e9tail ou \u00e0 l&#8217;activit\u00e9 d&#8217;un artisan ;<\/li>\n<li>ces activit\u00e9s doivent impliquer un contact direct avec le public ;<\/li>\n<li>l&#8217;affectation doit l&#8217;\u00eatre \u00e0 titre principal ;<\/li>\n<li>les parties doivent \u00eatre d&#8217;accord sur cette affectation.<\/li>\n<\/ol>\n<p>&nbsp;<\/p>\n","protected":false},"featured_media":0,"template":"","categories":[141],"tags":[1347,1103,1104],"class_list":["post-39599","legalconcepts","type-legalconcepts","status-publish","hentry","category-non-classifiee","tag-locataire","tag-bail-commercial","tag-bail"],"acf":[],"yoast_head":"<!-- This site is optimized with the Yoast SEO plugin v27.5 - https:\/\/yoast.com\/product\/yoast-seo-wordpress\/ -->\n<title>Bail commercial - e2.law<\/title>\n<meta name=\"description\" content=\"Le bail commercial est un bail affect\u00e9 principalement \u00e0 l&#039;exercice d&#039;un commerce de d\u00e9tail ou \u00e0 l&#039;activit\u00e9 d&#039;un artisan en contact directect avec le public.\" \/>\n<meta name=\"robots\" content=\"index, follow, max-snippet:-1, max-image-preview:large, max-video-preview:-1\" \/>\n<link rel=\"canonical\" href=\"https:\/\/www.e2.law\/fr\/legalconcepts\/bail-commercial\/\" \/>\n<meta property=\"og:locale\" content=\"fr_FR\" \/>\n<meta property=\"og:type\" content=\"article\" \/>\n<meta property=\"og:title\" content=\"Bail commercial - e2.law\" \/>\n<meta property=\"og:description\" content=\"Le bail commercial est un bail affect\u00e9 principalement \u00e0 l&#039;exercice d&#039;un commerce de d\u00e9tail ou \u00e0 l&#039;activit\u00e9 d&#039;un artisan en contact directect avec le public.\" \/>\n<meta property=\"og:url\" content=\"https:\/\/www.e2.law\/fr\/legalconcepts\/bail-commercial\/\" \/>\n<meta property=\"og:site_name\" content=\"e2.law\" \/>\n<meta property=\"article:modified_time\" content=\"2023-01-12T08:31:10+00:00\" \/>\n<meta name=\"twitter:card\" content=\"summary_large_image\" \/>\n<meta name=\"twitter:label1\" content=\"Dur\u00e9e de lecture estim\u00e9e\" \/>\n\t<meta name=\"twitter:data1\" content=\"1 minute\" \/>\n<script type=\"application\/ld+json\" class=\"yoast-schema-graph\">{\"@context\":\"https:\\\/\\\/schema.org\",\"@graph\":[{\"@type\":\"WebPage\",\"@id\":\"https:\\\/\\\/www.e2.law\\\/fr\\\/legalconcepts\\\/bail-commercial\\\/\",\"url\":\"https:\\\/\\\/www.e2.law\\\/fr\\\/legalconcepts\\\/bail-commercial\\\/\",\"name\":\"Bail commercial - e2.law\",\"isPartOf\":{\"@id\":\"https:\\\/\\\/www.e2.law\\\/fr\\\/#website\"},\"datePublished\":\"2023-01-11T11:43:50+00:00\",\"dateModified\":\"2023-01-12T08:31:10+00:00\",\"description\":\"Le bail commercial est un bail affect\u00e9 principalement \u00e0 l'exercice d'un commerce de d\u00e9tail ou \u00e0 l'activit\u00e9 d'un artisan en contact directect avec le public.\",\"breadcrumb\":{\"@id\":\"https:\\\/\\\/www.e2.law\\\/fr\\\/legalconcepts\\\/bail-commercial\\\/#breadcrumb\"},\"inLanguage\":\"fr-FR\",\"potentialAction\":[{\"@type\":\"ReadAction\",\"target\":[\"https:\\\/\\\/www.e2.law\\\/fr\\\/legalconcepts\\\/bail-commercial\\\/\"]}]},{\"@type\":\"BreadcrumbList\",\"@id\":\"https:\\\/\\\/www.e2.law\\\/fr\\\/legalconcepts\\\/bail-commercial\\\/#breadcrumb\",\"itemListElement\":[{\"@type\":\"ListItem\",\"position\":1,\"name\":\"Home\",\"item\":\"https:\\\/\\\/www.e2.law\\\/fr\\\/home\\\/\"},{\"@type\":\"ListItem\",\"position\":2,\"name\":\"Bail commercial\"}]},{\"@type\":\"WebSite\",\"@id\":\"https:\\\/\\\/www.e2.law\\\/fr\\\/#website\",\"url\":\"https:\\\/\\\/www.e2.law\\\/fr\\\/\",\"name\":\"e2.law\",\"description\":\"A Business Law Firm\",\"publisher\":{\"@id\":\"https:\\\/\\\/www.e2.law\\\/fr\\\/#organization\"},\"potentialAction\":[{\"@type\":\"SearchAction\",\"target\":{\"@type\":\"EntryPoint\",\"urlTemplate\":\"https:\\\/\\\/www.e2.law\\\/fr\\\/?s={search_term_string}\"},\"query-input\":{\"@type\":\"PropertyValueSpecification\",\"valueRequired\":true,\"valueName\":\"search_term_string\"}}],\"inLanguage\":\"fr-FR\"},{\"@type\":\"Organization\",\"@id\":\"https:\\\/\\\/www.e2.law\\\/fr\\\/#organization\",\"name\":\"E2.law\",\"url\":\"https:\\\/\\\/www.e2.law\\\/fr\\\/\",\"logo\":{\"@type\":\"ImageObject\",\"inLanguage\":\"fr-FR\",\"@id\":\"https:\\\/\\\/www.e2.law\\\/fr\\\/#\\\/schema\\\/logo\\\/image\\\/\",\"url\":\"https:\\\/\\\/www.e2.law\\\/wp-content\\\/uploads\\\/2018\\\/12\\\/logo-2.png\",\"contentUrl\":\"https:\\\/\\\/www.e2.law\\\/wp-content\\\/uploads\\\/2018\\\/12\\\/logo-2.png\",\"width\":152,\"height\":40,\"caption\":\"E2.law\"},\"image\":{\"@id\":\"https:\\\/\\\/www.e2.law\\\/fr\\\/#\\\/schema\\\/logo\\\/image\\\/\"},\"sameAs\":[\"https:\\\/\\\/www.linkedin.com\\\/company\\\/e2.law\"]}]}<\/script>\n<!-- \/ Yoast SEO plugin. -->","yoast_head_json":{"title":"Bail commercial - e2.law","description":"Le bail commercial est un bail affect\u00e9 principalement \u00e0 l'exercice d'un commerce de d\u00e9tail ou \u00e0 l'activit\u00e9 d'un artisan en contact directect avec le public.","robots":{"index":"index","follow":"follow","max-snippet":"max-snippet:-1","max-image-preview":"max-image-preview:large","max-video-preview":"max-video-preview:-1"},"canonical":"https:\/\/www.e2.law\/fr\/legalconcepts\/bail-commercial\/","og_locale":"fr_FR","og_type":"article","og_title":"Bail commercial - e2.law","og_description":"Le bail commercial est un bail affect\u00e9 principalement \u00e0 l'exercice d'un commerce de d\u00e9tail ou \u00e0 l'activit\u00e9 d'un artisan en contact directect avec le public.","og_url":"https:\/\/www.e2.law\/fr\/legalconcepts\/bail-commercial\/","og_site_name":"e2.law","article_modified_time":"2023-01-12T08:31:10+00:00","twitter_card":"summary_large_image","twitter_misc":{"Dur\u00e9e de lecture estim\u00e9e":"1 minute"},"schema":{"@context":"https:\/\/schema.org","@graph":[{"@type":"WebPage","@id":"https:\/\/www.e2.law\/fr\/legalconcepts\/bail-commercial\/","url":"https:\/\/www.e2.law\/fr\/legalconcepts\/bail-commercial\/","name":"Bail commercial - e2.law","isPartOf":{"@id":"https:\/\/www.e2.law\/fr\/#website"},"datePublished":"2023-01-11T11:43:50+00:00","dateModified":"2023-01-12T08:31:10+00:00","description":"Le bail commercial est un bail affect\u00e9 principalement \u00e0 l'exercice d'un commerce de d\u00e9tail ou \u00e0 l'activit\u00e9 d'un artisan en contact directect avec le public.","breadcrumb":{"@id":"https:\/\/www.e2.law\/fr\/legalconcepts\/bail-commercial\/#breadcrumb"},"inLanguage":"fr-FR","potentialAction":[{"@type":"ReadAction","target":["https:\/\/www.e2.law\/fr\/legalconcepts\/bail-commercial\/"]}]},{"@type":"BreadcrumbList","@id":"https:\/\/www.e2.law\/fr\/legalconcepts\/bail-commercial\/#breadcrumb","itemListElement":[{"@type":"ListItem","position":1,"name":"Home","item":"https:\/\/www.e2.law\/fr\/home\/"},{"@type":"ListItem","position":2,"name":"Bail commercial"}]},{"@type":"WebSite","@id":"https:\/\/www.e2.law\/fr\/#website","url":"https:\/\/www.e2.law\/fr\/","name":"e2.law","description":"A Business Law Firm","publisher":{"@id":"https:\/\/www.e2.law\/fr\/#organization"},"potentialAction":[{"@type":"SearchAction","target":{"@type":"EntryPoint","urlTemplate":"https:\/\/www.e2.law\/fr\/?s={search_term_string}"},"query-input":{"@type":"PropertyValueSpecification","valueRequired":true,"valueName":"search_term_string"}}],"inLanguage":"fr-FR"},{"@type":"Organization","@id":"https:\/\/www.e2.law\/fr\/#organization","name":"E2.law","url":"https:\/\/www.e2.law\/fr\/","logo":{"@type":"ImageObject","inLanguage":"fr-FR","@id":"https:\/\/www.e2.law\/fr\/#\/schema\/logo\/image\/","url":"https:\/\/www.e2.law\/wp-content\/uploads\/2018\/12\/logo-2.png","contentUrl":"https:\/\/www.e2.law\/wp-content\/uploads\/2018\/12\/logo-2.png","width":152,"height":40,"caption":"E2.law"},"image":{"@id":"https:\/\/www.e2.law\/fr\/#\/schema\/logo\/image\/"},"sameAs":["https:\/\/www.linkedin.com\/company\/e2.law"]}]}},"jetpack_sharing_enabled":true,"_links":{"self":[{"href":"https:\/\/www.e2.law\/fr\/wp-json\/wp\/v2\/legalconcepts\/39599","targetHints":{"allow":["GET"]}}],"collection":[{"href":"https:\/\/www.e2.law\/fr\/wp-json\/wp\/v2\/legalconcepts"}],"about":[{"href":"https:\/\/www.e2.law\/fr\/wp-json\/wp\/v2\/types\/legalconcepts"}],"wp:attachment":[{"href":"https:\/\/www.e2.law\/fr\/wp-json\/wp\/v2\/media?parent=39599"}],"wp:term":[{"taxonomy":"category","embeddable":true,"href":"https:\/\/www.e2.law\/fr\/wp-json\/wp\/v2\/categories?post=39599"},{"taxonomy":"post_tag","embeddable":true,"href":"https:\/\/www.e2.law\/fr\/wp-json\/wp\/v2\/tags?post=39599"}],"curies":[{"name":"wp","href":"https:\/\/api.w.org\/{rel}","templated":true}]}}

<p>Le <strong>bail commercial</strong> est, en application de la <a href="https://www.e2.law/fr/?post_type=laws&amp;p=39596&amp;preview=true">loi du 30 avril 1951 relative aux baux commerciaux</a>, un bail qui, soit de manière expresse ou tacite dès l&#8217;entrée en jouissance du preneur, soit de l&#8217;accord exprès des parties en cours du bail, est affecté principalement par le preneur ou par un sous-locataire à l&#8217;exercice d&#8217;un commerce de détail ou à l&#8217;activité d&#8217;un artisan directement en contact avec le public.</p>
<p>La qualification de &#8220;bail commercial&#8221; suppose donc la réunion de six conditions :</p>
<ol>
<li>un bail ;</li>
<li>qui porte sur un immeuble ou une partie d&#8217;immeuble ;</li>
<li>l&#8217;immeuble en question doit être affecté à l&#8217;exercice d&#8217;un commerce de détail ou à l&#8217;activité d&#8217;un artisan ;</li>
<li>ces activités doivent impliquer un contact direct avec le public ;</li>
<li>l&#8217;affectation doit l&#8217;être à titre principal ;</li>
<li>les parties doivent être d&#8217;accord sur cette affectation.</li>
</ol>
<p>&nbsp;</p>

<!-- This site is optimized with the Yoast SEO plugin v27.5 - https://yoast.com/product/yoast-seo-wordpress/ -->
<title>Bail commercial - e2.law</title>
<meta name="description" content="Le bail commercial est un bail affecté principalement à l&#039;exercice d&#039;un commerce de détail ou à l&#039;activité d&#039;un artisan en contact directect avec le public." />
<meta name="robots" content="index, follow, max-snippet:-1, max-image-preview:large, max-video-preview:-1" />
<link rel="canonical" href="https://www.e2.law/fr/legalconcepts/bail-commercial/" />
<meta property="og:locale" content="fr_FR" />
<meta property="og:type" content="article" />
<meta property="og:title" content="Bail commercial - e2.law" />
<meta property="og:description" content="Le bail commercial est un bail affecté principalement à l&#039;exercice d&#039;un commerce de détail ou à l&#039;activité d&#039;un artisan en contact directect avec le public." />
<meta property="og:url" content="https://www.e2.law/fr/legalconcepts/bail-commercial/" />
<meta property="og:site_name" content="e2.law" />
<meta property="article:modified_time" content="2023-01-12T08:31:10+00:00" />
<meta name="twitter:card" content="summary_large_image" />
<meta name="twitter:label1" content="Durée de lecture estimée" />
	<meta name="twitter:data1" content="1 minute" />
<script type="application/ld+json" class="yoast-schema-graph">{"@context":"https:\/\/schema.org","@graph":[{"@type":"WebPage","@id":"https:\/\/www.e2.law\/fr\/legalconcepts\/bail-commercial\/","url":"https:\/\/www.e2.law\/fr\/legalconcepts\/bail-commercial\/","name":"Bail commercial - e2.law","isPartOf":{"@id":"https:\/\/www.e2.law\/fr\/#website"},"datePublished":"2023-01-11T11:43:50+00:00","dateModified":"2023-01-12T08:31:10+00:00","description":"Le bail commercial est un bail affecté principalement à l'exercice d'un commerce de détail ou à l'activité d'un artisan en contact directect avec le public.","breadcrumb":{"@id":"https:\/\/www.e2.law\/fr\/legalconcepts\/bail-commercial\/#breadcrumb"},"inLanguage":"fr-FR","potentialAction":[{"@type":"ReadAction","target":["https:\/\/www.e2.law\/fr\/legalconcepts\/bail-commercial\/"]}]},{"@type":"BreadcrumbList","@id":"https:\/\/www.e2.law\/fr\/legalconcepts\/bail-commercial\/#breadcrumb","itemListElement":[{"@type":"ListItem","position":1,"name":"Home","item":"https:\/\/www.e2.law\/fr\/home\/"},{"@type":"ListItem","position":2,"name":"Bail commercial"}]},{"@type":"WebSite","@id":"https:\/\/www.e2.law\/fr\/#website","url":"https:\/\/www.e2.law\/fr\/","name":"e2.law","description":"A Business Law Firm","publisher":{"@id":"https:\/\/www.e2.law\/fr\/#organization"},"potentialAction":[{"@type":"SearchAction","target":{"@type":"EntryPoint","urlTemplate":"https:\/\/www.e2.law\/fr\/?s={search_term_string}"},"query-input":{"@type":"PropertyValueSpecification","valueRequired":true,"valueName":"search_term_string"}}],"inLanguage":"fr-FR"},{"@type":"Organization","@id":"https:\/\/www.e2.law\/fr\/#organization","name":"E2.law","url":"https:\/\/www.e2.law\/fr\/","logo":{"@type":"ImageObject","inLanguage":"fr-FR","@id":"https:\/\/www.e2.law\/fr\/#\/schema\/logo\/image\/","url":"https:\/\/www.e2.law\/wp-content\/uploads\/2018\/12\/logo-2.png","contentUrl":"https:\/\/www.e2.law\/wp-content\/uploads\/2018\/12\/logo-2.png","width":152,"height":40,"caption":"E2.law"},"image":{"@id":"https:\/\/www.e2.law\/fr\/#\/schema\/logo\/image\/"},"sameAs":["https:\/\/www.linkedin.com\/company\/e2.law"]}]}</script>
<!-- / Yoast SEO plugin. -->

Le bail commercial est un bail affecté principalement à l'exercice d'un commerce de détail ou à l'activité d'un artisan en contact directect avec le public.
