{"id":42242,"date":"2022-06-07T11:15:55","date_gmt":"2022-06-07T09:15:55","guid":{"rendered":"https:\/\/www.e2.law\/?post_type=needs&#038;p=42242"},"modified":"2025-10-20T15:13:07","modified_gmt":"2025-10-20T13:13:07","slug":"reclamation-administrative","status":"publish","type":"needs","link":"https:\/\/www.e2.law\/fr\/needs\/reclamation-administrative\/","title":{"rendered":"Introduire une r\u00e9clamation administrative"},"content":{"rendered":"<p>Lorsque vous n\u2019\u00eates pas d\u2019accord avec le montant d\u2019imp\u00f4t que vous devez payer, vous pouvez introduire une r\u00e9clamation administrative dans un d\u00e9lai de <strong>6 mois \u00e0 dater de l&#8217;envoi de votre avertissement extrait de r\u00f4le<\/strong>.<span class=\"Apple-converted-space\">\u00a0<\/span><\/p>\n<p>Ce d\u00e9lai de 6 mois est d&#8217;application lorsque vous recevez votre avertissement extrait de r\u00f4le de base ou lorsque vous en recevez un nouveau suite \u00e0 une rectification ult\u00e9rieure.<\/p>\n<p>R\u00e9diger une r\u00e9clamation administrative n\u2019est pas \u00e0 prendre \u00e0 la l\u00e9g\u00e8re et vous permet d\u2019\u00e9viter les cours et tribunaux si cela a \u00e9t\u00e9 bien fait\u00a0!<\/p>\n<p><span style=\"text-decoration: underline;\">Notre m\u00e9thode\u00a0pour vous assister dans ce cadre :<\/span><\/p>\n<ol>\n<li>Vous nous exposez votre probl\u00e8me et discutons ensemble de l\u2019opportunit\u00e9 de contester l\u2019imp\u00f4t\u00a0;<\/li>\n<li>Si cela semble opportun et que vous d\u00e9sirez faire appel \u00e0 nos services, nous vous proposons un forfait\u00a0;<\/li>\n<li>Nous r\u00e9digeons les documents utiles\u00a0et effectuons les d\u00e9marches aupr\u00e8s de l\u2019administration ;<\/li>\n<li>Nous effectuons le suivi de votre proc\u00e9dure jusque la phase finale.<\/li>\n<\/ol>\n<p>Si vous souhaitez faire appel \u00e0 nos services, prenez contact avec nous ici.<\/p>\n","protected":false},"featured_media":43777,"template":"","categories":[1521],"tags":[1228,1329,1333],"class_list":["post-42242","needs","type-needs","status-publish","has-post-thumbnail","hentry","category-proteger-et-se-conformer","tag-regler-une-situation-liee-aux-impots","tag-entreprise-2","tag-un-particulier"],"acf":[],"yoast_head":"<!-- This site is optimized with the Yoast SEO plugin v27.5 - https:\/\/yoast.com\/product\/yoast-seo-wordpress\/ -->\n<title>Introduire une r\u00e9clamation administrative - e2.law<\/title>\n<meta name=\"robots\" content=\"index, follow, max-snippet:-1, max-image-preview:large, max-video-preview:-1\" \/>\n<link rel=\"canonical\" href=\"https:\/\/www.e2.law\/fr\/needs\/reclamation-administrative\/\" \/>\n<meta property=\"og:locale\" content=\"fr_FR\" \/>\n<meta property=\"og:type\" content=\"article\" \/>\n<meta property=\"og:title\" content=\"Introduire une r\u00e9clamation administrative - e2.law\" \/>\n<meta property=\"og:description\" content=\"Lorsque vous n\u2019\u00eates pas d\u2019accord avec le montant d\u2019imp\u00f4t que vous devez payer, vous pouvez introduire une r\u00e9clamation administrative dans un d\u00e9lai de 6 mois \u00e0 dater de l&#8217;envoi de votre avertissement extrait de r\u00f4le.\u00a0 Ce d\u00e9lai de 6 mois est d&#8217;application lorsque vous recevez votre avertissement extrait de r\u00f4le de base ou lorsque vous en  [...]\" \/>\n<meta property=\"og:url\" content=\"https:\/\/www.e2.law\/fr\/needs\/reclamation-administrative\/\" \/>\n<meta property=\"og:site_name\" content=\"e2.law\" \/>\n<meta property=\"article:modified_time\" content=\"2025-10-20T13:13:07+00:00\" \/>\n<meta property=\"og:image\" content=\"https:\/\/www.e2.law\/wp-content\/uploads\/2022\/06\/Reclamation.png\" \/>\n\t<meta property=\"og:image:width\" content=\"800\" \/>\n\t<meta property=\"og:image:height\" content=\"800\" \/>\n\t<meta property=\"og:image:type\" content=\"image\/png\" \/>\n<meta name=\"twitter:card\" content=\"summary_large_image\" \/>\n<meta name=\"twitter:label1\" content=\"Dur\u00e9e de lecture estim\u00e9e\" \/>\n\t<meta name=\"twitter:data1\" content=\"1 minute\" \/>\n<script type=\"application\/ld+json\" class=\"yoast-schema-graph\">{\"@context\":\"https:\\\/\\\/schema.org\",\"@graph\":[{\"@type\":\"WebPage\",\"@id\":\"https:\\\/\\\/www.e2.law\\\/fr\\\/needs\\\/reclamation-administrative\\\/\",\"url\":\"https:\\\/\\\/www.e2.law\\\/fr\\\/needs\\\/reclamation-administrative\\\/\",\"name\":\"Introduire une r\u00e9clamation administrative - e2.law\",\"isPartOf\":{\"@id\":\"https:\\\/\\\/www.e2.law\\\/fr\\\/#website\"},\"primaryImageOfPage\":{\"@id\":\"https:\\\/\\\/www.e2.law\\\/fr\\\/needs\\\/reclamation-administrative\\\/#primaryimage\"},\"image\":{\"@id\":\"https:\\\/\\\/www.e2.law\\\/fr\\\/needs\\\/reclamation-administrative\\\/#primaryimage\"},\"thumbnailUrl\":\"https:\\\/\\\/i0.wp.com\\\/www.e2.law\\\/wp-content\\\/uploads\\\/2022\\\/06\\\/Reclamation.png?fit=800%2C800&ssl=1\",\"datePublished\":\"2022-06-07T09:15:55+00:00\",\"dateModified\":\"2025-10-20T13:13:07+00:00\",\"breadcrumb\":{\"@id\":\"https:\\\/\\\/www.e2.law\\\/fr\\\/needs\\\/reclamation-administrative\\\/#breadcrumb\"},\"inLanguage\":\"fr-FR\",\"potentialAction\":[{\"@type\":\"ReadAction\",\"target\":[\"https:\\\/\\\/www.e2.law\\\/fr\\\/needs\\\/reclamation-administrative\\\/\"]}]},{\"@type\":\"ImageObject\",\"inLanguage\":\"fr-FR\",\"@id\":\"https:\\\/\\\/www.e2.law\\\/fr\\\/needs\\\/reclamation-administrative\\\/#primaryimage\",\"url\":\"https:\\\/\\\/i0.wp.com\\\/www.e2.law\\\/wp-content\\\/uploads\\\/2022\\\/06\\\/Reclamation.png?fit=800%2C800&ssl=1\",\"contentUrl\":\"https:\\\/\\\/i0.wp.com\\\/www.e2.law\\\/wp-content\\\/uploads\\\/2022\\\/06\\\/Reclamation.png?fit=800%2C800&ssl=1\",\"width\":800,\"height\":800},{\"@type\":\"BreadcrumbList\",\"@id\":\"https:\\\/\\\/www.e2.law\\\/fr\\\/needs\\\/reclamation-administrative\\\/#breadcrumb\",\"itemListElement\":[{\"@type\":\"ListItem\",\"position\":1,\"name\":\"Home\",\"item\":\"https:\\\/\\\/www.e2.law\\\/fr\\\/home\\\/\"},{\"@type\":\"ListItem\",\"position\":2,\"name\":\"Goals\",\"item\":\"https:\\\/\\\/www.e2.law\\\/fr\\\/needs\\\/\"},{\"@type\":\"ListItem\",\"position\":3,\"name\":\"Introduire une r\u00e9clamation administrative\"}]},{\"@type\":\"WebSite\",\"@id\":\"https:\\\/\\\/www.e2.law\\\/fr\\\/#website\",\"url\":\"https:\\\/\\\/www.e2.law\\\/fr\\\/\",\"name\":\"e2.law\",\"description\":\"A Business Law Firm\",\"publisher\":{\"@id\":\"https:\\\/\\\/www.e2.law\\\/fr\\\/#organization\"},\"potentialAction\":[{\"@type\":\"SearchAction\",\"target\":{\"@type\":\"EntryPoint\",\"urlTemplate\":\"https:\\\/\\\/www.e2.law\\\/fr\\\/?s={search_term_string}\"},\"query-input\":{\"@type\":\"PropertyValueSpecification\",\"valueRequired\":true,\"valueName\":\"search_term_string\"}}],\"inLanguage\":\"fr-FR\"},{\"@type\":\"Organization\",\"@id\":\"https:\\\/\\\/www.e2.law\\\/fr\\\/#organization\",\"name\":\"E2.law\",\"url\":\"https:\\\/\\\/www.e2.law\\\/fr\\\/\",\"logo\":{\"@type\":\"ImageObject\",\"inLanguage\":\"fr-FR\",\"@id\":\"https:\\\/\\\/www.e2.law\\\/fr\\\/#\\\/schema\\\/logo\\\/image\\\/\",\"url\":\"https:\\\/\\\/www.e2.law\\\/wp-content\\\/uploads\\\/2018\\\/12\\\/logo-2.png\",\"contentUrl\":\"https:\\\/\\\/www.e2.law\\\/wp-content\\\/uploads\\\/2018\\\/12\\\/logo-2.png\",\"width\":152,\"height\":40,\"caption\":\"E2.law\"},\"image\":{\"@id\":\"https:\\\/\\\/www.e2.law\\\/fr\\\/#\\\/schema\\\/logo\\\/image\\\/\"},\"sameAs\":[\"https:\\\/\\\/www.linkedin.com\\\/company\\\/e2.law\"]}]}<\/script>\n<!-- \/ Yoast SEO plugin. -->","yoast_head_json":{"title":"Introduire une r\u00e9clamation administrative - e2.law","robots":{"index":"index","follow":"follow","max-snippet":"max-snippet:-1","max-image-preview":"max-image-preview:large","max-video-preview":"max-video-preview:-1"},"canonical":"https:\/\/www.e2.law\/fr\/needs\/reclamation-administrative\/","og_locale":"fr_FR","og_type":"article","og_title":"Introduire une r\u00e9clamation administrative - e2.law","og_description":"Lorsque vous n\u2019\u00eates pas d\u2019accord avec le montant d\u2019imp\u00f4t que vous devez payer, vous pouvez introduire une r\u00e9clamation administrative dans un d\u00e9lai de 6 mois \u00e0 dater de l&#8217;envoi de votre avertissement extrait de r\u00f4le.\u00a0 Ce d\u00e9lai de 6 mois est d&#8217;application lorsque vous recevez votre avertissement extrait de r\u00f4le de base ou lorsque vous en  [...]","og_url":"https:\/\/www.e2.law\/fr\/needs\/reclamation-administrative\/","og_site_name":"e2.law","article_modified_time":"2025-10-20T13:13:07+00:00","og_image":[{"width":800,"height":800,"url":"https:\/\/www.e2.law\/wp-content\/uploads\/2022\/06\/Reclamation.png","type":"image\/png"}],"twitter_card":"summary_large_image","twitter_misc":{"Dur\u00e9e de lecture estim\u00e9e":"1 minute"},"schema":{"@context":"https:\/\/schema.org","@graph":[{"@type":"WebPage","@id":"https:\/\/www.e2.law\/fr\/needs\/reclamation-administrative\/","url":"https:\/\/www.e2.law\/fr\/needs\/reclamation-administrative\/","name":"Introduire une r\u00e9clamation administrative - e2.law","isPartOf":{"@id":"https:\/\/www.e2.law\/fr\/#website"},"primaryImageOfPage":{"@id":"https:\/\/www.e2.law\/fr\/needs\/reclamation-administrative\/#primaryimage"},"image":{"@id":"https:\/\/www.e2.law\/fr\/needs\/reclamation-administrative\/#primaryimage"},"thumbnailUrl":"https:\/\/i0.wp.com\/www.e2.law\/wp-content\/uploads\/2022\/06\/Reclamation.png?fit=800%2C800&ssl=1","datePublished":"2022-06-07T09:15:55+00:00","dateModified":"2025-10-20T13:13:07+00:00","breadcrumb":{"@id":"https:\/\/www.e2.law\/fr\/needs\/reclamation-administrative\/#breadcrumb"},"inLanguage":"fr-FR","potentialAction":[{"@type":"ReadAction","target":["https:\/\/www.e2.law\/fr\/needs\/reclamation-administrative\/"]}]},{"@type":"ImageObject","inLanguage":"fr-FR","@id":"https:\/\/www.e2.law\/fr\/needs\/reclamation-administrative\/#primaryimage","url":"https:\/\/i0.wp.com\/www.e2.law\/wp-content\/uploads\/2022\/06\/Reclamation.png?fit=800%2C800&ssl=1","contentUrl":"https:\/\/i0.wp.com\/www.e2.law\/wp-content\/uploads\/2022\/06\/Reclamation.png?fit=800%2C800&ssl=1","width":800,"height":800},{"@type":"BreadcrumbList","@id":"https:\/\/www.e2.law\/fr\/needs\/reclamation-administrative\/#breadcrumb","itemListElement":[{"@type":"ListItem","position":1,"name":"Home","item":"https:\/\/www.e2.law\/fr\/home\/"},{"@type":"ListItem","position":2,"name":"Goals","item":"https:\/\/www.e2.law\/fr\/needs\/"},{"@type":"ListItem","position":3,"name":"Introduire une r\u00e9clamation administrative"}]},{"@type":"WebSite","@id":"https:\/\/www.e2.law\/fr\/#website","url":"https:\/\/www.e2.law\/fr\/","name":"e2.law","description":"A Business Law Firm","publisher":{"@id":"https:\/\/www.e2.law\/fr\/#organization"},"potentialAction":[{"@type":"SearchAction","target":{"@type":"EntryPoint","urlTemplate":"https:\/\/www.e2.law\/fr\/?s={search_term_string}"},"query-input":{"@type":"PropertyValueSpecification","valueRequired":true,"valueName":"search_term_string"}}],"inLanguage":"fr-FR"},{"@type":"Organization","@id":"https:\/\/www.e2.law\/fr\/#organization","name":"E2.law","url":"https:\/\/www.e2.law\/fr\/","logo":{"@type":"ImageObject","inLanguage":"fr-FR","@id":"https:\/\/www.e2.law\/fr\/#\/schema\/logo\/image\/","url":"https:\/\/www.e2.law\/wp-content\/uploads\/2018\/12\/logo-2.png","contentUrl":"https:\/\/www.e2.law\/wp-content\/uploads\/2018\/12\/logo-2.png","width":152,"height":40,"caption":"E2.law"},"image":{"@id":"https:\/\/www.e2.law\/fr\/#\/schema\/logo\/image\/"},"sameAs":["https:\/\/www.linkedin.com\/company\/e2.law"]}]}},"jetpack_sharing_enabled":true,"_links":{"self":[{"href":"https:\/\/www.e2.law\/fr\/wp-json\/wp\/v2\/needs\/42242","targetHints":{"allow":["GET"]}}],"collection":[{"href":"https:\/\/www.e2.law\/fr\/wp-json\/wp\/v2\/needs"}],"about":[{"href":"https:\/\/www.e2.law\/fr\/wp-json\/wp\/v2\/types\/needs"}],"wp:featuredmedia":[{"embeddable":true,"href":"https:\/\/www.e2.law\/fr\/wp-json\/wp\/v2\/media\/43777"}],"wp:attachment":[{"href":"https:\/\/www.e2.law\/fr\/wp-json\/wp\/v2\/media?parent=42242"}],"wp:term":[{"taxonomy":"category","embeddable":true,"href":"https:\/\/www.e2.law\/fr\/wp-json\/wp\/v2\/categories?post=42242"},{"taxonomy":"post_tag","embeddable":true,"href":"https:\/\/www.e2.law\/fr\/wp-json\/wp\/v2\/tags?post=42242"}],"curies":[{"name":"wp","href":"https:\/\/api.w.org\/{rel}","templated":true}]}}

Introduire une réclamation administrative

<p>Lorsque vous n’êtes pas d’accord avec le montant d’impôt que vous devez payer, vous pouvez introduire une réclamation administrative dans un délai de <strong>6 mois à dater de l&#8217;envoi de votre avertissement extrait de rôle</strong>.<span class="Apple-converted-space"> </span></p>
<p>Ce délai de 6 mois est d&#8217;application lorsque vous recevez votre avertissement extrait de rôle de base ou lorsque vous en recevez un nouveau suite à une rectification ultérieure.</p>
<p>Rédiger une réclamation administrative n’est pas à prendre à la légère et vous permet d’éviter les cours et tribunaux si cela a été bien fait !</p>
<p><span style="text-decoration: underline;">Notre méthode pour vous assister dans ce cadre :</span></p>
<ol>
<li>Vous nous exposez votre problème et discutons ensemble de l’opportunité de contester l’impôt ;</li>
<li>Si cela semble opportun et que vous désirez faire appel à nos services, nous vous proposons un forfait ;</li>
<li>Nous rédigeons les documents utiles et effectuons les démarches auprès de l’administration ;</li>
<li>Nous effectuons le suivi de votre procédure jusque la phase finale.</li>
</ol>
<p>Si vous souhaitez faire appel à nos services, prenez contact avec nous ici.</p>

<!-- This site is optimized with the Yoast SEO plugin v27.5 - https://yoast.com/product/yoast-seo-wordpress/ -->
<title>Introduire une réclamation administrative - e2.law</title>
<meta name="robots" content="index, follow, max-snippet:-1, max-image-preview:large, max-video-preview:-1" />
<link rel="canonical" href="https://www.e2.law/fr/needs/reclamation-administrative/" />
<meta property="og:locale" content="fr_FR" />
<meta property="og:type" content="article" />
<meta property="og:title" content="Introduire une réclamation administrative - e2.law" />
<meta property="og:description" content="Lorsque vous n’êtes pas d’accord avec le montant d’impôt que vous devez payer, vous pouvez introduire une réclamation administrative dans un délai de 6 mois à dater de l&#8217;envoi de votre avertissement extrait de rôle.  Ce délai de 6 mois est d&#8217;application lorsque vous recevez votre avertissement extrait de rôle de base ou lorsque vous en  [...]" />
<meta property="og:url" content="https://www.e2.law/fr/needs/reclamation-administrative/" />
<meta property="og:site_name" content="e2.law" />
<meta property="article:modified_time" content="2025-10-20T13:13:07+00:00" />
<meta property="og:image" content="https://www.e2.law/wp-content/uploads/2022/06/Reclamation.png" />
	<meta property="og:image:width" content="800" />
	<meta property="og:image:height" content="800" />
	<meta property="og:image:type" content="image/png" />
<meta name="twitter:card" content="summary_large_image" />
<meta name="twitter:label1" content="Durée de lecture estimée" />
	<meta name="twitter:data1" content="1 minute" />
<script type="application/ld+json" class="yoast-schema-graph">{"@context":"https:\/\/schema.org","@graph":[{"@type":"WebPage","@id":"https:\/\/www.e2.law\/fr\/needs\/reclamation-administrative\/","url":"https:\/\/www.e2.law\/fr\/needs\/reclamation-administrative\/","name":"Introduire une réclamation administrative - e2.law","isPartOf":{"@id":"https:\/\/www.e2.law\/fr\/#website"},"primaryImageOfPage":{"@id":"https:\/\/www.e2.law\/fr\/needs\/reclamation-administrative\/#primaryimage"},"image":{"@id":"https:\/\/www.e2.law\/fr\/needs\/reclamation-administrative\/#primaryimage"},"thumbnailUrl":"https:\/\/i0.wp.com\/www.e2.law\/wp-content\/uploads\/2022\/06\/Reclamation.png?fit=800%2C800&ssl=1","datePublished":"2022-06-07T09:15:55+00:00","dateModified":"2025-10-20T13:13:07+00:00","breadcrumb":{"@id":"https:\/\/www.e2.law\/fr\/needs\/reclamation-administrative\/#breadcrumb"},"inLanguage":"fr-FR","potentialAction":[{"@type":"ReadAction","target":["https:\/\/www.e2.law\/fr\/needs\/reclamation-administrative\/"]}]},{"@type":"ImageObject","inLanguage":"fr-FR","@id":"https:\/\/www.e2.law\/fr\/needs\/reclamation-administrative\/#primaryimage","url":"https:\/\/i0.wp.com\/www.e2.law\/wp-content\/uploads\/2022\/06\/Reclamation.png?fit=800%2C800&ssl=1","contentUrl":"https:\/\/i0.wp.com\/www.e2.law\/wp-content\/uploads\/2022\/06\/Reclamation.png?fit=800%2C800&ssl=1","width":800,"height":800},{"@type":"BreadcrumbList","@id":"https:\/\/www.e2.law\/fr\/needs\/reclamation-administrative\/#breadcrumb","itemListElement":[{"@type":"ListItem","position":1,"name":"Home","item":"https:\/\/www.e2.law\/fr\/home\/"},{"@type":"ListItem","position":2,"name":"Goals","item":"https:\/\/www.e2.law\/fr\/needs\/"},{"@type":"ListItem","position":3,"name":"Introduire une réclamation administrative"}]},{"@type":"WebSite","@id":"https:\/\/www.e2.law\/fr\/#website","url":"https:\/\/www.e2.law\/fr\/","name":"e2.law","description":"A Business Law Firm","publisher":{"@id":"https:\/\/www.e2.law\/fr\/#organization"},"potentialAction":[{"@type":"SearchAction","target":{"@type":"EntryPoint","urlTemplate":"https:\/\/www.e2.law\/fr\/?s={search_term_string}"},"query-input":{"@type":"PropertyValueSpecification","valueRequired":true,"valueName":"search_term_string"}}],"inLanguage":"fr-FR"},{"@type":"Organization","@id":"https:\/\/www.e2.law\/fr\/#organization","name":"E2.law","url":"https:\/\/www.e2.law\/fr\/","logo":{"@type":"ImageObject","inLanguage":"fr-FR","@id":"https:\/\/www.e2.law\/fr\/#\/schema\/logo\/image\/","url":"https:\/\/www.e2.law\/wp-content\/uploads\/2018\/12\/logo-2.png","contentUrl":"https:\/\/www.e2.law\/wp-content\/uploads\/2018\/12\/logo-2.png","width":152,"height":40,"caption":"E2.law"},"image":{"@id":"https:\/\/www.e2.law\/fr\/#\/schema\/logo\/image\/"},"sameAs":["https:\/\/www.linkedin.com\/company\/e2.law"]}]}</script>
<!-- / Yoast SEO plugin. -->

Introduire une réclamation administrative - e2.law

Lorsque vous n’êtes pas d’accord avec le montant d’impôt que vous devez payer, vous pouvez introduire une réclamation administrative dans un délai de 6 mois à dater de l&#8217;envoi de votre avertissement extrait de rôle.  Ce délai de 6 mois est d&#8217;application lorsque vous recevez votre avertissement extrait de rôle de base ou lorsque vous en  [...]
