{"id":42493,"date":"2022-08-11T16:12:14","date_gmt":"2022-08-11T14:12:14","guid":{"rendered":"https:\/\/www.e2.law\/?post_type=needs&#038;p=42493"},"modified":"2025-10-20T14:47:24","modified_gmt":"2025-10-20T12:47:24","slug":"budget-mobilite","status":"publish","type":"needs","link":"https:\/\/www.e2.law\/fr\/needs\/budget-mobilite\/","title":{"rendered":"D\u00e9finir un budget mobilit\u00e9 pour le personnel de l&#8217;entreprise"},"content":{"rendered":"<div class=\"fusion-fullwidth fullwidth-box fusion-builder-row-1 fusion-flex-container nonhundred-percent-fullwidth non-hundred-percent-height-scrolling\" style=\"--awb-border-radius-top-left:0px;--awb-border-radius-top-right:0px;--awb-border-radius-bottom-right:0px;--awb-border-radius-bottom-left:0px;--awb-flex-wrap:wrap;\" ><div class=\"fusion-builder-row fusion-row fusion-flex-align-items-flex-start fusion-flex-content-wrap\" style=\"max-width:1144px;margin-left: calc(-4% \/ 2 );margin-right: calc(-4% \/ 2 );\"><div class=\"fusion-layout-column fusion_builder_column fusion-builder-column-0 fusion_builder_column_1_1 1_1 fusion-flex-column\" style=\"--awb-bg-size:cover;--awb-width-large:100%;--awb-margin-top-large:0px;--awb-spacing-right-large:1.92%;--awb-margin-bottom-large:0px;--awb-spacing-left-large:1.92%;--awb-width-medium:100%;--awb-spacing-right-medium:1.92%;--awb-spacing-left-medium:1.92%;--awb-width-small:100%;--awb-spacing-right-small:1.92%;--awb-spacing-left-small:1.92%;\"><div class=\"fusion-column-wrapper fusion-flex-justify-content-flex-start fusion-content-layout-column\"><div class=\"fusion-text fusion-text-1\"><p>Vous octroyez des voitures de soci\u00e9t\u00e9 \u00e0 vos employ\u00e9s et certains souhaitent avoir une <strong>alternative<\/strong> ?<br \/>\nVous connaissez le budget mobilit\u00e9 mais vous ne savez pas trop comment vous y prendre ?<\/p>\n<p>Pas de panique, e2.law est l\u00e0 pour vous aider !<\/p>\n<p>Comment proc\u00e9dons-nous ?<\/p>\n<ol>\n<li>Nous <strong>analysons<\/strong> votre situation et d\u00e9terminons ce qui est envisageable pour vos employ\u00e9s ;<\/li>\n<li>Nous <strong>r\u00e9digeons toute la documentation juridique<\/strong> n\u00e9cessaire \u00e0 l&#8217;impl\u00e9mentation du budget mobilit\u00e9 ;<\/li>\n<li>Au besoin, nous <strong>dispensons une s\u00e9ance d&#8217;information<\/strong> pour vos employ\u00e9s et\/ou le service administratif\/rh.<\/li>\n<\/ol>\n<p>Int\u00e9ress\u00e9(e) par ce service ?<\/p>\n<p>Envoyez-nous un message <a href=\"https:\/\/www.e2.law\/fr\/contact-us\/\">ici<\/a><\/p>\n<\/div><\/div><\/div><\/div><\/div>\n","protected":false},"featured_media":43745,"template":"","categories":[],"tags":[883,1513,1329,890,1217,1061,1198],"class_list":["post-42493","needs","type-needs","status-publish","has-post-thumbnail","hentry","tag-contrat","tag-employeur","tag-entreprise-2","tag-fiscalite","tag-incentiver","tag-remuneration","tag-societe"],"acf":[],"yoast_head":"<!-- This site is optimized with the Yoast SEO plugin v27.5 - https:\/\/yoast.com\/product\/yoast-seo-wordpress\/ -->\n<title>D\u00e9finir un budget mobilit\u00e9 pour le personnel de l&#039;entreprise - e2.law<\/title>\n<meta name=\"description\" content=\"Vous octroyez des voitures de soci\u00e9t\u00e9 \u00e0 vos employ\u00e9s et certains souhaitent avoir une alternative ? Vous connaissez le budget mobilit\u00e9 mais vous ne savez pas trop comment vous y prendre ?\" \/>\n<meta name=\"robots\" content=\"index, follow, max-snippet:-1, max-image-preview:large, max-video-preview:-1\" \/>\n<link rel=\"canonical\" href=\"https:\/\/www.e2.law\/fr\/needs\/budget-mobilite\/\" \/>\n<meta property=\"og:locale\" content=\"fr_FR\" \/>\n<meta property=\"og:type\" content=\"article\" \/>\n<meta property=\"og:title\" content=\"D\u00e9finir un budget mobilit\u00e9 pour le personnel de l&#039;entreprise - e2.law\" \/>\n<meta property=\"og:description\" content=\"Vous octroyez des voitures de soci\u00e9t\u00e9 \u00e0 vos employ\u00e9s et certains souhaitent avoir une alternative ? Vous connaissez le budget mobilit\u00e9 mais vous ne savez pas trop comment vous y prendre ?\" \/>\n<meta property=\"og:url\" content=\"https:\/\/www.e2.law\/fr\/needs\/budget-mobilite\/\" \/>\n<meta property=\"og:site_name\" content=\"e2.law\" \/>\n<meta property=\"article:modified_time\" content=\"2025-10-20T12:47:24+00:00\" \/>\n<meta property=\"og:image\" content=\"https:\/\/www.e2.law\/wp-content\/uploads\/2022\/04\/Augmentation_Salaire.png\" \/>\n\t<meta property=\"og:image:width\" content=\"800\" \/>\n\t<meta property=\"og:image:height\" content=\"800\" \/>\n\t<meta property=\"og:image:type\" content=\"image\/png\" \/>\n<meta name=\"twitter:card\" content=\"summary_large_image\" \/>\n<meta name=\"twitter:label1\" content=\"Dur\u00e9e de lecture estim\u00e9e\" \/>\n\t<meta name=\"twitter:data1\" content=\"1 minute\" \/>\n<script type=\"application\/ld+json\" class=\"yoast-schema-graph\">{\"@context\":\"https:\\\/\\\/schema.org\",\"@graph\":[{\"@type\":\"WebPage\",\"@id\":\"https:\\\/\\\/www.e2.law\\\/fr\\\/needs\\\/budget-mobilite\\\/\",\"url\":\"https:\\\/\\\/www.e2.law\\\/fr\\\/needs\\\/budget-mobilite\\\/\",\"name\":\"D\u00e9finir un budget mobilit\u00e9 pour le personnel de l'entreprise - e2.law\",\"isPartOf\":{\"@id\":\"https:\\\/\\\/www.e2.law\\\/fr\\\/#website\"},\"primaryImageOfPage\":{\"@id\":\"https:\\\/\\\/www.e2.law\\\/fr\\\/needs\\\/budget-mobilite\\\/#primaryimage\"},\"image\":{\"@id\":\"https:\\\/\\\/www.e2.law\\\/fr\\\/needs\\\/budget-mobilite\\\/#primaryimage\"},\"thumbnailUrl\":\"https:\\\/\\\/i0.wp.com\\\/www.e2.law\\\/wp-content\\\/uploads\\\/2022\\\/04\\\/Augmentation_Salaire.png?fit=800%2C800&ssl=1\",\"datePublished\":\"2022-08-11T14:12:14+00:00\",\"dateModified\":\"2025-10-20T12:47:24+00:00\",\"description\":\"Vous octroyez des voitures de soci\u00e9t\u00e9 \u00e0 vos employ\u00e9s et certains souhaitent avoir une alternative ? Vous connaissez le budget mobilit\u00e9 mais vous ne savez pas trop comment vous y prendre ?\",\"breadcrumb\":{\"@id\":\"https:\\\/\\\/www.e2.law\\\/fr\\\/needs\\\/budget-mobilite\\\/#breadcrumb\"},\"inLanguage\":\"fr-FR\",\"potentialAction\":[{\"@type\":\"ReadAction\",\"target\":[\"https:\\\/\\\/www.e2.law\\\/fr\\\/needs\\\/budget-mobilite\\\/\"]}]},{\"@type\":\"ImageObject\",\"inLanguage\":\"fr-FR\",\"@id\":\"https:\\\/\\\/www.e2.law\\\/fr\\\/needs\\\/budget-mobilite\\\/#primaryimage\",\"url\":\"https:\\\/\\\/i0.wp.com\\\/www.e2.law\\\/wp-content\\\/uploads\\\/2022\\\/04\\\/Augmentation_Salaire.png?fit=800%2C800&ssl=1\",\"contentUrl\":\"https:\\\/\\\/i0.wp.com\\\/www.e2.law\\\/wp-content\\\/uploads\\\/2022\\\/04\\\/Augmentation_Salaire.png?fit=800%2C800&ssl=1\",\"width\":800,\"height\":800},{\"@type\":\"BreadcrumbList\",\"@id\":\"https:\\\/\\\/www.e2.law\\\/fr\\\/needs\\\/budget-mobilite\\\/#breadcrumb\",\"itemListElement\":[{\"@type\":\"ListItem\",\"position\":1,\"name\":\"Home\",\"item\":\"https:\\\/\\\/www.e2.law\\\/fr\\\/home\\\/\"},{\"@type\":\"ListItem\",\"position\":2,\"name\":\"Goals\",\"item\":\"https:\\\/\\\/www.e2.law\\\/fr\\\/needs\\\/\"},{\"@type\":\"ListItem\",\"position\":3,\"name\":\"D\u00e9finir un budget mobilit\u00e9 pour le personnel de l&#8217;entreprise\"}]},{\"@type\":\"WebSite\",\"@id\":\"https:\\\/\\\/www.e2.law\\\/fr\\\/#website\",\"url\":\"https:\\\/\\\/www.e2.law\\\/fr\\\/\",\"name\":\"e2.law\",\"description\":\"A Business Law Firm\",\"publisher\":{\"@id\":\"https:\\\/\\\/www.e2.law\\\/fr\\\/#organization\"},\"potentialAction\":[{\"@type\":\"SearchAction\",\"target\":{\"@type\":\"EntryPoint\",\"urlTemplate\":\"https:\\\/\\\/www.e2.law\\\/fr\\\/?s={search_term_string}\"},\"query-input\":{\"@type\":\"PropertyValueSpecification\",\"valueRequired\":true,\"valueName\":\"search_term_string\"}}],\"inLanguage\":\"fr-FR\"},{\"@type\":\"Organization\",\"@id\":\"https:\\\/\\\/www.e2.law\\\/fr\\\/#organization\",\"name\":\"E2.law\",\"url\":\"https:\\\/\\\/www.e2.law\\\/fr\\\/\",\"logo\":{\"@type\":\"ImageObject\",\"inLanguage\":\"fr-FR\",\"@id\":\"https:\\\/\\\/www.e2.law\\\/fr\\\/#\\\/schema\\\/logo\\\/image\\\/\",\"url\":\"https:\\\/\\\/www.e2.law\\\/wp-content\\\/uploads\\\/2018\\\/12\\\/logo-2.png\",\"contentUrl\":\"https:\\\/\\\/www.e2.law\\\/wp-content\\\/uploads\\\/2018\\\/12\\\/logo-2.png\",\"width\":152,\"height\":40,\"caption\":\"E2.law\"},\"image\":{\"@id\":\"https:\\\/\\\/www.e2.law\\\/fr\\\/#\\\/schema\\\/logo\\\/image\\\/\"},\"sameAs\":[\"https:\\\/\\\/www.linkedin.com\\\/company\\\/e2.law\"]}]}<\/script>\n<!-- \/ Yoast SEO plugin. -->","yoast_head_json":{"title":"D\u00e9finir un budget mobilit\u00e9 pour le personnel de l'entreprise - e2.law","description":"Vous octroyez des voitures de soci\u00e9t\u00e9 \u00e0 vos employ\u00e9s et certains souhaitent avoir une alternative ? Vous connaissez le budget mobilit\u00e9 mais vous ne savez pas trop comment vous y prendre ?","robots":{"index":"index","follow":"follow","max-snippet":"max-snippet:-1","max-image-preview":"max-image-preview:large","max-video-preview":"max-video-preview:-1"},"canonical":"https:\/\/www.e2.law\/fr\/needs\/budget-mobilite\/","og_locale":"fr_FR","og_type":"article","og_title":"D\u00e9finir un budget mobilit\u00e9 pour le personnel de l'entreprise - e2.law","og_description":"Vous octroyez des voitures de soci\u00e9t\u00e9 \u00e0 vos employ\u00e9s et certains souhaitent avoir une alternative ? Vous connaissez le budget mobilit\u00e9 mais vous ne savez pas trop comment vous y prendre ?","og_url":"https:\/\/www.e2.law\/fr\/needs\/budget-mobilite\/","og_site_name":"e2.law","article_modified_time":"2025-10-20T12:47:24+00:00","og_image":[{"width":800,"height":800,"url":"https:\/\/www.e2.law\/wp-content\/uploads\/2022\/04\/Augmentation_Salaire.png","type":"image\/png"}],"twitter_card":"summary_large_image","twitter_misc":{"Dur\u00e9e de lecture estim\u00e9e":"1 minute"},"schema":{"@context":"https:\/\/schema.org","@graph":[{"@type":"WebPage","@id":"https:\/\/www.e2.law\/fr\/needs\/budget-mobilite\/","url":"https:\/\/www.e2.law\/fr\/needs\/budget-mobilite\/","name":"D\u00e9finir un budget mobilit\u00e9 pour le personnel de l'entreprise - e2.law","isPartOf":{"@id":"https:\/\/www.e2.law\/fr\/#website"},"primaryImageOfPage":{"@id":"https:\/\/www.e2.law\/fr\/needs\/budget-mobilite\/#primaryimage"},"image":{"@id":"https:\/\/www.e2.law\/fr\/needs\/budget-mobilite\/#primaryimage"},"thumbnailUrl":"https:\/\/i0.wp.com\/www.e2.law\/wp-content\/uploads\/2022\/04\/Augmentation_Salaire.png?fit=800%2C800&ssl=1","datePublished":"2022-08-11T14:12:14+00:00","dateModified":"2025-10-20T12:47:24+00:00","description":"Vous octroyez des voitures de soci\u00e9t\u00e9 \u00e0 vos employ\u00e9s et certains souhaitent avoir une alternative ? Vous connaissez le budget mobilit\u00e9 mais vous ne savez pas trop comment vous y prendre ?","breadcrumb":{"@id":"https:\/\/www.e2.law\/fr\/needs\/budget-mobilite\/#breadcrumb"},"inLanguage":"fr-FR","potentialAction":[{"@type":"ReadAction","target":["https:\/\/www.e2.law\/fr\/needs\/budget-mobilite\/"]}]},{"@type":"ImageObject","inLanguage":"fr-FR","@id":"https:\/\/www.e2.law\/fr\/needs\/budget-mobilite\/#primaryimage","url":"https:\/\/i0.wp.com\/www.e2.law\/wp-content\/uploads\/2022\/04\/Augmentation_Salaire.png?fit=800%2C800&ssl=1","contentUrl":"https:\/\/i0.wp.com\/www.e2.law\/wp-content\/uploads\/2022\/04\/Augmentation_Salaire.png?fit=800%2C800&ssl=1","width":800,"height":800},{"@type":"BreadcrumbList","@id":"https:\/\/www.e2.law\/fr\/needs\/budget-mobilite\/#breadcrumb","itemListElement":[{"@type":"ListItem","position":1,"name":"Home","item":"https:\/\/www.e2.law\/fr\/home\/"},{"@type":"ListItem","position":2,"name":"Goals","item":"https:\/\/www.e2.law\/fr\/needs\/"},{"@type":"ListItem","position":3,"name":"D\u00e9finir un budget mobilit\u00e9 pour le personnel de l&#8217;entreprise"}]},{"@type":"WebSite","@id":"https:\/\/www.e2.law\/fr\/#website","url":"https:\/\/www.e2.law\/fr\/","name":"e2.law","description":"A Business Law Firm","publisher":{"@id":"https:\/\/www.e2.law\/fr\/#organization"},"potentialAction":[{"@type":"SearchAction","target":{"@type":"EntryPoint","urlTemplate":"https:\/\/www.e2.law\/fr\/?s={search_term_string}"},"query-input":{"@type":"PropertyValueSpecification","valueRequired":true,"valueName":"search_term_string"}}],"inLanguage":"fr-FR"},{"@type":"Organization","@id":"https:\/\/www.e2.law\/fr\/#organization","name":"E2.law","url":"https:\/\/www.e2.law\/fr\/","logo":{"@type":"ImageObject","inLanguage":"fr-FR","@id":"https:\/\/www.e2.law\/fr\/#\/schema\/logo\/image\/","url":"https:\/\/www.e2.law\/wp-content\/uploads\/2018\/12\/logo-2.png","contentUrl":"https:\/\/www.e2.law\/wp-content\/uploads\/2018\/12\/logo-2.png","width":152,"height":40,"caption":"E2.law"},"image":{"@id":"https:\/\/www.e2.law\/fr\/#\/schema\/logo\/image\/"},"sameAs":["https:\/\/www.linkedin.com\/company\/e2.law"]}]}},"jetpack_sharing_enabled":true,"_links":{"self":[{"href":"https:\/\/www.e2.law\/fr\/wp-json\/wp\/v2\/needs\/42493","targetHints":{"allow":["GET"]}}],"collection":[{"href":"https:\/\/www.e2.law\/fr\/wp-json\/wp\/v2\/needs"}],"about":[{"href":"https:\/\/www.e2.law\/fr\/wp-json\/wp\/v2\/types\/needs"}],"wp:featuredmedia":[{"embeddable":true,"href":"https:\/\/www.e2.law\/fr\/wp-json\/wp\/v2\/media\/43745"}],"wp:attachment":[{"href":"https:\/\/www.e2.law\/fr\/wp-json\/wp\/v2\/media?parent=42493"}],"wp:term":[{"taxonomy":"category","embeddable":true,"href":"https:\/\/www.e2.law\/fr\/wp-json\/wp\/v2\/categories?post=42493"},{"taxonomy":"post_tag","embeddable":true,"href":"https:\/\/www.e2.law\/fr\/wp-json\/wp\/v2\/tags?post=42493"}],"curies":[{"name":"wp","href":"https:\/\/api.w.org\/{rel}","templated":true}]}}

Définir un budget mobilité pour le personnel de l&#8217;entreprise

<div class="fusion-fullwidth fullwidth-box fusion-builder-row-1 fusion-flex-container nonhundred-percent-fullwidth non-hundred-percent-height-scrolling" style="--awb-border-radius-top-left:0px;--awb-border-radius-top-right:0px;--awb-border-radius-bottom-right:0px;--awb-border-radius-bottom-left:0px;--awb-flex-wrap:wrap;" ><div class="fusion-builder-row fusion-row fusion-flex-align-items-flex-start fusion-flex-content-wrap" style="max-width:1144px;margin-left: calc(-4% / 2 );margin-right: calc(-4% / 2 );"><div class="fusion-layout-column fusion_builder_column fusion-builder-column-0 fusion_builder_column_1_1 1_1 fusion-flex-column" style="--awb-bg-size:cover;--awb-width-large:100%;--awb-margin-top-large:0px;--awb-spacing-right-large:1.92%;--awb-margin-bottom-large:0px;--awb-spacing-left-large:1.92%;--awb-width-medium:100%;--awb-spacing-right-medium:1.92%;--awb-spacing-left-medium:1.92%;--awb-width-small:100%;--awb-spacing-right-small:1.92%;--awb-spacing-left-small:1.92%;"><div class="fusion-column-wrapper fusion-flex-justify-content-flex-start fusion-content-layout-column"><div class="fusion-text fusion-text-1"><p>Vous octroyez des voitures de société à vos employés et certains souhaitent avoir une <strong>alternative</strong> ?<br />
Vous connaissez le budget mobilité mais vous ne savez pas trop comment vous y prendre ?</p>
<p>Pas de panique, e2.law est là pour vous aider !</p>
<p>Comment procédons-nous ?</p>
<ol>
<li>Nous <strong>analysons</strong> votre situation et déterminons ce qui est envisageable pour vos employés ;</li>
<li>Nous <strong>rédigeons toute la documentation juridique</strong> nécessaire à l&#8217;implémentation du budget mobilité ;</li>
<li>Au besoin, nous <strong>dispensons une séance d&#8217;information</strong> pour vos employés et/ou le service administratif/rh.</li>
</ol>
<p>Intéressé(e) par ce service ?</p>
<p>Envoyez-nous un message <a href="https://www.e2.law/fr/contact-us/">ici</a></p>
</div></div></div></div></div>

<!-- This site is optimized with the Yoast SEO plugin v27.5 - https://yoast.com/product/yoast-seo-wordpress/ -->
<title>Définir un budget mobilité pour le personnel de l&#039;entreprise - e2.law</title>
<meta name="description" content="Vous octroyez des voitures de société à vos employés et certains souhaitent avoir une alternative ? Vous connaissez le budget mobilité mais vous ne savez pas trop comment vous y prendre ?" />
<meta name="robots" content="index, follow, max-snippet:-1, max-image-preview:large, max-video-preview:-1" />
<link rel="canonical" href="https://www.e2.law/fr/needs/budget-mobilite/" />
<meta property="og:locale" content="fr_FR" />
<meta property="og:type" content="article" />
<meta property="og:title" content="Définir un budget mobilité pour le personnel de l&#039;entreprise - e2.law" />
<meta property="og:description" content="Vous octroyez des voitures de société à vos employés et certains souhaitent avoir une alternative ? Vous connaissez le budget mobilité mais vous ne savez pas trop comment vous y prendre ?" />
<meta property="og:url" content="https://www.e2.law/fr/needs/budget-mobilite/" />
<meta property="og:site_name" content="e2.law" />
<meta property="article:modified_time" content="2025-10-20T12:47:24+00:00" />
<meta property="og:image" content="https://www.e2.law/wp-content/uploads/2022/04/Augmentation_Salaire.png" />
	<meta property="og:image:width" content="800" />
	<meta property="og:image:height" content="800" />
	<meta property="og:image:type" content="image/png" />
<meta name="twitter:card" content="summary_large_image" />
<meta name="twitter:label1" content="Durée de lecture estimée" />
	<meta name="twitter:data1" content="1 minute" />
<script type="application/ld+json" class="yoast-schema-graph">{"@context":"https:\/\/schema.org","@graph":[{"@type":"WebPage","@id":"https:\/\/www.e2.law\/fr\/needs\/budget-mobilite\/","url":"https:\/\/www.e2.law\/fr\/needs\/budget-mobilite\/","name":"Définir un budget mobilité pour le personnel de l'entreprise - e2.law","isPartOf":{"@id":"https:\/\/www.e2.law\/fr\/#website"},"primaryImageOfPage":{"@id":"https:\/\/www.e2.law\/fr\/needs\/budget-mobilite\/#primaryimage"},"image":{"@id":"https:\/\/www.e2.law\/fr\/needs\/budget-mobilite\/#primaryimage"},"thumbnailUrl":"https:\/\/i0.wp.com\/www.e2.law\/wp-content\/uploads\/2022\/04\/Augmentation_Salaire.png?fit=800%2C800&ssl=1","datePublished":"2022-08-11T14:12:14+00:00","dateModified":"2025-10-20T12:47:24+00:00","description":"Vous octroyez des voitures de société à vos employés et certains souhaitent avoir une alternative ? Vous connaissez le budget mobilité mais vous ne savez pas trop comment vous y prendre ?","breadcrumb":{"@id":"https:\/\/www.e2.law\/fr\/needs\/budget-mobilite\/#breadcrumb"},"inLanguage":"fr-FR","potentialAction":[{"@type":"ReadAction","target":["https:\/\/www.e2.law\/fr\/needs\/budget-mobilite\/"]}]},{"@type":"ImageObject","inLanguage":"fr-FR","@id":"https:\/\/www.e2.law\/fr\/needs\/budget-mobilite\/#primaryimage","url":"https:\/\/i0.wp.com\/www.e2.law\/wp-content\/uploads\/2022\/04\/Augmentation_Salaire.png?fit=800%2C800&ssl=1","contentUrl":"https:\/\/i0.wp.com\/www.e2.law\/wp-content\/uploads\/2022\/04\/Augmentation_Salaire.png?fit=800%2C800&ssl=1","width":800,"height":800},{"@type":"BreadcrumbList","@id":"https:\/\/www.e2.law\/fr\/needs\/budget-mobilite\/#breadcrumb","itemListElement":[{"@type":"ListItem","position":1,"name":"Home","item":"https:\/\/www.e2.law\/fr\/home\/"},{"@type":"ListItem","position":2,"name":"Goals","item":"https:\/\/www.e2.law\/fr\/needs\/"},{"@type":"ListItem","position":3,"name":"Définir un budget mobilité pour le personnel de l&#8217;entreprise"}]},{"@type":"WebSite","@id":"https:\/\/www.e2.law\/fr\/#website","url":"https:\/\/www.e2.law\/fr\/","name":"e2.law","description":"A Business Law Firm","publisher":{"@id":"https:\/\/www.e2.law\/fr\/#organization"},"potentialAction":[{"@type":"SearchAction","target":{"@type":"EntryPoint","urlTemplate":"https:\/\/www.e2.law\/fr\/?s={search_term_string}"},"query-input":{"@type":"PropertyValueSpecification","valueRequired":true,"valueName":"search_term_string"}}],"inLanguage":"fr-FR"},{"@type":"Organization","@id":"https:\/\/www.e2.law\/fr\/#organization","name":"E2.law","url":"https:\/\/www.e2.law\/fr\/","logo":{"@type":"ImageObject","inLanguage":"fr-FR","@id":"https:\/\/www.e2.law\/fr\/#\/schema\/logo\/image\/","url":"https:\/\/www.e2.law\/wp-content\/uploads\/2018\/12\/logo-2.png","contentUrl":"https:\/\/www.e2.law\/wp-content\/uploads\/2018\/12\/logo-2.png","width":152,"height":40,"caption":"E2.law"},"image":{"@id":"https:\/\/www.e2.law\/fr\/#\/schema\/logo\/image\/"},"sameAs":["https:\/\/www.linkedin.com\/company\/e2.law"]}]}</script>
<!-- / Yoast SEO plugin. -->

Définir un budget mobilité pour le personnel de l'entreprise - e2.law

Vous octroyez des voitures de société à vos employés et certains souhaitent avoir une alternative ? Vous connaissez le budget mobilité mais vous ne savez pas trop comment vous y prendre ?
