{"id":42862,"date":"2022-10-03T23:32:13","date_gmt":"2022-10-03T21:32:13","guid":{"rendered":"https:\/\/www.e2.law\/?post_type=needs&#038;p=42862"},"modified":"2025-10-20T15:06:20","modified_gmt":"2025-10-20T13:06:20","slug":"gerer-les-suites-de-la-rupture-de-votre-contrat-de-travail-par-votre-employeur","status":"publish","type":"needs","link":"https:\/\/www.e2.law\/fr\/needs\/gerer-les-suites-de-la-rupture-de-votre-contrat-de-travail-par-votre-employeur\/","title":{"rendered":"G\u00e9rer les suites de la rupture de mon contrat de travail par votre employeur"},"content":{"rendered":"<p>Votre employeur a mis fin \u00e0 votre contrat de travail.<\/p>\n<p>Notre intervention couvre les domaines suivants:<\/p>\n<ul>\n<li>Nous v\u00e9rifions si les modalit\u00e9s de rupture ont \u00e9t\u00e9 respect\u00e9es ;<\/li>\n<li>Nous vous aidons \u00e0 d\u00e9terminer quels sont vos droits;<\/li>\n<li>Nous vous aidons au besoin \u00e0 n\u00e9gocier la rupture;<\/li>\n<li>Nous vous aidons \u00e0 notifier un contre-pr\u00e9avis si vous souhaitez partir plus t\u00f4t;<\/li>\n<li>Si n\u00e9cessaire, nous assurons votre d\u00e9fense devant les cours et tribunaux.<\/li>\n<\/ul>\n","protected":false},"featured_media":0,"template":"","categories":[1522],"tags":[1002,1009,1333],"class_list":["post-42862","needs","type-needs","status-publish","hentry","category-gerer-les-conflits","tag-licenciement","tag-rupture","tag-un-particulier"],"acf":[],"yoast_head":"<!-- This site is optimized with the Yoast SEO plugin v27.5 - https:\/\/yoast.com\/product\/yoast-seo-wordpress\/ -->\n<title>G\u00e9rer les suites de la rupture de mon contrat de travail par votre employeur - e2.law<\/title>\n<meta name=\"robots\" content=\"index, follow, max-snippet:-1, max-image-preview:large, max-video-preview:-1\" \/>\n<link rel=\"canonical\" href=\"https:\/\/www.e2.law\/fr\/needs\/gerer-les-suites-de-la-rupture-de-votre-contrat-de-travail-par-votre-employeur\/\" \/>\n<meta property=\"og:locale\" content=\"fr_FR\" \/>\n<meta property=\"og:type\" content=\"article\" \/>\n<meta property=\"og:title\" content=\"G\u00e9rer les suites de la rupture de mon contrat de travail par votre employeur - e2.law\" \/>\n<meta property=\"og:description\" content=\"Votre employeur a mis fin \u00e0 votre contrat de travail. Notre intervention couvre les domaines suivants: Nous v\u00e9rifions si les modalit\u00e9s de rupture ont \u00e9t\u00e9 respect\u00e9es ; Nous vous aidons \u00e0 d\u00e9terminer quels sont vos droits; Nous vous aidons au besoin \u00e0 n\u00e9gocier la rupture; Nous vous aidons \u00e0 notifier un contre-pr\u00e9avis si vous souhaitez partir  [...]\" \/>\n<meta property=\"og:url\" content=\"https:\/\/www.e2.law\/fr\/needs\/gerer-les-suites-de-la-rupture-de-votre-contrat-de-travail-par-votre-employeur\/\" \/>\n<meta property=\"og:site_name\" content=\"e2.law\" \/>\n<meta property=\"article:modified_time\" content=\"2025-10-20T13:06:20+00:00\" \/>\n<meta name=\"twitter:card\" content=\"summary_large_image\" \/>\n<meta name=\"twitter:label1\" content=\"Dur\u00e9e de lecture estim\u00e9e\" \/>\n\t<meta name=\"twitter:data1\" content=\"1 minute\" \/>\n<script type=\"application\/ld+json\" class=\"yoast-schema-graph\">{\"@context\":\"https:\\\/\\\/schema.org\",\"@graph\":[{\"@type\":\"WebPage\",\"@id\":\"https:\\\/\\\/www.e2.law\\\/fr\\\/needs\\\/gerer-les-suites-de-la-rupture-de-votre-contrat-de-travail-par-votre-employeur\\\/\",\"url\":\"https:\\\/\\\/www.e2.law\\\/fr\\\/needs\\\/gerer-les-suites-de-la-rupture-de-votre-contrat-de-travail-par-votre-employeur\\\/\",\"name\":\"G\u00e9rer les suites de la rupture de mon contrat de travail par votre employeur - e2.law\",\"isPartOf\":{\"@id\":\"https:\\\/\\\/www.e2.law\\\/fr\\\/#website\"},\"datePublished\":\"2022-10-03T21:32:13+00:00\",\"dateModified\":\"2025-10-20T13:06:20+00:00\",\"breadcrumb\":{\"@id\":\"https:\\\/\\\/www.e2.law\\\/fr\\\/needs\\\/gerer-les-suites-de-la-rupture-de-votre-contrat-de-travail-par-votre-employeur\\\/#breadcrumb\"},\"inLanguage\":\"fr-FR\",\"potentialAction\":[{\"@type\":\"ReadAction\",\"target\":[\"https:\\\/\\\/www.e2.law\\\/fr\\\/needs\\\/gerer-les-suites-de-la-rupture-de-votre-contrat-de-travail-par-votre-employeur\\\/\"]}]},{\"@type\":\"BreadcrumbList\",\"@id\":\"https:\\\/\\\/www.e2.law\\\/fr\\\/needs\\\/gerer-les-suites-de-la-rupture-de-votre-contrat-de-travail-par-votre-employeur\\\/#breadcrumb\",\"itemListElement\":[{\"@type\":\"ListItem\",\"position\":1,\"name\":\"Home\",\"item\":\"https:\\\/\\\/www.e2.law\\\/fr\\\/home\\\/\"},{\"@type\":\"ListItem\",\"position\":2,\"name\":\"Goals\",\"item\":\"https:\\\/\\\/www.e2.law\\\/fr\\\/needs\\\/\"},{\"@type\":\"ListItem\",\"position\":3,\"name\":\"G\u00e9rer les suites de la rupture de mon contrat de travail par votre employeur\"}]},{\"@type\":\"WebSite\",\"@id\":\"https:\\\/\\\/www.e2.law\\\/fr\\\/#website\",\"url\":\"https:\\\/\\\/www.e2.law\\\/fr\\\/\",\"name\":\"e2.law\",\"description\":\"A Business Law Firm\",\"publisher\":{\"@id\":\"https:\\\/\\\/www.e2.law\\\/fr\\\/#organization\"},\"potentialAction\":[{\"@type\":\"SearchAction\",\"target\":{\"@type\":\"EntryPoint\",\"urlTemplate\":\"https:\\\/\\\/www.e2.law\\\/fr\\\/?s={search_term_string}\"},\"query-input\":{\"@type\":\"PropertyValueSpecification\",\"valueRequired\":true,\"valueName\":\"search_term_string\"}}],\"inLanguage\":\"fr-FR\"},{\"@type\":\"Organization\",\"@id\":\"https:\\\/\\\/www.e2.law\\\/fr\\\/#organization\",\"name\":\"E2.law\",\"url\":\"https:\\\/\\\/www.e2.law\\\/fr\\\/\",\"logo\":{\"@type\":\"ImageObject\",\"inLanguage\":\"fr-FR\",\"@id\":\"https:\\\/\\\/www.e2.law\\\/fr\\\/#\\\/schema\\\/logo\\\/image\\\/\",\"url\":\"https:\\\/\\\/www.e2.law\\\/wp-content\\\/uploads\\\/2018\\\/12\\\/logo-2.png\",\"contentUrl\":\"https:\\\/\\\/www.e2.law\\\/wp-content\\\/uploads\\\/2018\\\/12\\\/logo-2.png\",\"width\":152,\"height\":40,\"caption\":\"E2.law\"},\"image\":{\"@id\":\"https:\\\/\\\/www.e2.law\\\/fr\\\/#\\\/schema\\\/logo\\\/image\\\/\"},\"sameAs\":[\"https:\\\/\\\/www.linkedin.com\\\/company\\\/e2.law\"]}]}<\/script>\n<!-- \/ Yoast SEO plugin. -->","yoast_head_json":{"title":"G\u00e9rer les suites de la rupture de mon contrat de travail par votre employeur - e2.law","robots":{"index":"index","follow":"follow","max-snippet":"max-snippet:-1","max-image-preview":"max-image-preview:large","max-video-preview":"max-video-preview:-1"},"canonical":"https:\/\/www.e2.law\/fr\/needs\/gerer-les-suites-de-la-rupture-de-votre-contrat-de-travail-par-votre-employeur\/","og_locale":"fr_FR","og_type":"article","og_title":"G\u00e9rer les suites de la rupture de mon contrat de travail par votre employeur - e2.law","og_description":"Votre employeur a mis fin \u00e0 votre contrat de travail. Notre intervention couvre les domaines suivants: Nous v\u00e9rifions si les modalit\u00e9s de rupture ont \u00e9t\u00e9 respect\u00e9es ; Nous vous aidons \u00e0 d\u00e9terminer quels sont vos droits; Nous vous aidons au besoin \u00e0 n\u00e9gocier la rupture; Nous vous aidons \u00e0 notifier un contre-pr\u00e9avis si vous souhaitez partir  [...]","og_url":"https:\/\/www.e2.law\/fr\/needs\/gerer-les-suites-de-la-rupture-de-votre-contrat-de-travail-par-votre-employeur\/","og_site_name":"e2.law","article_modified_time":"2025-10-20T13:06:20+00:00","twitter_card":"summary_large_image","twitter_misc":{"Dur\u00e9e de lecture estim\u00e9e":"1 minute"},"schema":{"@context":"https:\/\/schema.org","@graph":[{"@type":"WebPage","@id":"https:\/\/www.e2.law\/fr\/needs\/gerer-les-suites-de-la-rupture-de-votre-contrat-de-travail-par-votre-employeur\/","url":"https:\/\/www.e2.law\/fr\/needs\/gerer-les-suites-de-la-rupture-de-votre-contrat-de-travail-par-votre-employeur\/","name":"G\u00e9rer les suites de la rupture de mon contrat de travail par votre employeur - e2.law","isPartOf":{"@id":"https:\/\/www.e2.law\/fr\/#website"},"datePublished":"2022-10-03T21:32:13+00:00","dateModified":"2025-10-20T13:06:20+00:00","breadcrumb":{"@id":"https:\/\/www.e2.law\/fr\/needs\/gerer-les-suites-de-la-rupture-de-votre-contrat-de-travail-par-votre-employeur\/#breadcrumb"},"inLanguage":"fr-FR","potentialAction":[{"@type":"ReadAction","target":["https:\/\/www.e2.law\/fr\/needs\/gerer-les-suites-de-la-rupture-de-votre-contrat-de-travail-par-votre-employeur\/"]}]},{"@type":"BreadcrumbList","@id":"https:\/\/www.e2.law\/fr\/needs\/gerer-les-suites-de-la-rupture-de-votre-contrat-de-travail-par-votre-employeur\/#breadcrumb","itemListElement":[{"@type":"ListItem","position":1,"name":"Home","item":"https:\/\/www.e2.law\/fr\/home\/"},{"@type":"ListItem","position":2,"name":"Goals","item":"https:\/\/www.e2.law\/fr\/needs\/"},{"@type":"ListItem","position":3,"name":"G\u00e9rer les suites de la rupture de mon contrat de travail par votre employeur"}]},{"@type":"WebSite","@id":"https:\/\/www.e2.law\/fr\/#website","url":"https:\/\/www.e2.law\/fr\/","name":"e2.law","description":"A Business Law Firm","publisher":{"@id":"https:\/\/www.e2.law\/fr\/#organization"},"potentialAction":[{"@type":"SearchAction","target":{"@type":"EntryPoint","urlTemplate":"https:\/\/www.e2.law\/fr\/?s={search_term_string}"},"query-input":{"@type":"PropertyValueSpecification","valueRequired":true,"valueName":"search_term_string"}}],"inLanguage":"fr-FR"},{"@type":"Organization","@id":"https:\/\/www.e2.law\/fr\/#organization","name":"E2.law","url":"https:\/\/www.e2.law\/fr\/","logo":{"@type":"ImageObject","inLanguage":"fr-FR","@id":"https:\/\/www.e2.law\/fr\/#\/schema\/logo\/image\/","url":"https:\/\/www.e2.law\/wp-content\/uploads\/2018\/12\/logo-2.png","contentUrl":"https:\/\/www.e2.law\/wp-content\/uploads\/2018\/12\/logo-2.png","width":152,"height":40,"caption":"E2.law"},"image":{"@id":"https:\/\/www.e2.law\/fr\/#\/schema\/logo\/image\/"},"sameAs":["https:\/\/www.linkedin.com\/company\/e2.law"]}]}},"jetpack_sharing_enabled":true,"_links":{"self":[{"href":"https:\/\/www.e2.law\/fr\/wp-json\/wp\/v2\/needs\/42862","targetHints":{"allow":["GET"]}}],"collection":[{"href":"https:\/\/www.e2.law\/fr\/wp-json\/wp\/v2\/needs"}],"about":[{"href":"https:\/\/www.e2.law\/fr\/wp-json\/wp\/v2\/types\/needs"}],"wp:attachment":[{"href":"https:\/\/www.e2.law\/fr\/wp-json\/wp\/v2\/media?parent=42862"}],"wp:term":[{"taxonomy":"category","embeddable":true,"href":"https:\/\/www.e2.law\/fr\/wp-json\/wp\/v2\/categories?post=42862"},{"taxonomy":"post_tag","embeddable":true,"href":"https:\/\/www.e2.law\/fr\/wp-json\/wp\/v2\/tags?post=42862"}],"curies":[{"name":"wp","href":"https:\/\/api.w.org\/{rel}","templated":true}]}}

Gérer les suites de la rupture de mon contrat de travail par votre employeur

<p>Votre employeur a mis fin à votre contrat de travail.</p>
<p>Notre intervention couvre les domaines suivants:</p>
<ul>
<li>Nous vérifions si les modalités de rupture ont été respectées ;</li>
<li>Nous vous aidons à déterminer quels sont vos droits;</li>
<li>Nous vous aidons au besoin à négocier la rupture;</li>
<li>Nous vous aidons à notifier un contre-préavis si vous souhaitez partir plus tôt;</li>
<li>Si nécessaire, nous assurons votre défense devant les cours et tribunaux.</li>
</ul>

<!-- This site is optimized with the Yoast SEO plugin v27.5 - https://yoast.com/product/yoast-seo-wordpress/ -->
<title>Gérer les suites de la rupture de mon contrat de travail par votre employeur - e2.law</title>
<meta name="robots" content="index, follow, max-snippet:-1, max-image-preview:large, max-video-preview:-1" />
<link rel="canonical" href="https://www.e2.law/fr/needs/gerer-les-suites-de-la-rupture-de-votre-contrat-de-travail-par-votre-employeur/" />
<meta property="og:locale" content="fr_FR" />
<meta property="og:type" content="article" />
<meta property="og:title" content="Gérer les suites de la rupture de mon contrat de travail par votre employeur - e2.law" />
<meta property="og:description" content="Votre employeur a mis fin à votre contrat de travail. Notre intervention couvre les domaines suivants: Nous vérifions si les modalités de rupture ont été respectées ; Nous vous aidons à déterminer quels sont vos droits; Nous vous aidons au besoin à négocier la rupture; Nous vous aidons à notifier un contre-préavis si vous souhaitez partir  [...]" />
<meta property="og:url" content="https://www.e2.law/fr/needs/gerer-les-suites-de-la-rupture-de-votre-contrat-de-travail-par-votre-employeur/" />
<meta property="og:site_name" content="e2.law" />
<meta property="article:modified_time" content="2025-10-20T13:06:20+00:00" />
<meta name="twitter:card" content="summary_large_image" />
<meta name="twitter:label1" content="Durée de lecture estimée" />
	<meta name="twitter:data1" content="1 minute" />
<script type="application/ld+json" class="yoast-schema-graph">{"@context":"https:\/\/schema.org","@graph":[{"@type":"WebPage","@id":"https:\/\/www.e2.law\/fr\/needs\/gerer-les-suites-de-la-rupture-de-votre-contrat-de-travail-par-votre-employeur\/","url":"https:\/\/www.e2.law\/fr\/needs\/gerer-les-suites-de-la-rupture-de-votre-contrat-de-travail-par-votre-employeur\/","name":"Gérer les suites de la rupture de mon contrat de travail par votre employeur - e2.law","isPartOf":{"@id":"https:\/\/www.e2.law\/fr\/#website"},"datePublished":"2022-10-03T21:32:13+00:00","dateModified":"2025-10-20T13:06:20+00:00","breadcrumb":{"@id":"https:\/\/www.e2.law\/fr\/needs\/gerer-les-suites-de-la-rupture-de-votre-contrat-de-travail-par-votre-employeur\/#breadcrumb"},"inLanguage":"fr-FR","potentialAction":[{"@type":"ReadAction","target":["https:\/\/www.e2.law\/fr\/needs\/gerer-les-suites-de-la-rupture-de-votre-contrat-de-travail-par-votre-employeur\/"]}]},{"@type":"BreadcrumbList","@id":"https:\/\/www.e2.law\/fr\/needs\/gerer-les-suites-de-la-rupture-de-votre-contrat-de-travail-par-votre-employeur\/#breadcrumb","itemListElement":[{"@type":"ListItem","position":1,"name":"Home","item":"https:\/\/www.e2.law\/fr\/home\/"},{"@type":"ListItem","position":2,"name":"Goals","item":"https:\/\/www.e2.law\/fr\/needs\/"},{"@type":"ListItem","position":3,"name":"Gérer les suites de la rupture de mon contrat de travail par votre employeur"}]},{"@type":"WebSite","@id":"https:\/\/www.e2.law\/fr\/#website","url":"https:\/\/www.e2.law\/fr\/","name":"e2.law","description":"A Business Law Firm","publisher":{"@id":"https:\/\/www.e2.law\/fr\/#organization"},"potentialAction":[{"@type":"SearchAction","target":{"@type":"EntryPoint","urlTemplate":"https:\/\/www.e2.law\/fr\/?s={search_term_string}"},"query-input":{"@type":"PropertyValueSpecification","valueRequired":true,"valueName":"search_term_string"}}],"inLanguage":"fr-FR"},{"@type":"Organization","@id":"https:\/\/www.e2.law\/fr\/#organization","name":"E2.law","url":"https:\/\/www.e2.law\/fr\/","logo":{"@type":"ImageObject","inLanguage":"fr-FR","@id":"https:\/\/www.e2.law\/fr\/#\/schema\/logo\/image\/","url":"https:\/\/www.e2.law\/wp-content\/uploads\/2018\/12\/logo-2.png","contentUrl":"https:\/\/www.e2.law\/wp-content\/uploads\/2018\/12\/logo-2.png","width":152,"height":40,"caption":"E2.law"},"image":{"@id":"https:\/\/www.e2.law\/fr\/#\/schema\/logo\/image\/"},"sameAs":["https:\/\/www.linkedin.com\/company\/e2.law"]}]}</script>
<!-- / Yoast SEO plugin. -->

Gérer les suites de la rupture de mon contrat de travail par votre employeur - e2.law

Votre employeur a mis fin à votre contrat de travail. Notre intervention couvre les domaines suivants: Nous vérifions si les modalités de rupture ont été respectées ; Nous vous aidons à déterminer quels sont vos droits; Nous vous aidons au besoin à négocier la rupture; Nous vous aidons à notifier un contre-préavis si vous souhaitez partir  [...]
