{"id":42863,"date":"2022-10-03T23:43:49","date_gmt":"2022-10-03T21:43:49","guid":{"rendered":"https:\/\/www.e2.law\/?post_type=needs&#038;p=42863"},"modified":"2025-10-20T15:54:22","modified_gmt":"2025-10-20T13:54:22","slug":"vous-souhaitez-mettre-fin-a-votre-contrat-de-travail","status":"publish","type":"needs","link":"https:\/\/www.e2.law\/fr\/needs\/vous-souhaitez-mettre-fin-a-votre-contrat-de-travail\/","title":{"rendered":"Mettre fin \u00e0 mon contrat de travail"},"content":{"rendered":"<p>Notre intervention couvre les domaines suivants:<\/p>\n<ul>\n<li>Nous vous informons quant aux modalit\u00e9s de rupture de votre contrats ;<\/li>\n<li>Nous vous aidons \u00e0 d\u00e9terminer quels sont vos droits ;<\/li>\n<li>Nous r\u00e9digeons le courrier de rupture de contrat;<\/li>\n<li>Nous vous aidons au besoin \u00e0 n\u00e9gocier la rupture.<\/li>\n<\/ul>\n","protected":false},"featured_media":43696,"template":"","categories":[],"tags":[1216,1333,1009],"class_list":["post-42863","needs","type-needs","status-publish","has-post-thumbnail","hentry","tag-porteur-de-projet","tag-un-particulier","tag-rupture"],"acf":[],"yoast_head":"<!-- This site is optimized with the Yoast SEO plugin v27.5 - https:\/\/yoast.com\/product\/yoast-seo-wordpress\/ -->\n<title>Mettre fin \u00e0 mon contrat de travail - e2.law<\/title>\n<meta name=\"robots\" content=\"index, follow, max-snippet:-1, max-image-preview:large, max-video-preview:-1\" \/>\n<link rel=\"canonical\" href=\"https:\/\/www.e2.law\/fr\/needs\/vous-souhaitez-mettre-fin-a-votre-contrat-de-travail\/\" \/>\n<meta property=\"og:locale\" content=\"fr_FR\" \/>\n<meta property=\"og:type\" content=\"article\" \/>\n<meta property=\"og:title\" content=\"Mettre fin \u00e0 mon contrat de travail - e2.law\" \/>\n<meta property=\"og:description\" content=\"Notre intervention couvre les domaines suivants: Nous vous informons quant aux modalit\u00e9s de rupture de votre contrats ; Nous vous aidons \u00e0 d\u00e9terminer quels sont vos droits ; Nous r\u00e9digeons le courrier de rupture de contrat; Nous vous aidons au besoin \u00e0 n\u00e9gocier la rupture.\" \/>\n<meta property=\"og:url\" content=\"https:\/\/www.e2.law\/fr\/needs\/vous-souhaitez-mettre-fin-a-votre-contrat-de-travail\/\" \/>\n<meta property=\"og:site_name\" content=\"e2.law\" \/>\n<meta property=\"article:modified_time\" content=\"2025-10-20T13:54:22+00:00\" \/>\n<meta property=\"og:image\" content=\"https:\/\/www.e2.law\/wp-content\/uploads\/2022\/10\/Contrat_Rompu-2.png\" \/>\n\t<meta property=\"og:image:width\" content=\"800\" \/>\n\t<meta property=\"og:image:height\" content=\"800\" \/>\n\t<meta property=\"og:image:type\" content=\"image\/png\" \/>\n<meta name=\"twitter:card\" content=\"summary_large_image\" \/>\n<meta name=\"twitter:label1\" content=\"Dur\u00e9e de lecture estim\u00e9e\" \/>\n\t<meta name=\"twitter:data1\" content=\"1 minute\" \/>\n<script type=\"application\/ld+json\" class=\"yoast-schema-graph\">{\"@context\":\"https:\\\/\\\/schema.org\",\"@graph\":[{\"@type\":\"WebPage\",\"@id\":\"https:\\\/\\\/www.e2.law\\\/fr\\\/needs\\\/vous-souhaitez-mettre-fin-a-votre-contrat-de-travail\\\/\",\"url\":\"https:\\\/\\\/www.e2.law\\\/fr\\\/needs\\\/vous-souhaitez-mettre-fin-a-votre-contrat-de-travail\\\/\",\"name\":\"Mettre fin \u00e0 mon contrat de travail - e2.law\",\"isPartOf\":{\"@id\":\"https:\\\/\\\/www.e2.law\\\/fr\\\/#website\"},\"primaryImageOfPage\":{\"@id\":\"https:\\\/\\\/www.e2.law\\\/fr\\\/needs\\\/vous-souhaitez-mettre-fin-a-votre-contrat-de-travail\\\/#primaryimage\"},\"image\":{\"@id\":\"https:\\\/\\\/www.e2.law\\\/fr\\\/needs\\\/vous-souhaitez-mettre-fin-a-votre-contrat-de-travail\\\/#primaryimage\"},\"thumbnailUrl\":\"https:\\\/\\\/i0.wp.com\\\/www.e2.law\\\/wp-content\\\/uploads\\\/2022\\\/10\\\/Contrat_Rompu-2.png?fit=800%2C800&ssl=1\",\"datePublished\":\"2022-10-03T21:43:49+00:00\",\"dateModified\":\"2025-10-20T13:54:22+00:00\",\"breadcrumb\":{\"@id\":\"https:\\\/\\\/www.e2.law\\\/fr\\\/needs\\\/vous-souhaitez-mettre-fin-a-votre-contrat-de-travail\\\/#breadcrumb\"},\"inLanguage\":\"fr-FR\",\"potentialAction\":[{\"@type\":\"ReadAction\",\"target\":[\"https:\\\/\\\/www.e2.law\\\/fr\\\/needs\\\/vous-souhaitez-mettre-fin-a-votre-contrat-de-travail\\\/\"]}]},{\"@type\":\"ImageObject\",\"inLanguage\":\"fr-FR\",\"@id\":\"https:\\\/\\\/www.e2.law\\\/fr\\\/needs\\\/vous-souhaitez-mettre-fin-a-votre-contrat-de-travail\\\/#primaryimage\",\"url\":\"https:\\\/\\\/i0.wp.com\\\/www.e2.law\\\/wp-content\\\/uploads\\\/2022\\\/10\\\/Contrat_Rompu-2.png?fit=800%2C800&ssl=1\",\"contentUrl\":\"https:\\\/\\\/i0.wp.com\\\/www.e2.law\\\/wp-content\\\/uploads\\\/2022\\\/10\\\/Contrat_Rompu-2.png?fit=800%2C800&ssl=1\",\"width\":800,\"height\":800},{\"@type\":\"BreadcrumbList\",\"@id\":\"https:\\\/\\\/www.e2.law\\\/fr\\\/needs\\\/vous-souhaitez-mettre-fin-a-votre-contrat-de-travail\\\/#breadcrumb\",\"itemListElement\":[{\"@type\":\"ListItem\",\"position\":1,\"name\":\"Home\",\"item\":\"https:\\\/\\\/www.e2.law\\\/fr\\\/home\\\/\"},{\"@type\":\"ListItem\",\"position\":2,\"name\":\"Goals\",\"item\":\"https:\\\/\\\/www.e2.law\\\/fr\\\/needs\\\/\"},{\"@type\":\"ListItem\",\"position\":3,\"name\":\"Mettre fin \u00e0 mon contrat de travail\"}]},{\"@type\":\"WebSite\",\"@id\":\"https:\\\/\\\/www.e2.law\\\/fr\\\/#website\",\"url\":\"https:\\\/\\\/www.e2.law\\\/fr\\\/\",\"name\":\"e2.law\",\"description\":\"A Business Law Firm\",\"publisher\":{\"@id\":\"https:\\\/\\\/www.e2.law\\\/fr\\\/#organization\"},\"potentialAction\":[{\"@type\":\"SearchAction\",\"target\":{\"@type\":\"EntryPoint\",\"urlTemplate\":\"https:\\\/\\\/www.e2.law\\\/fr\\\/?s={search_term_string}\"},\"query-input\":{\"@type\":\"PropertyValueSpecification\",\"valueRequired\":true,\"valueName\":\"search_term_string\"}}],\"inLanguage\":\"fr-FR\"},{\"@type\":\"Organization\",\"@id\":\"https:\\\/\\\/www.e2.law\\\/fr\\\/#organization\",\"name\":\"E2.law\",\"url\":\"https:\\\/\\\/www.e2.law\\\/fr\\\/\",\"logo\":{\"@type\":\"ImageObject\",\"inLanguage\":\"fr-FR\",\"@id\":\"https:\\\/\\\/www.e2.law\\\/fr\\\/#\\\/schema\\\/logo\\\/image\\\/\",\"url\":\"https:\\\/\\\/www.e2.law\\\/wp-content\\\/uploads\\\/2018\\\/12\\\/logo-2.png\",\"contentUrl\":\"https:\\\/\\\/www.e2.law\\\/wp-content\\\/uploads\\\/2018\\\/12\\\/logo-2.png\",\"width\":152,\"height\":40,\"caption\":\"E2.law\"},\"image\":{\"@id\":\"https:\\\/\\\/www.e2.law\\\/fr\\\/#\\\/schema\\\/logo\\\/image\\\/\"},\"sameAs\":[\"https:\\\/\\\/www.linkedin.com\\\/company\\\/e2.law\"]}]}<\/script>\n<!-- \/ Yoast SEO plugin. -->","yoast_head_json":{"title":"Mettre fin \u00e0 mon contrat de travail - e2.law","robots":{"index":"index","follow":"follow","max-snippet":"max-snippet:-1","max-image-preview":"max-image-preview:large","max-video-preview":"max-video-preview:-1"},"canonical":"https:\/\/www.e2.law\/fr\/needs\/vous-souhaitez-mettre-fin-a-votre-contrat-de-travail\/","og_locale":"fr_FR","og_type":"article","og_title":"Mettre fin \u00e0 mon contrat de travail - e2.law","og_description":"Notre intervention couvre les domaines suivants: Nous vous informons quant aux modalit\u00e9s de rupture de votre contrats ; Nous vous aidons \u00e0 d\u00e9terminer quels sont vos droits ; Nous r\u00e9digeons le courrier de rupture de contrat; Nous vous aidons au besoin \u00e0 n\u00e9gocier la rupture.","og_url":"https:\/\/www.e2.law\/fr\/needs\/vous-souhaitez-mettre-fin-a-votre-contrat-de-travail\/","og_site_name":"e2.law","article_modified_time":"2025-10-20T13:54:22+00:00","og_image":[{"width":800,"height":800,"url":"https:\/\/www.e2.law\/wp-content\/uploads\/2022\/10\/Contrat_Rompu-2.png","type":"image\/png"}],"twitter_card":"summary_large_image","twitter_misc":{"Dur\u00e9e de lecture estim\u00e9e":"1 minute"},"schema":{"@context":"https:\/\/schema.org","@graph":[{"@type":"WebPage","@id":"https:\/\/www.e2.law\/fr\/needs\/vous-souhaitez-mettre-fin-a-votre-contrat-de-travail\/","url":"https:\/\/www.e2.law\/fr\/needs\/vous-souhaitez-mettre-fin-a-votre-contrat-de-travail\/","name":"Mettre fin \u00e0 mon contrat de travail - e2.law","isPartOf":{"@id":"https:\/\/www.e2.law\/fr\/#website"},"primaryImageOfPage":{"@id":"https:\/\/www.e2.law\/fr\/needs\/vous-souhaitez-mettre-fin-a-votre-contrat-de-travail\/#primaryimage"},"image":{"@id":"https:\/\/www.e2.law\/fr\/needs\/vous-souhaitez-mettre-fin-a-votre-contrat-de-travail\/#primaryimage"},"thumbnailUrl":"https:\/\/i0.wp.com\/www.e2.law\/wp-content\/uploads\/2022\/10\/Contrat_Rompu-2.png?fit=800%2C800&ssl=1","datePublished":"2022-10-03T21:43:49+00:00","dateModified":"2025-10-20T13:54:22+00:00","breadcrumb":{"@id":"https:\/\/www.e2.law\/fr\/needs\/vous-souhaitez-mettre-fin-a-votre-contrat-de-travail\/#breadcrumb"},"inLanguage":"fr-FR","potentialAction":[{"@type":"ReadAction","target":["https:\/\/www.e2.law\/fr\/needs\/vous-souhaitez-mettre-fin-a-votre-contrat-de-travail\/"]}]},{"@type":"ImageObject","inLanguage":"fr-FR","@id":"https:\/\/www.e2.law\/fr\/needs\/vous-souhaitez-mettre-fin-a-votre-contrat-de-travail\/#primaryimage","url":"https:\/\/i0.wp.com\/www.e2.law\/wp-content\/uploads\/2022\/10\/Contrat_Rompu-2.png?fit=800%2C800&ssl=1","contentUrl":"https:\/\/i0.wp.com\/www.e2.law\/wp-content\/uploads\/2022\/10\/Contrat_Rompu-2.png?fit=800%2C800&ssl=1","width":800,"height":800},{"@type":"BreadcrumbList","@id":"https:\/\/www.e2.law\/fr\/needs\/vous-souhaitez-mettre-fin-a-votre-contrat-de-travail\/#breadcrumb","itemListElement":[{"@type":"ListItem","position":1,"name":"Home","item":"https:\/\/www.e2.law\/fr\/home\/"},{"@type":"ListItem","position":2,"name":"Goals","item":"https:\/\/www.e2.law\/fr\/needs\/"},{"@type":"ListItem","position":3,"name":"Mettre fin \u00e0 mon contrat de travail"}]},{"@type":"WebSite","@id":"https:\/\/www.e2.law\/fr\/#website","url":"https:\/\/www.e2.law\/fr\/","name":"e2.law","description":"A Business Law Firm","publisher":{"@id":"https:\/\/www.e2.law\/fr\/#organization"},"potentialAction":[{"@type":"SearchAction","target":{"@type":"EntryPoint","urlTemplate":"https:\/\/www.e2.law\/fr\/?s={search_term_string}"},"query-input":{"@type":"PropertyValueSpecification","valueRequired":true,"valueName":"search_term_string"}}],"inLanguage":"fr-FR"},{"@type":"Organization","@id":"https:\/\/www.e2.law\/fr\/#organization","name":"E2.law","url":"https:\/\/www.e2.law\/fr\/","logo":{"@type":"ImageObject","inLanguage":"fr-FR","@id":"https:\/\/www.e2.law\/fr\/#\/schema\/logo\/image\/","url":"https:\/\/www.e2.law\/wp-content\/uploads\/2018\/12\/logo-2.png","contentUrl":"https:\/\/www.e2.law\/wp-content\/uploads\/2018\/12\/logo-2.png","width":152,"height":40,"caption":"E2.law"},"image":{"@id":"https:\/\/www.e2.law\/fr\/#\/schema\/logo\/image\/"},"sameAs":["https:\/\/www.linkedin.com\/company\/e2.law"]}]}},"jetpack_sharing_enabled":true,"_links":{"self":[{"href":"https:\/\/www.e2.law\/fr\/wp-json\/wp\/v2\/needs\/42863","targetHints":{"allow":["GET"]}}],"collection":[{"href":"https:\/\/www.e2.law\/fr\/wp-json\/wp\/v2\/needs"}],"about":[{"href":"https:\/\/www.e2.law\/fr\/wp-json\/wp\/v2\/types\/needs"}],"wp:featuredmedia":[{"embeddable":true,"href":"https:\/\/www.e2.law\/fr\/wp-json\/wp\/v2\/media\/43696"}],"wp:attachment":[{"href":"https:\/\/www.e2.law\/fr\/wp-json\/wp\/v2\/media?parent=42863"}],"wp:term":[{"taxonomy":"category","embeddable":true,"href":"https:\/\/www.e2.law\/fr\/wp-json\/wp\/v2\/categories?post=42863"},{"taxonomy":"post_tag","embeddable":true,"href":"https:\/\/www.e2.law\/fr\/wp-json\/wp\/v2\/tags?post=42863"}],"curies":[{"name":"wp","href":"https:\/\/api.w.org\/{rel}","templated":true}]}}

Mettre fin à mon contrat de travail

<p>Notre intervention couvre les domaines suivants:</p>
<ul>
<li>Nous vous informons quant aux modalités de rupture de votre contrats ;</li>
<li>Nous vous aidons à déterminer quels sont vos droits ;</li>
<li>Nous rédigeons le courrier de rupture de contrat;</li>
<li>Nous vous aidons au besoin à négocier la rupture.</li>
</ul>

<!-- This site is optimized with the Yoast SEO plugin v27.5 - https://yoast.com/product/yoast-seo-wordpress/ -->
<title>Mettre fin à mon contrat de travail - e2.law</title>
<meta name="robots" content="index, follow, max-snippet:-1, max-image-preview:large, max-video-preview:-1" />
<link rel="canonical" href="https://www.e2.law/fr/needs/vous-souhaitez-mettre-fin-a-votre-contrat-de-travail/" />
<meta property="og:locale" content="fr_FR" />
<meta property="og:type" content="article" />
<meta property="og:title" content="Mettre fin à mon contrat de travail - e2.law" />
<meta property="og:description" content="Notre intervention couvre les domaines suivants: Nous vous informons quant aux modalités de rupture de votre contrats ; Nous vous aidons à déterminer quels sont vos droits ; Nous rédigeons le courrier de rupture de contrat; Nous vous aidons au besoin à négocier la rupture." />
<meta property="og:url" content="https://www.e2.law/fr/needs/vous-souhaitez-mettre-fin-a-votre-contrat-de-travail/" />
<meta property="og:site_name" content="e2.law" />
<meta property="article:modified_time" content="2025-10-20T13:54:22+00:00" />
<meta property="og:image" content="https://www.e2.law/wp-content/uploads/2022/10/Contrat_Rompu-2.png" />
	<meta property="og:image:width" content="800" />
	<meta property="og:image:height" content="800" />
	<meta property="og:image:type" content="image/png" />
<meta name="twitter:card" content="summary_large_image" />
<meta name="twitter:label1" content="Durée de lecture estimée" />
	<meta name="twitter:data1" content="1 minute" />
<script type="application/ld+json" class="yoast-schema-graph">{"@context":"https:\/\/schema.org","@graph":[{"@type":"WebPage","@id":"https:\/\/www.e2.law\/fr\/needs\/vous-souhaitez-mettre-fin-a-votre-contrat-de-travail\/","url":"https:\/\/www.e2.law\/fr\/needs\/vous-souhaitez-mettre-fin-a-votre-contrat-de-travail\/","name":"Mettre fin à mon contrat de travail - e2.law","isPartOf":{"@id":"https:\/\/www.e2.law\/fr\/#website"},"primaryImageOfPage":{"@id":"https:\/\/www.e2.law\/fr\/needs\/vous-souhaitez-mettre-fin-a-votre-contrat-de-travail\/#primaryimage"},"image":{"@id":"https:\/\/www.e2.law\/fr\/needs\/vous-souhaitez-mettre-fin-a-votre-contrat-de-travail\/#primaryimage"},"thumbnailUrl":"https:\/\/i0.wp.com\/www.e2.law\/wp-content\/uploads\/2022\/10\/Contrat_Rompu-2.png?fit=800%2C800&ssl=1","datePublished":"2022-10-03T21:43:49+00:00","dateModified":"2025-10-20T13:54:22+00:00","breadcrumb":{"@id":"https:\/\/www.e2.law\/fr\/needs\/vous-souhaitez-mettre-fin-a-votre-contrat-de-travail\/#breadcrumb"},"inLanguage":"fr-FR","potentialAction":[{"@type":"ReadAction","target":["https:\/\/www.e2.law\/fr\/needs\/vous-souhaitez-mettre-fin-a-votre-contrat-de-travail\/"]}]},{"@type":"ImageObject","inLanguage":"fr-FR","@id":"https:\/\/www.e2.law\/fr\/needs\/vous-souhaitez-mettre-fin-a-votre-contrat-de-travail\/#primaryimage","url":"https:\/\/i0.wp.com\/www.e2.law\/wp-content\/uploads\/2022\/10\/Contrat_Rompu-2.png?fit=800%2C800&ssl=1","contentUrl":"https:\/\/i0.wp.com\/www.e2.law\/wp-content\/uploads\/2022\/10\/Contrat_Rompu-2.png?fit=800%2C800&ssl=1","width":800,"height":800},{"@type":"BreadcrumbList","@id":"https:\/\/www.e2.law\/fr\/needs\/vous-souhaitez-mettre-fin-a-votre-contrat-de-travail\/#breadcrumb","itemListElement":[{"@type":"ListItem","position":1,"name":"Home","item":"https:\/\/www.e2.law\/fr\/home\/"},{"@type":"ListItem","position":2,"name":"Goals","item":"https:\/\/www.e2.law\/fr\/needs\/"},{"@type":"ListItem","position":3,"name":"Mettre fin à mon contrat de travail"}]},{"@type":"WebSite","@id":"https:\/\/www.e2.law\/fr\/#website","url":"https:\/\/www.e2.law\/fr\/","name":"e2.law","description":"A Business Law Firm","publisher":{"@id":"https:\/\/www.e2.law\/fr\/#organization"},"potentialAction":[{"@type":"SearchAction","target":{"@type":"EntryPoint","urlTemplate":"https:\/\/www.e2.law\/fr\/?s={search_term_string}"},"query-input":{"@type":"PropertyValueSpecification","valueRequired":true,"valueName":"search_term_string"}}],"inLanguage":"fr-FR"},{"@type":"Organization","@id":"https:\/\/www.e2.law\/fr\/#organization","name":"E2.law","url":"https:\/\/www.e2.law\/fr\/","logo":{"@type":"ImageObject","inLanguage":"fr-FR","@id":"https:\/\/www.e2.law\/fr\/#\/schema\/logo\/image\/","url":"https:\/\/www.e2.law\/wp-content\/uploads\/2018\/12\/logo-2.png","contentUrl":"https:\/\/www.e2.law\/wp-content\/uploads\/2018\/12\/logo-2.png","width":152,"height":40,"caption":"E2.law"},"image":{"@id":"https:\/\/www.e2.law\/fr\/#\/schema\/logo\/image\/"},"sameAs":["https:\/\/www.linkedin.com\/company\/e2.law"]}]}</script>
<!-- / Yoast SEO plugin. -->

Mettre fin à mon contrat de travail - e2.law

Notre intervention couvre les domaines suivants: Nous vous informons quant aux modalités de rupture de votre contrats ; Nous vous aidons à déterminer quels sont vos droits ; Nous rédigeons le courrier de rupture de contrat; Nous vous aidons au besoin à négocier la rupture.
