{"id":14339,"date":"2018-12-14T08:31:14","date_gmt":"2018-12-14T08:31:14","guid":{"rendered":"https:\/\/www.e2.law\/social-sector\/"},"modified":"2020-04-05T16:31:16","modified_gmt":"2020-04-05T14:31:16","slug":"social-sector","status":"publish","type":"page","link":"https:\/\/www.e2.law\/fr\/social-sector\/","title":{"rendered":"Secteur social"},"content":{"rendered":"<p><div class=\"fusion-fullwidth fullwidth-box fusion-builder-row-1 nonhundred-percent-fullwidth non-hundred-percent-height-scrolling\" style=\"--awb-border-radius-top-left:0px;--awb-border-radius-top-right:0px;--awb-border-radius-bottom-right:0px;--awb-border-radius-bottom-left:0px;--awb-flex-wrap:wrap;\" ><div class=\"fusion-builder-row fusion-row\"><div class=\"fusion-layout-column fusion_builder_column fusion-builder-column-0 fusion_builder_column_1_1 1_1 fusion-one-full fusion-column-first fusion-column-last\" style=\"--awb-padding-top:20px;--awb-padding-right:20px;--awb-padding-bottom:20px;--awb-padding-left:20px;--awb-bg-size:cover;\"><div class=\"fusion-column-wrapper fusion-flex-column-wrapper-legacy\"><div class=\"fusion-alignright\"><a class=\"fusion-button button-flat fusion-button-default-size button-default fusion-button-default button-1 fusion-button-default-span fusion-button-default-type\" target=\"_self\" href=\"https:\/\/www.e2.law\/e-composition\/\"><span class=\"fusion-button-text awb-button__text awb-button__text--default\">Back to e-Composition<\/span><\/a><\/div><div class=\"fusion-sep-clear\"><\/div><div class=\"fusion-separator fusion-full-width-sep\" style=\"margin-left: auto;margin-right: auto;margin-top:20px;width:100%;\"><\/div><div class=\"fusion-sep-clear\"><\/div><div class=\"fusion-text fusion-text-1\"><p>Nous conseillons les entreprises qui participent \u00e0 l\u2019\u00e9conomie sociale.<\/p>\n<div class=\"fusion-modal modal fade modal-1 \u00e9conomie sociale\" tabindex=\"-1\" role=\"dialog\" aria-labelledby=\"modal-heading-1\" aria-hidden=\"true\" style=\"--awb-border-color:#ebebeb;--awb-background:#f6f6f6;\"><div class=\"modal-dialog modal-lg\" role=\"document\"><div class=\"modal-content fusion-modal-content\"><div class=\"modal-header\"><button class=\"close\" type=\"button\" data-dismiss=\"modal\" aria-hidden=\"true\" aria-label=\"Close\">&times;<\/button><h3 class=\"modal-title\" id=\"modal-heading-1\" data-dismiss=\"modal\" aria-hidden=\"true\">\u00e9conomie social<\/h3><\/div><div class=\"modal-body fusion-clearfix\"><\/p>\n<p>test<\/p>\n<p><\/div><div class=\"modal-footer\"><button class=\"fusion-button button-default button-medium button default medium\" type=\"button\" data-dismiss=\"modal\">Close<\/button><\/div><\/div><\/div><\/div>\n<p>Ces entreprises ont des natures juridiques distinctes mais ont en commun de partager, \u00e0 des degr\u00e9s divers, une finalit\u00e9 de service particulier \u00e0 la collectivit\u00e9.<\/p>\n<p>Par leurs efforts conjoints, la part que ces entreprises repr\u00e9sentent dans l&#8217;\u00e9conomie globale et dans l&#8217;emploi est en augmentation croissante.<\/p>\n<h2>Les associations<\/h2>\n<p>D\u2019abord, il y a les associations qui n\u2019ont pas de but de lucre et ne distribuent pas de revenus \u00e0 leurs membres, ni directement ni indirectement : il s\u2019agit des asbl, aisbl, fondations et associations de fait. Les termes&#8221;associations&#8221; et d\u2019\u00ab institutions sans but lucratifs \u00bb (ISBL) les d\u00e9signent.\u00a0 Ces associations sont peut \u00eatre les figures embl\u00e9matiques de l&#8217;\u00e9conomie sociale, dont elle sont \u00e0 l&#8217;origine.<\/p>\n<p>Parmi les associations, il existe beaucoup de r\u00e9alit\u00e9s tout \u00e0 fait diff\u00e9rentes :<\/p>\n<ul>\n<li>Taille : petites associations de b\u00e9n\u00e9voles et grandes associations g\u00e9r\u00e9es \u00e0 la mani\u00e8re d&#8217;une entreprise commerciale.<\/li>\n<li>Personnalit\u00e9 juridique : certaines associations n&#8217;ont pas la personnalit\u00e9<\/li>\n<li>Secteurs : les associations sont repr\u00e9sent\u00e9es dans quasiment tous les secteurs de l&#8217;\u00e9conomie. Nous travaillons pour les coop\u00e9ratives actives dans le domaine \u00e9nerg\u00e9tique, ainsi que pour des associations actives dans la promotion des droits civique et de l&#8217;\u00e9galit\u00e9, ainsi que pour des associations protectrices de l&#8217;environnement.<\/li>\n<li>Activit\u00e9 \u00e9conomique : ces associations sont tant\u00f4t financ\u00e9es uniquement par des dons, du sponsoring ou subsides. tant\u00f4t par une activit\u00e9 qui leur est propres aient une activit\u00e9 \u00e9conomique accessoire.<\/li>\n<li>Participation des pouvoirs publics : certaines \u00ab entreprises \u00bb sociales sont partiellement ou totalement financ\u00e9es et\/ou contr\u00f4l\u00e9es par les pouvoirs publics.<\/li>\n<\/ul>\n<h2>Certaines soci\u00e9t\u00e9s<\/h2>\n<p>Ensuite, les soci\u00e9t\u00e9s qui, comme les autres soci\u00e9t\u00e9s commerciales ont des actionnaires, mais qui ont une finalit\u00e9 sociale reconnue dans leurs statuts et une distribution de dividendes limit\u00e9e.<\/p>\n<p>On retrouve les m\u00eame distinctions que celles esquiss\u00e9es pour les associations. Les soci\u00e9t\u00e9s plus classiques, qui redistribuent une partie de leur revenus.<\/p>\n<\/div><div class=\"fusion-clearfix\"><\/div><\/div><\/div><\/div><\/div><div class=\"fusion-fullwidth fullwidth-box fusion-builder-row-2 nonhundred-percent-fullwidth non-hundred-percent-height-scrolling\" style=\"--awb-border-radius-top-left:0px;--awb-border-radius-top-right:0px;--awb-border-radius-bottom-right:0px;--awb-border-radius-bottom-left:0px;--awb-flex-wrap:wrap;\" ><div class=\"fusion-builder-row fusion-row\"><div class=\"fusion-layout-column fusion_builder_column fusion-builder-column-1 fusion_builder_column_1_2 1_2 fusion-one-half fusion-column-first\" style=\"--awb-bg-size:cover;width:50%;width:calc(50% - ( ( 4% ) * 0.5 ) );margin-right: 4%;\"><div class=\"fusion-column-wrapper fusion-flex-column-wrapper-legacy\"><div class=\"fusion-alignleft\"><a class=\"fusion-button button-flat button-medium button-default fusion-button-default button-2 fusion-button-default-span fusion-button-default-type\" target=\"_self\" href=\"https:\/\/www.e2.law\/e-composition\/for-profit\/\"><span class=\"fusion-button-text awb-button__text awb-button__text--default fusion-button-text-right\">Previous<\/span><span class=\"fusion-button-icon-divider button-icon-divider-right\"><i class=\"fa-angle-left fas awb-button__icon awb-button__icon--default\" aria-hidden=\"true\"><\/i><\/span><\/a><\/div><div class=\"fusion-clearfix\"><\/div><\/div><\/div><div class=\"fusion-layout-column fusion_builder_column fusion-builder-column-2 fusion_builder_column_1_2 1_2 fusion-one-half fusion-column-last\" style=\"--awb-bg-size:cover;width:50%;width:calc(50% - ( ( 4% ) * 0.5 ) );\"><div class=\"fusion-column-wrapper fusion-flex-column-wrapper-legacy\"><div class=\"fusion-alignright\"><a class=\"fusion-button button-flat button-medium button-default fusion-button-default button-3 fusion-button-default-span fusion-button-default-type\" target=\"_self\" href=\"https:\/\/www.e2.law\/e-composition\/stakeholders\/\"><span class=\"fusion-button-icon-divider button-icon-divider-left\"><i class=\"fa-angle-right fas awb-button__icon awb-button__icon--default\" aria-hidden=\"true\"><\/i><\/span><span class=\"fusion-button-text awb-button__text awb-button__text--default fusion-button-text-left\">Next<\/span><\/a><\/div><div class=\"fusion-clearfix\"><\/div><\/div><\/div><\/div><\/div><\/p>\n","protected":false},"excerpt":{"rendered":"","protected":false},"author":166,"featured_media":0,"parent":0,"menu_order":0,"comment_status":"closed","ping_status":"closed","template":"","meta":{"_acf_changed":false,"footnotes":""},"class_list":["post-14339","page","type-page","status-publish","hentry"],"acf":[],"yoast_head":"<!-- This site is optimized with the Yoast SEO plugin v27.5 - https:\/\/yoast.com\/product\/yoast-seo-wordpress\/ -->\n<title>Secteur social - e2.law<\/title>\n<meta name=\"robots\" content=\"index, follow, max-snippet:-1, max-image-preview:large, max-video-preview:-1\" \/>\n<link rel=\"canonical\" href=\"https:\/\/www.e2.law\/fr\/social-sector\/\" \/>\n<meta property=\"og:locale\" content=\"fr_FR\" \/>\n<meta property=\"og:type\" content=\"article\" \/>\n<meta property=\"og:title\" content=\"Secteur social - e2.law\" \/>\n<meta property=\"og:url\" content=\"https:\/\/www.e2.law\/fr\/social-sector\/\" \/>\n<meta property=\"og:site_name\" content=\"e2.law\" \/>\n<meta property=\"article:modified_time\" content=\"2020-04-05T14:31:16+00:00\" \/>\n<meta name=\"twitter:card\" content=\"summary_large_image\" \/>\n<meta name=\"twitter:label1\" content=\"Dur\u00e9e de lecture estim\u00e9e\" \/>\n\t<meta name=\"twitter:data1\" content=\"5 minutes\" \/>\n<script type=\"application\/ld+json\" class=\"yoast-schema-graph\">{\"@context\":\"https:\\\/\\\/schema.org\",\"@graph\":[{\"@type\":\"WebPage\",\"@id\":\"https:\\\/\\\/www.e2.law\\\/fr\\\/social-sector\\\/\",\"url\":\"https:\\\/\\\/www.e2.law\\\/fr\\\/social-sector\\\/\",\"name\":\"Secteur social - e2.law\",\"isPartOf\":{\"@id\":\"https:\\\/\\\/www.e2.law\\\/fr\\\/#website\"},\"datePublished\":\"2018-12-14T08:31:14+00:00\",\"dateModified\":\"2020-04-05T14:31:16+00:00\",\"breadcrumb\":{\"@id\":\"https:\\\/\\\/www.e2.law\\\/fr\\\/social-sector\\\/#breadcrumb\"},\"inLanguage\":\"fr-FR\",\"potentialAction\":[{\"@type\":\"ReadAction\",\"target\":[\"https:\\\/\\\/www.e2.law\\\/fr\\\/social-sector\\\/\"]}]},{\"@type\":\"BreadcrumbList\",\"@id\":\"https:\\\/\\\/www.e2.law\\\/fr\\\/social-sector\\\/#breadcrumb\",\"itemListElement\":[{\"@type\":\"ListItem\",\"position\":1,\"name\":\"Home\",\"item\":\"https:\\\/\\\/www.e2.law\\\/fr\\\/home\\\/\"},{\"@type\":\"ListItem\",\"position\":2,\"name\":\"Secteur social\"}]},{\"@type\":\"WebSite\",\"@id\":\"https:\\\/\\\/www.e2.law\\\/fr\\\/#website\",\"url\":\"https:\\\/\\\/www.e2.law\\\/fr\\\/\",\"name\":\"e2.law\",\"description\":\"A Business Law Firm\",\"publisher\":{\"@id\":\"https:\\\/\\\/www.e2.law\\\/fr\\\/#organization\"},\"potentialAction\":[{\"@type\":\"SearchAction\",\"target\":{\"@type\":\"EntryPoint\",\"urlTemplate\":\"https:\\\/\\\/www.e2.law\\\/fr\\\/?s={search_term_string}\"},\"query-input\":{\"@type\":\"PropertyValueSpecification\",\"valueRequired\":true,\"valueName\":\"search_term_string\"}}],\"inLanguage\":\"fr-FR\"},{\"@type\":\"Organization\",\"@id\":\"https:\\\/\\\/www.e2.law\\\/fr\\\/#organization\",\"name\":\"E2.law\",\"url\":\"https:\\\/\\\/www.e2.law\\\/fr\\\/\",\"logo\":{\"@type\":\"ImageObject\",\"inLanguage\":\"fr-FR\",\"@id\":\"https:\\\/\\\/www.e2.law\\\/fr\\\/#\\\/schema\\\/logo\\\/image\\\/\",\"url\":\"https:\\\/\\\/www.e2.law\\\/wp-content\\\/uploads\\\/2018\\\/12\\\/logo-2.png\",\"contentUrl\":\"https:\\\/\\\/www.e2.law\\\/wp-content\\\/uploads\\\/2018\\\/12\\\/logo-2.png\",\"width\":152,\"height\":40,\"caption\":\"E2.law\"},\"image\":{\"@id\":\"https:\\\/\\\/www.e2.law\\\/fr\\\/#\\\/schema\\\/logo\\\/image\\\/\"},\"sameAs\":[\"https:\\\/\\\/www.linkedin.com\\\/company\\\/e2.law\"]}]}<\/script>\n<!-- \/ Yoast SEO plugin. -->","yoast_head_json":{"title":"Secteur social - e2.law","robots":{"index":"index","follow":"follow","max-snippet":"max-snippet:-1","max-image-preview":"max-image-preview:large","max-video-preview":"max-video-preview:-1"},"canonical":"https:\/\/www.e2.law\/fr\/social-sector\/","og_locale":"fr_FR","og_type":"article","og_title":"Secteur social - e2.law","og_url":"https:\/\/www.e2.law\/fr\/social-sector\/","og_site_name":"e2.law","article_modified_time":"2020-04-05T14:31:16+00:00","twitter_card":"summary_large_image","twitter_misc":{"Dur\u00e9e de lecture estim\u00e9e":"5 minutes"},"schema":{"@context":"https:\/\/schema.org","@graph":[{"@type":"WebPage","@id":"https:\/\/www.e2.law\/fr\/social-sector\/","url":"https:\/\/www.e2.law\/fr\/social-sector\/","name":"Secteur social - e2.law","isPartOf":{"@id":"https:\/\/www.e2.law\/fr\/#website"},"datePublished":"2018-12-14T08:31:14+00:00","dateModified":"2020-04-05T14:31:16+00:00","breadcrumb":{"@id":"https:\/\/www.e2.law\/fr\/social-sector\/#breadcrumb"},"inLanguage":"fr-FR","potentialAction":[{"@type":"ReadAction","target":["https:\/\/www.e2.law\/fr\/social-sector\/"]}]},{"@type":"BreadcrumbList","@id":"https:\/\/www.e2.law\/fr\/social-sector\/#breadcrumb","itemListElement":[{"@type":"ListItem","position":1,"name":"Home","item":"https:\/\/www.e2.law\/fr\/home\/"},{"@type":"ListItem","position":2,"name":"Secteur social"}]},{"@type":"WebSite","@id":"https:\/\/www.e2.law\/fr\/#website","url":"https:\/\/www.e2.law\/fr\/","name":"e2.law","description":"A Business Law Firm","publisher":{"@id":"https:\/\/www.e2.law\/fr\/#organization"},"potentialAction":[{"@type":"SearchAction","target":{"@type":"EntryPoint","urlTemplate":"https:\/\/www.e2.law\/fr\/?s={search_term_string}"},"query-input":{"@type":"PropertyValueSpecification","valueRequired":true,"valueName":"search_term_string"}}],"inLanguage":"fr-FR"},{"@type":"Organization","@id":"https:\/\/www.e2.law\/fr\/#organization","name":"E2.law","url":"https:\/\/www.e2.law\/fr\/","logo":{"@type":"ImageObject","inLanguage":"fr-FR","@id":"https:\/\/www.e2.law\/fr\/#\/schema\/logo\/image\/","url":"https:\/\/www.e2.law\/wp-content\/uploads\/2018\/12\/logo-2.png","contentUrl":"https:\/\/www.e2.law\/wp-content\/uploads\/2018\/12\/logo-2.png","width":152,"height":40,"caption":"E2.law"},"image":{"@id":"https:\/\/www.e2.law\/fr\/#\/schema\/logo\/image\/"},"sameAs":["https:\/\/www.linkedin.com\/company\/e2.law"]}]}},"jetpack_sharing_enabled":true,"_links":{"self":[{"href":"https:\/\/www.e2.law\/fr\/wp-json\/wp\/v2\/pages\/14339","targetHints":{"allow":["GET"]}}],"collection":[{"href":"https:\/\/www.e2.law\/fr\/wp-json\/wp\/v2\/pages"}],"about":[{"href":"https:\/\/www.e2.law\/fr\/wp-json\/wp\/v2\/types\/page"}],"author":[{"embeddable":true,"href":"https:\/\/www.e2.law\/fr\/wp-json\/wp\/v2\/users\/166"}],"replies":[{"embeddable":true,"href":"https:\/\/www.e2.law\/fr\/wp-json\/wp\/v2\/comments?post=14339"}],"version-history":[{"count":0,"href":"https:\/\/www.e2.law\/fr\/wp-json\/wp\/v2\/pages\/14339\/revisions"}],"wp:attachment":[{"href":"https:\/\/www.e2.law\/fr\/wp-json\/wp\/v2\/media?parent=14339"}],"curies":[{"name":"wp","href":"https:\/\/api.w.org\/{rel}","templated":true}]}}

<p><div class="fusion-fullwidth fullwidth-box fusion-builder-row-1 nonhundred-percent-fullwidth non-hundred-percent-height-scrolling" style="--awb-border-radius-top-left:0px;--awb-border-radius-top-right:0px;--awb-border-radius-bottom-right:0px;--awb-border-radius-bottom-left:0px;--awb-flex-wrap:wrap;" ><div class="fusion-builder-row fusion-row"><div class="fusion-layout-column fusion_builder_column fusion-builder-column-0 fusion_builder_column_1_1 1_1 fusion-one-full fusion-column-first fusion-column-last" style="--awb-padding-top:20px;--awb-padding-right:20px;--awb-padding-bottom:20px;--awb-padding-left:20px;--awb-bg-size:cover;"><div class="fusion-column-wrapper fusion-flex-column-wrapper-legacy"><div class="fusion-alignright"><a class="fusion-button button-flat fusion-button-default-size button-default fusion-button-default button-1 fusion-button-default-span fusion-button-default-type" target="_self" href="https://www.e2.law/e-composition/"><span class="fusion-button-text awb-button__text awb-button__text--default">Back to e-Composition</span></a></div><div class="fusion-sep-clear"></div><div class="fusion-separator fusion-full-width-sep" style="margin-left: auto;margin-right: auto;margin-top:20px;width:100%;"></div><div class="fusion-sep-clear"></div><div class="fusion-text fusion-text-1"><p>Nous conseillons les entreprises qui participent à l’économie sociale.</p>
<div class="fusion-modal modal fade modal-1 économie sociale" tabindex="-1" role="dialog" aria-labelledby="modal-heading-1" aria-hidden="true" style="--awb-border-color:#ebebeb;--awb-background:#f6f6f6;"><div class="modal-dialog modal-lg" role="document"><div class="modal-content fusion-modal-content"><div class="modal-header"><button class="close" type="button" data-dismiss="modal" aria-hidden="true" aria-label="Close">&times;</button><h3 class="modal-title" id="modal-heading-1" data-dismiss="modal" aria-hidden="true">économie social</h3></div><div class="modal-body fusion-clearfix"></p>
<p>test</p>
<p></div><div class="modal-footer"><button class="fusion-button button-default button-medium button default medium" type="button" data-dismiss="modal">Close</button></div></div></div></div>
<p>Ces entreprises ont des natures juridiques distinctes mais ont en commun de partager, à des degrés divers, une finalité de service particulier à la collectivité.</p>
<p>Par leurs efforts conjoints, la part que ces entreprises représentent dans l&#8217;économie globale et dans l&#8217;emploi est en augmentation croissante.</p>
<h2>Les associations</h2>
<p>D’abord, il y a les associations qui n’ont pas de but de lucre et ne distribuent pas de revenus à leurs membres, ni directement ni indirectement : il s’agit des asbl, aisbl, fondations et associations de fait. Les termes&#8221;associations&#8221; et d’« institutions sans but lucratifs » (ISBL) les désignent.  Ces associations sont peut être les figures emblématiques de l&#8217;économie sociale, dont elle sont à l&#8217;origine.</p>
<p>Parmi les associations, il existe beaucoup de réalités tout à fait différentes :</p>
<ul>
<li>Taille : petites associations de bénévoles et grandes associations gérées à la manière d&#8217;une entreprise commerciale.</li>
<li>Personnalité juridique : certaines associations n&#8217;ont pas la personnalité</li>
<li>Secteurs : les associations sont représentées dans quasiment tous les secteurs de l&#8217;économie. Nous travaillons pour les coopératives actives dans le domaine énergétique, ainsi que pour des associations actives dans la promotion des droits civique et de l&#8217;égalité, ainsi que pour des associations protectrices de l&#8217;environnement.</li>
<li>Activité économique : ces associations sont tantôt financées uniquement par des dons, du sponsoring ou subsides. tantôt par une activité qui leur est propres aient une activité économique accessoire.</li>
<li>Participation des pouvoirs publics : certaines « entreprises » sociales sont partiellement ou totalement financées et/ou contrôlées par les pouvoirs publics.</li>
</ul>
<h2>Certaines sociétés</h2>
<p>Ensuite, les sociétés qui, comme les autres sociétés commerciales ont des actionnaires, mais qui ont une finalité sociale reconnue dans leurs statuts et une distribution de dividendes limitée.</p>
<p>On retrouve les même distinctions que celles esquissées pour les associations. Les sociétés plus classiques, qui redistribuent une partie de leur revenus.</p>
</div><div class="fusion-clearfix"></div></div></div></div></div><div class="fusion-fullwidth fullwidth-box fusion-builder-row-2 nonhundred-percent-fullwidth non-hundred-percent-height-scrolling" style="--awb-border-radius-top-left:0px;--awb-border-radius-top-right:0px;--awb-border-radius-bottom-right:0px;--awb-border-radius-bottom-left:0px;--awb-flex-wrap:wrap;" ><div class="fusion-builder-row fusion-row"><div class="fusion-layout-column fusion_builder_column fusion-builder-column-1 fusion_builder_column_1_2 1_2 fusion-one-half fusion-column-first" style="--awb-bg-size:cover;width:50%;width:calc(50% - ( ( 4% ) * 0.5 ) );margin-right: 4%;"><div class="fusion-column-wrapper fusion-flex-column-wrapper-legacy"><div class="fusion-alignleft"><a class="fusion-button button-flat button-medium button-default fusion-button-default button-2 fusion-button-default-span fusion-button-default-type" target="_self" href="https://www.e2.law/e-composition/for-profit/"><span class="fusion-button-text awb-button__text awb-button__text--default fusion-button-text-right">Previous</span><span class="fusion-button-icon-divider button-icon-divider-right"><i class="fa-angle-left fas awb-button__icon awb-button__icon--default" aria-hidden="true"></i></span></a></div><div class="fusion-clearfix"></div></div></div><div class="fusion-layout-column fusion_builder_column fusion-builder-column-2 fusion_builder_column_1_2 1_2 fusion-one-half fusion-column-last" style="--awb-bg-size:cover;width:50%;width:calc(50% - ( ( 4% ) * 0.5 ) );"><div class="fusion-column-wrapper fusion-flex-column-wrapper-legacy"><div class="fusion-alignright"><a class="fusion-button button-flat button-medium button-default fusion-button-default button-3 fusion-button-default-span fusion-button-default-type" target="_self" href="https://www.e2.law/e-composition/stakeholders/"><span class="fusion-button-icon-divider button-icon-divider-left"><i class="fa-angle-right fas awb-button__icon awb-button__icon--default" aria-hidden="true"></i></span><span class="fusion-button-text awb-button__text awb-button__text--default fusion-button-text-left">Next</span></a></div><div class="fusion-clearfix"></div></div></div></div></div></p>

<!-- This site is optimized with the Yoast SEO plugin v27.5 - https://yoast.com/product/yoast-seo-wordpress/ -->
<title>Secteur social - e2.law</title>
<meta name="robots" content="index, follow, max-snippet:-1, max-image-preview:large, max-video-preview:-1" />
<link rel="canonical" href="https://www.e2.law/fr/social-sector/" />
<meta property="og:locale" content="fr_FR" />
<meta property="og:type" content="article" />
<meta property="og:title" content="Secteur social - e2.law" />
<meta property="og:url" content="https://www.e2.law/fr/social-sector/" />
<meta property="og:site_name" content="e2.law" />
<meta property="article:modified_time" content="2020-04-05T14:31:16+00:00" />
<meta name="twitter:card" content="summary_large_image" />
<meta name="twitter:label1" content="Durée de lecture estimée" />
	<meta name="twitter:data1" content="5 minutes" />
<script type="application/ld+json" class="yoast-schema-graph">{"@context":"https:\/\/schema.org","@graph":[{"@type":"WebPage","@id":"https:\/\/www.e2.law\/fr\/social-sector\/","url":"https:\/\/www.e2.law\/fr\/social-sector\/","name":"Secteur social - e2.law","isPartOf":{"@id":"https:\/\/www.e2.law\/fr\/#website"},"datePublished":"2018-12-14T08:31:14+00:00","dateModified":"2020-04-05T14:31:16+00:00","breadcrumb":{"@id":"https:\/\/www.e2.law\/fr\/social-sector\/#breadcrumb"},"inLanguage":"fr-FR","potentialAction":[{"@type":"ReadAction","target":["https:\/\/www.e2.law\/fr\/social-sector\/"]}]},{"@type":"BreadcrumbList","@id":"https:\/\/www.e2.law\/fr\/social-sector\/#breadcrumb","itemListElement":[{"@type":"ListItem","position":1,"name":"Home","item":"https:\/\/www.e2.law\/fr\/home\/"},{"@type":"ListItem","position":2,"name":"Secteur social"}]},{"@type":"WebSite","@id":"https:\/\/www.e2.law\/fr\/#website","url":"https:\/\/www.e2.law\/fr\/","name":"e2.law","description":"A Business Law Firm","publisher":{"@id":"https:\/\/www.e2.law\/fr\/#organization"},"potentialAction":[{"@type":"SearchAction","target":{"@type":"EntryPoint","urlTemplate":"https:\/\/www.e2.law\/fr\/?s={search_term_string}"},"query-input":{"@type":"PropertyValueSpecification","valueRequired":true,"valueName":"search_term_string"}}],"inLanguage":"fr-FR"},{"@type":"Organization","@id":"https:\/\/www.e2.law\/fr\/#organization","name":"E2.law","url":"https:\/\/www.e2.law\/fr\/","logo":{"@type":"ImageObject","inLanguage":"fr-FR","@id":"https:\/\/www.e2.law\/fr\/#\/schema\/logo\/image\/","url":"https:\/\/www.e2.law\/wp-content\/uploads\/2018\/12\/logo-2.png","contentUrl":"https:\/\/www.e2.law\/wp-content\/uploads\/2018\/12\/logo-2.png","width":152,"height":40,"caption":"E2.law"},"image":{"@id":"https:\/\/www.e2.law\/fr\/#\/schema\/logo\/image\/"},"sameAs":["https:\/\/www.linkedin.com\/company\/e2.law"]}]}</script>
<!-- / Yoast SEO plugin. -->
