{"id":32698,"date":"2022-02-08T15:29:46","date_gmt":"2022-02-08T13:29:46","guid":{"rendered":"https:\/\/www.e2.law\/?post_type=player&#038;p=32698"},"modified":"2022-02-08T15:29:46","modified_gmt":"2022-02-08T13:29:46","slug":"office-europeen-de-la-propriete-intellectuelle-euipo","status":"publish","type":"player","link":"https:\/\/www.e2.law\/fr\/player\/office-europeen-de-la-propriete-intellectuelle-euipo\/","title":{"rendered":"Office europ\u00e9en de la propri\u00e9t\u00e9 intellectuelle (EUIPO)"},"content":{"rendered":"<p>L&#8217;EUIPO est l&#8217;Office de l&#8217;Union europ\u00e9enne pour la propri\u00e9t\u00e9 intellectuelle responsable de la gestion de la marque de l&#8217;UE et du dessin ou mod\u00e8le communautaire enregistr\u00e9. Nous collaborons \u00e9galement avec les offices de la PI des \u00c9tats membres de l&#8217;UE et les partenaires internationaux afin d&#8217;offrir un service d&#8217;enregistrement similaire en mati\u00e8re de marques et de dessins ou mod\u00e8les \u00e0 travers l&#8217;Europe et le monde.<\/p>\n","protected":false},"featured_media":0,"template":"","categories":[141],"tags":[],"class_list":["post-32698","player","type-player","status-publish","hentry","category-non-classifiee"],"acf":[],"yoast_head":"<!-- This site is optimized with the Yoast SEO plugin v27.5 - https:\/\/yoast.com\/product\/yoast-seo-wordpress\/ -->\n<title>Office europ\u00e9en de la propri\u00e9t\u00e9 intellectuelle (EUIPO) - e2.law<\/title>\n<meta name=\"robots\" content=\"index, follow, max-snippet:-1, max-image-preview:large, max-video-preview:-1\" \/>\n<link rel=\"canonical\" href=\"https:\/\/www.e2.law\/fr\/player\/office-europeen-de-la-propriete-intellectuelle-euipo\/\" \/>\n<meta property=\"og:locale\" content=\"fr_FR\" \/>\n<meta property=\"og:type\" content=\"article\" \/>\n<meta property=\"og:title\" content=\"Office europ\u00e9en de la propri\u00e9t\u00e9 intellectuelle (EUIPO) - e2.law\" \/>\n<meta property=\"og:description\" content=\"L&#8217;EUIPO est l&#8217;Office de l&#8217;Union europ\u00e9enne pour la propri\u00e9t\u00e9 intellectuelle responsable de la gestion de la marque de l&#8217;UE et du dessin ou mod\u00e8le communautaire enregistr\u00e9. Nous collaborons \u00e9galement avec les offices de la PI des \u00c9tats membres de l&#8217;UE et les partenaires internationaux afin d&#8217;offrir un service d&#8217;enregistrement similaire en mati\u00e8re de marques et de  [...]\" \/>\n<meta property=\"og:url\" content=\"https:\/\/www.e2.law\/fr\/player\/office-europeen-de-la-propriete-intellectuelle-euipo\/\" \/>\n<meta property=\"og:site_name\" content=\"e2.law\" \/>\n<meta name=\"twitter:card\" content=\"summary_large_image\" \/>\n<meta name=\"twitter:label1\" content=\"Dur\u00e9e de lecture estim\u00e9e\" \/>\n\t<meta name=\"twitter:data1\" content=\"1 minute\" \/>\n<script type=\"application\/ld+json\" class=\"yoast-schema-graph\">{\"@context\":\"https:\\\/\\\/schema.org\",\"@graph\":[{\"@type\":\"WebPage\",\"@id\":\"https:\\\/\\\/www.e2.law\\\/fr\\\/player\\\/office-europeen-de-la-propriete-intellectuelle-euipo\\\/\",\"url\":\"https:\\\/\\\/www.e2.law\\\/fr\\\/player\\\/office-europeen-de-la-propriete-intellectuelle-euipo\\\/\",\"name\":\"Office europ\u00e9en de la propri\u00e9t\u00e9 intellectuelle (EUIPO) - e2.law\",\"isPartOf\":{\"@id\":\"https:\\\/\\\/www.e2.law\\\/fr\\\/#website\"},\"datePublished\":\"2022-02-08T13:29:46+00:00\",\"breadcrumb\":{\"@id\":\"https:\\\/\\\/www.e2.law\\\/fr\\\/player\\\/office-europeen-de-la-propriete-intellectuelle-euipo\\\/#breadcrumb\"},\"inLanguage\":\"fr-FR\",\"potentialAction\":[{\"@type\":\"ReadAction\",\"target\":[\"https:\\\/\\\/www.e2.law\\\/fr\\\/player\\\/office-europeen-de-la-propriete-intellectuelle-euipo\\\/\"]}]},{\"@type\":\"BreadcrumbList\",\"@id\":\"https:\\\/\\\/www.e2.law\\\/fr\\\/player\\\/office-europeen-de-la-propriete-intellectuelle-euipo\\\/#breadcrumb\",\"itemListElement\":[{\"@type\":\"ListItem\",\"position\":1,\"name\":\"Home\",\"item\":\"https:\\\/\\\/www.e2.law\\\/fr\\\/home\\\/\"},{\"@type\":\"ListItem\",\"position\":2,\"name\":\"Players\",\"item\":\"https:\\\/\\\/www.e2.law\\\/fr\\\/player\\\/\"},{\"@type\":\"ListItem\",\"position\":3,\"name\":\"Office europ\u00e9en de la propri\u00e9t\u00e9 intellectuelle (EUIPO)\"}]},{\"@type\":\"WebSite\",\"@id\":\"https:\\\/\\\/www.e2.law\\\/fr\\\/#website\",\"url\":\"https:\\\/\\\/www.e2.law\\\/fr\\\/\",\"name\":\"e2.law\",\"description\":\"A Business Law Firm\",\"publisher\":{\"@id\":\"https:\\\/\\\/www.e2.law\\\/fr\\\/#organization\"},\"potentialAction\":[{\"@type\":\"SearchAction\",\"target\":{\"@type\":\"EntryPoint\",\"urlTemplate\":\"https:\\\/\\\/www.e2.law\\\/fr\\\/?s={search_term_string}\"},\"query-input\":{\"@type\":\"PropertyValueSpecification\",\"valueRequired\":true,\"valueName\":\"search_term_string\"}}],\"inLanguage\":\"fr-FR\"},{\"@type\":\"Organization\",\"@id\":\"https:\\\/\\\/www.e2.law\\\/fr\\\/#organization\",\"name\":\"E2.law\",\"url\":\"https:\\\/\\\/www.e2.law\\\/fr\\\/\",\"logo\":{\"@type\":\"ImageObject\",\"inLanguage\":\"fr-FR\",\"@id\":\"https:\\\/\\\/www.e2.law\\\/fr\\\/#\\\/schema\\\/logo\\\/image\\\/\",\"url\":\"https:\\\/\\\/www.e2.law\\\/wp-content\\\/uploads\\\/2018\\\/12\\\/logo-2.png\",\"contentUrl\":\"https:\\\/\\\/www.e2.law\\\/wp-content\\\/uploads\\\/2018\\\/12\\\/logo-2.png\",\"width\":152,\"height\":40,\"caption\":\"E2.law\"},\"image\":{\"@id\":\"https:\\\/\\\/www.e2.law\\\/fr\\\/#\\\/schema\\\/logo\\\/image\\\/\"},\"sameAs\":[\"https:\\\/\\\/www.linkedin.com\\\/company\\\/e2.law\"]}]}<\/script>\n<!-- \/ Yoast SEO plugin. -->","yoast_head_json":{"title":"Office europ\u00e9en de la propri\u00e9t\u00e9 intellectuelle (EUIPO) - e2.law","robots":{"index":"index","follow":"follow","max-snippet":"max-snippet:-1","max-image-preview":"max-image-preview:large","max-video-preview":"max-video-preview:-1"},"canonical":"https:\/\/www.e2.law\/fr\/player\/office-europeen-de-la-propriete-intellectuelle-euipo\/","og_locale":"fr_FR","og_type":"article","og_title":"Office europ\u00e9en de la propri\u00e9t\u00e9 intellectuelle (EUIPO) - e2.law","og_description":"L&#8217;EUIPO est l&#8217;Office de l&#8217;Union europ\u00e9enne pour la propri\u00e9t\u00e9 intellectuelle responsable de la gestion de la marque de l&#8217;UE et du dessin ou mod\u00e8le communautaire enregistr\u00e9. Nous collaborons \u00e9galement avec les offices de la PI des \u00c9tats membres de l&#8217;UE et les partenaires internationaux afin d&#8217;offrir un service d&#8217;enregistrement similaire en mati\u00e8re de marques et de  [...]","og_url":"https:\/\/www.e2.law\/fr\/player\/office-europeen-de-la-propriete-intellectuelle-euipo\/","og_site_name":"e2.law","twitter_card":"summary_large_image","twitter_misc":{"Dur\u00e9e de lecture estim\u00e9e":"1 minute"},"schema":{"@context":"https:\/\/schema.org","@graph":[{"@type":"WebPage","@id":"https:\/\/www.e2.law\/fr\/player\/office-europeen-de-la-propriete-intellectuelle-euipo\/","url":"https:\/\/www.e2.law\/fr\/player\/office-europeen-de-la-propriete-intellectuelle-euipo\/","name":"Office europ\u00e9en de la propri\u00e9t\u00e9 intellectuelle (EUIPO) - e2.law","isPartOf":{"@id":"https:\/\/www.e2.law\/fr\/#website"},"datePublished":"2022-02-08T13:29:46+00:00","breadcrumb":{"@id":"https:\/\/www.e2.law\/fr\/player\/office-europeen-de-la-propriete-intellectuelle-euipo\/#breadcrumb"},"inLanguage":"fr-FR","potentialAction":[{"@type":"ReadAction","target":["https:\/\/www.e2.law\/fr\/player\/office-europeen-de-la-propriete-intellectuelle-euipo\/"]}]},{"@type":"BreadcrumbList","@id":"https:\/\/www.e2.law\/fr\/player\/office-europeen-de-la-propriete-intellectuelle-euipo\/#breadcrumb","itemListElement":[{"@type":"ListItem","position":1,"name":"Home","item":"https:\/\/www.e2.law\/fr\/home\/"},{"@type":"ListItem","position":2,"name":"Players","item":"https:\/\/www.e2.law\/fr\/player\/"},{"@type":"ListItem","position":3,"name":"Office europ\u00e9en de la propri\u00e9t\u00e9 intellectuelle (EUIPO)"}]},{"@type":"WebSite","@id":"https:\/\/www.e2.law\/fr\/#website","url":"https:\/\/www.e2.law\/fr\/","name":"e2.law","description":"A Business Law Firm","publisher":{"@id":"https:\/\/www.e2.law\/fr\/#organization"},"potentialAction":[{"@type":"SearchAction","target":{"@type":"EntryPoint","urlTemplate":"https:\/\/www.e2.law\/fr\/?s={search_term_string}"},"query-input":{"@type":"PropertyValueSpecification","valueRequired":true,"valueName":"search_term_string"}}],"inLanguage":"fr-FR"},{"@type":"Organization","@id":"https:\/\/www.e2.law\/fr\/#organization","name":"E2.law","url":"https:\/\/www.e2.law\/fr\/","logo":{"@type":"ImageObject","inLanguage":"fr-FR","@id":"https:\/\/www.e2.law\/fr\/#\/schema\/logo\/image\/","url":"https:\/\/www.e2.law\/wp-content\/uploads\/2018\/12\/logo-2.png","contentUrl":"https:\/\/www.e2.law\/wp-content\/uploads\/2018\/12\/logo-2.png","width":152,"height":40,"caption":"E2.law"},"image":{"@id":"https:\/\/www.e2.law\/fr\/#\/schema\/logo\/image\/"},"sameAs":["https:\/\/www.linkedin.com\/company\/e2.law"]}]}},"jetpack_sharing_enabled":true,"_links":{"self":[{"href":"https:\/\/www.e2.law\/fr\/wp-json\/wp\/v2\/player\/32698","targetHints":{"allow":["GET"]}}],"collection":[{"href":"https:\/\/www.e2.law\/fr\/wp-json\/wp\/v2\/player"}],"about":[{"href":"https:\/\/www.e2.law\/fr\/wp-json\/wp\/v2\/types\/player"}],"wp:attachment":[{"href":"https:\/\/www.e2.law\/fr\/wp-json\/wp\/v2\/media?parent=32698"}],"wp:term":[{"taxonomy":"category","embeddable":true,"href":"https:\/\/www.e2.law\/fr\/wp-json\/wp\/v2\/categories?post=32698"},{"taxonomy":"post_tag","embeddable":true,"href":"https:\/\/www.e2.law\/fr\/wp-json\/wp\/v2\/tags?post=32698"}],"curies":[{"name":"wp","href":"https:\/\/api.w.org\/{rel}","templated":true}]}}

Office européen de la propriété intellectuelle (EUIPO)

<p>L&#8217;EUIPO est l&#8217;Office de l&#8217;Union européenne pour la propriété intellectuelle responsable de la gestion de la marque de l&#8217;UE et du dessin ou modèle communautaire enregistré. Nous collaborons également avec les offices de la PI des États membres de l&#8217;UE et les partenaires internationaux afin d&#8217;offrir un service d&#8217;enregistrement similaire en matière de marques et de dessins ou modèles à travers l&#8217;Europe et le monde.</p>

<!-- This site is optimized with the Yoast SEO plugin v27.5 - https://yoast.com/product/yoast-seo-wordpress/ -->
<title>Office européen de la propriété intellectuelle (EUIPO) - e2.law</title>
<meta name="robots" content="index, follow, max-snippet:-1, max-image-preview:large, max-video-preview:-1" />
<link rel="canonical" href="https://www.e2.law/fr/player/office-europeen-de-la-propriete-intellectuelle-euipo/" />
<meta property="og:locale" content="fr_FR" />
<meta property="og:type" content="article" />
<meta property="og:title" content="Office européen de la propriété intellectuelle (EUIPO) - e2.law" />
<meta property="og:description" content="L&#8217;EUIPO est l&#8217;Office de l&#8217;Union européenne pour la propriété intellectuelle responsable de la gestion de la marque de l&#8217;UE et du dessin ou modèle communautaire enregistré. Nous collaborons également avec les offices de la PI des États membres de l&#8217;UE et les partenaires internationaux afin d&#8217;offrir un service d&#8217;enregistrement similaire en matière de marques et de  [...]" />
<meta property="og:url" content="https://www.e2.law/fr/player/office-europeen-de-la-propriete-intellectuelle-euipo/" />
<meta property="og:site_name" content="e2.law" />
<meta name="twitter:card" content="summary_large_image" />
<meta name="twitter:label1" content="Durée de lecture estimée" />
	<meta name="twitter:data1" content="1 minute" />
<script type="application/ld+json" class="yoast-schema-graph">{"@context":"https:\/\/schema.org","@graph":[{"@type":"WebPage","@id":"https:\/\/www.e2.law\/fr\/player\/office-europeen-de-la-propriete-intellectuelle-euipo\/","url":"https:\/\/www.e2.law\/fr\/player\/office-europeen-de-la-propriete-intellectuelle-euipo\/","name":"Office européen de la propriété intellectuelle (EUIPO) - e2.law","isPartOf":{"@id":"https:\/\/www.e2.law\/fr\/#website"},"datePublished":"2022-02-08T13:29:46+00:00","breadcrumb":{"@id":"https:\/\/www.e2.law\/fr\/player\/office-europeen-de-la-propriete-intellectuelle-euipo\/#breadcrumb"},"inLanguage":"fr-FR","potentialAction":[{"@type":"ReadAction","target":["https:\/\/www.e2.law\/fr\/player\/office-europeen-de-la-propriete-intellectuelle-euipo\/"]}]},{"@type":"BreadcrumbList","@id":"https:\/\/www.e2.law\/fr\/player\/office-europeen-de-la-propriete-intellectuelle-euipo\/#breadcrumb","itemListElement":[{"@type":"ListItem","position":1,"name":"Home","item":"https:\/\/www.e2.law\/fr\/home\/"},{"@type":"ListItem","position":2,"name":"Players","item":"https:\/\/www.e2.law\/fr\/player\/"},{"@type":"ListItem","position":3,"name":"Office européen de la propriété intellectuelle (EUIPO)"}]},{"@type":"WebSite","@id":"https:\/\/www.e2.law\/fr\/#website","url":"https:\/\/www.e2.law\/fr\/","name":"e2.law","description":"A Business Law Firm","publisher":{"@id":"https:\/\/www.e2.law\/fr\/#organization"},"potentialAction":[{"@type":"SearchAction","target":{"@type":"EntryPoint","urlTemplate":"https:\/\/www.e2.law\/fr\/?s={search_term_string}"},"query-input":{"@type":"PropertyValueSpecification","valueRequired":true,"valueName":"search_term_string"}}],"inLanguage":"fr-FR"},{"@type":"Organization","@id":"https:\/\/www.e2.law\/fr\/#organization","name":"E2.law","url":"https:\/\/www.e2.law\/fr\/","logo":{"@type":"ImageObject","inLanguage":"fr-FR","@id":"https:\/\/www.e2.law\/fr\/#\/schema\/logo\/image\/","url":"https:\/\/www.e2.law\/wp-content\/uploads\/2018\/12\/logo-2.png","contentUrl":"https:\/\/www.e2.law\/wp-content\/uploads\/2018\/12\/logo-2.png","width":152,"height":40,"caption":"E2.law"},"image":{"@id":"https:\/\/www.e2.law\/fr\/#\/schema\/logo\/image\/"},"sameAs":["https:\/\/www.linkedin.com\/company\/e2.law"]}]}</script>
<!-- / Yoast SEO plugin. -->

Office européen de la propriété intellectuelle (EUIPO) - e2.law

L&#8217;EUIPO est l&#8217;Office de l&#8217;Union européenne pour la propriété intellectuelle responsable de la gestion de la marque de l&#8217;UE et du dessin ou modèle communautaire enregistré. Nous collaborons également avec les offices de la PI des États membres de l&#8217;UE et les partenaires internationaux afin d&#8217;offrir un service d&#8217;enregistrement similaire en matière de marques et de  [...]
