{"id":32853,"date":"2022-02-14T12:12:50","date_gmt":"2022-02-14T10:12:50","guid":{"rendered":"https:\/\/www.e2.law\/?post_type=player&#038;p=32853"},"modified":"2022-05-13T09:58:20","modified_gmt":"2022-05-13T07:58:20","slug":"banque-carrefour-des-entreprises","status":"publish","type":"player","link":"https:\/\/www.e2.law\/fr\/player\/banque-carrefour-des-entreprises\/","title":{"rendered":"Banque Carrefour des Entreprises"},"content":{"rendered":"<p><a href=\"https:\/\/economie.fgov.be\/fr\">La Banque Carrefour des Entreprises<\/a> (BCE) est une base de donn\u00e9es num\u00e9rique publique du SPF \u00e9conomie qui centralise toutes les donn\u00e9es de base des entreprises belges et de leurs unit\u00e9s d&#8217;\u00e9tablissement.<\/p>\n<p>Toute entreprise commerciale, non commerciale et artisanale doit s&#8217;inscrire \u00e0 la BCE via un guichet d&#8217;entreprise. Elle re\u00e7oit alors un num\u00e9ro d&#8217;identification unique, appel\u00e9 num\u00e9ro d&#8217;entreprise.<\/p>\n<p>Toute personne peut consulter gratuitement toutes les informations publi\u00e9es via l&#8217;outil <a href=\"https:\/\/economie.fgov.be\/fr\/themes\/entreprises\/banque-carrefour-des\/services-pour-tous\/banque-carrefour-des-0\">Public Search<\/a>.<\/p>\n<p><div class=\"accordian fusion-accordian\" style=\"--awb-border-size:1px;--awb-icon-size:13px;--awb-content-font-size:16px;--awb-icon-alignment:left;--awb-hover-color:#f9f9f9;--awb-border-color:#cccccc;--awb-background-color:#ffffff;--awb-divider-color:#e0dede;--awb-divider-hover-color:#e0dede;--awb-icon-color:#ffffff;--awb-title-color:#333333;--awb-content-color:#747474;--awb-icon-box-color:#333333;--awb-toggle-hover-accent-color:#0da74c;--awb-title-font-family:&quot;Roboto Slab&quot;;--awb-title-font-weight:300;--awb-title-font-style:normal;--awb-title-font-size:14px;--awb-content-font-family:&quot;PT Sans&quot;;--awb-content-font-style:normal;--awb-content-font-weight:400;\"><div class=\"panel-group fusion-toggle-icon-boxed\" id=\"accordion-32853-1\"><\/div><\/div><div class=\"fusion-panel panel-default panel-bf6b6bf6f443800c3 fusion-toggle-has-divider\"><div class=\"panel-heading\"><h4 class=\"panel-title toggle\" id=\"toggle_bf6b6bf6f443800c3\"><a aria-expanded=\"false\" aria-controls=\"bf6b6bf6f443800c3\" role=\"button\" data-toggle=\"collapse\" data-parent=\"#accordion-32853-2\" data-target=\"#bf6b6bf6f443800c3\" href=\"#bf6b6bf6f443800c3\"><span class=\"fusion-toggle-icon-wrapper\" aria-hidden=\"true\"><i class=\"fa-fusion-box active-icon awb-icon-minus\" aria-hidden=\"true\"><\/i><i class=\"fa-fusion-box inactive-icon awb-icon-plus\" aria-hidden=\"true\"><\/i><\/span><span class=\"fusion-toggle-heading\">Donn\u00e9es consultables<\/span><\/a><\/h4><\/div><div id=\"bf6b6bf6f443800c3\" class=\"panel-collapse collapse \" aria-labelledby=\"toggle_bf6b6bf6f443800c3\"><div class=\"panel-body toggle-content fusion-clearfix\"><\/p>\n<p><strong>Entreprises<\/strong><\/p>\n<ul type=\"disc\">\n<li>num\u00e9ro d\u2019entreprise\u00a0;<\/li>\n<li>d\u00e9nomination\u00a0;<\/li>\n<li>statut\u00a0;<\/li>\n<li>type (personne physique ou personne morale)\u00a0;<\/li>\n<li>date de d\u00e9but\u00a0;<\/li>\n<li>adresse du si\u00e8ge des personnes morales\u00a0;<\/li>\n<li>forme l\u00e9galee\u00a0;<\/li>\n<li>donn\u00e9es de contact (num\u00e9ro de t\u00e9l\u00e9phone, de fax et adresse e-mail, site internet)\u00a0;<\/li>\n<li>activit\u00e9s \u00e9conomiques\u00a0;<\/li>\n<li>agr\u00e9ments, autorisations ou licences ayant un int\u00e9r\u00eat pour des tiers ou soumis \u00e0 publicit\u00e9\u00a0;<\/li>\n<li>radiation d\u2019office \u00e0 la suite du non-d\u00e9p\u00f4t des comptes annuels\u00a0;<\/li>\n<li>noms et pr\u00e9noms des fondateurs et\/ou des personnes exer\u00e7ant, au sein de l\u2019entit\u00e9, une fonction l\u00e9gale\u00a0;<\/li>\n<li>situation juridique\u00a0;<\/li>\n<li>qualit\u00e9s\u00a0;<\/li>\n<li>liens entre entit\u00e9s\u00a0;<\/li>\n<li>capital\u00a0;<\/li>\n<li>dur\u00e9e de l\u2019entit\u00e9, si elle est limit\u00e9e\u00a0;<\/li>\n<li>date de fin de l\u2019exercice comptable et, \u00e9ventuellement, date de d\u00e9but et de fin de l\u2019exercice comptable exceptionnel\u00a0;<\/li>\n<li>date de l\u2019assembl\u00e9e g\u00e9n\u00e9rale ordinaire\u00a0;<\/li>\n<li>liens vers les bases de donn\u00e9es des informations qui ne sont pas reprises dans la BCE\u00a0;<\/li>\n<li>date de d\u00e9but de ces donn\u00e9es.<\/li>\n<\/ul>\n<p><strong>Unit\u00e9 d&#8217;\u00e9tablissement<\/strong><\/p>\n<ul type=\"disc\">\n<li>num\u00e9ro de l\u2019unit\u00e9 d\u2019\u00e9tablissement\u00a0;<\/li>\n<li>date de d\u00e9but de l\u2019unit\u00e9 d\u2019\u00e9tablissement\u00a0;<\/li>\n<li>statut\u00a0;<\/li>\n<li>d\u00e9nomination\u00a0;<\/li>\n<li>adresse\u00a0;<\/li>\n<li>activit\u00e9s \u00e9conomiques\u00a0;<\/li>\n<li>donn\u00e9es de contact (num\u00e9ro de t\u00e9l\u00e9phone, de fax et adresse e-mail)\u00a0;<\/li>\n<li>date de d\u00e9but de ces donn\u00e9es.<\/li>\n<\/ul>\n<p><\/div><\/div><\/div><\/p>\n","protected":false},"featured_media":0,"template":"","categories":[141],"tags":[],"class_list":["post-32853","player","type-player","status-publish","hentry","category-non-classifiee"],"acf":[],"yoast_head":"<!-- This site is optimized with the Yoast SEO plugin v27.5 - https:\/\/yoast.com\/product\/yoast-seo-wordpress\/ -->\n<title>Banque Carrefour des Entreprises - e2.law<\/title>\n<meta name=\"description\" content=\"La BCE\u00a0est une base de donn\u00e9es num\u00e9rique publique du SPF \u00e9conomie qui centralise toutes les donn\u00e9es de base des entreprises belges et de leurs unit\u00e9s d&#039;\u00e9tablissement.\" \/>\n<meta name=\"robots\" content=\"index, follow, max-snippet:-1, max-image-preview:large, max-video-preview:-1\" \/>\n<link rel=\"canonical\" href=\"https:\/\/www.e2.law\/fr\/player\/banque-carrefour-des-entreprises\/\" \/>\n<meta property=\"og:locale\" content=\"fr_FR\" \/>\n<meta property=\"og:type\" content=\"article\" \/>\n<meta property=\"og:title\" content=\"Banque Carrefour des Entreprises - e2.law\" \/>\n<meta property=\"og:description\" content=\"La BCE\u00a0est une base de donn\u00e9es num\u00e9rique publique du SPF \u00e9conomie qui centralise toutes les donn\u00e9es de base des entreprises belges et de leurs unit\u00e9s d&#039;\u00e9tablissement.\" \/>\n<meta property=\"og:url\" content=\"https:\/\/www.e2.law\/fr\/player\/banque-carrefour-des-entreprises\/\" \/>\n<meta property=\"og:site_name\" content=\"e2.law\" \/>\n<meta property=\"article:modified_time\" content=\"2022-05-13T07:58:20+00:00\" \/>\n<meta name=\"twitter:card\" content=\"summary_large_image\" \/>\n<meta name=\"twitter:label1\" content=\"Dur\u00e9e de lecture estim\u00e9e\" \/>\n\t<meta name=\"twitter:data1\" content=\"2 minutes\" \/>\n<script type=\"application\/ld+json\" class=\"yoast-schema-graph\">{\"@context\":\"https:\\\/\\\/schema.org\",\"@graph\":[{\"@type\":\"WebPage\",\"@id\":\"https:\\\/\\\/www.e2.law\\\/fr\\\/player\\\/banque-carrefour-des-entreprises\\\/\",\"url\":\"https:\\\/\\\/www.e2.law\\\/fr\\\/player\\\/banque-carrefour-des-entreprises\\\/\",\"name\":\"Banque Carrefour des Entreprises - e2.law\",\"isPartOf\":{\"@id\":\"https:\\\/\\\/www.e2.law\\\/fr\\\/#website\"},\"datePublished\":\"2022-02-14T10:12:50+00:00\",\"dateModified\":\"2022-05-13T07:58:20+00:00\",\"description\":\"La BCE\u00a0est une base de donn\u00e9es num\u00e9rique publique du SPF \u00e9conomie qui centralise toutes les donn\u00e9es de base des entreprises belges et de leurs unit\u00e9s d'\u00e9tablissement.\",\"breadcrumb\":{\"@id\":\"https:\\\/\\\/www.e2.law\\\/fr\\\/player\\\/banque-carrefour-des-entreprises\\\/#breadcrumb\"},\"inLanguage\":\"fr-FR\",\"potentialAction\":[{\"@type\":\"ReadAction\",\"target\":[\"https:\\\/\\\/www.e2.law\\\/fr\\\/player\\\/banque-carrefour-des-entreprises\\\/\"]}]},{\"@type\":\"BreadcrumbList\",\"@id\":\"https:\\\/\\\/www.e2.law\\\/fr\\\/player\\\/banque-carrefour-des-entreprises\\\/#breadcrumb\",\"itemListElement\":[{\"@type\":\"ListItem\",\"position\":1,\"name\":\"Home\",\"item\":\"https:\\\/\\\/www.e2.law\\\/fr\\\/home\\\/\"},{\"@type\":\"ListItem\",\"position\":2,\"name\":\"Players\",\"item\":\"https:\\\/\\\/www.e2.law\\\/fr\\\/player\\\/\"},{\"@type\":\"ListItem\",\"position\":3,\"name\":\"Banque Carrefour des Entreprises\"}]},{\"@type\":\"WebSite\",\"@id\":\"https:\\\/\\\/www.e2.law\\\/fr\\\/#website\",\"url\":\"https:\\\/\\\/www.e2.law\\\/fr\\\/\",\"name\":\"e2.law\",\"description\":\"A Business Law Firm\",\"publisher\":{\"@id\":\"https:\\\/\\\/www.e2.law\\\/fr\\\/#organization\"},\"potentialAction\":[{\"@type\":\"SearchAction\",\"target\":{\"@type\":\"EntryPoint\",\"urlTemplate\":\"https:\\\/\\\/www.e2.law\\\/fr\\\/?s={search_term_string}\"},\"query-input\":{\"@type\":\"PropertyValueSpecification\",\"valueRequired\":true,\"valueName\":\"search_term_string\"}}],\"inLanguage\":\"fr-FR\"},{\"@type\":\"Organization\",\"@id\":\"https:\\\/\\\/www.e2.law\\\/fr\\\/#organization\",\"name\":\"E2.law\",\"url\":\"https:\\\/\\\/www.e2.law\\\/fr\\\/\",\"logo\":{\"@type\":\"ImageObject\",\"inLanguage\":\"fr-FR\",\"@id\":\"https:\\\/\\\/www.e2.law\\\/fr\\\/#\\\/schema\\\/logo\\\/image\\\/\",\"url\":\"https:\\\/\\\/www.e2.law\\\/wp-content\\\/uploads\\\/2018\\\/12\\\/logo-2.png\",\"contentUrl\":\"https:\\\/\\\/www.e2.law\\\/wp-content\\\/uploads\\\/2018\\\/12\\\/logo-2.png\",\"width\":152,\"height\":40,\"caption\":\"E2.law\"},\"image\":{\"@id\":\"https:\\\/\\\/www.e2.law\\\/fr\\\/#\\\/schema\\\/logo\\\/image\\\/\"},\"sameAs\":[\"https:\\\/\\\/www.linkedin.com\\\/company\\\/e2.law\"]}]}<\/script>\n<!-- \/ Yoast SEO plugin. -->","yoast_head_json":{"title":"Banque Carrefour des Entreprises - e2.law","description":"La BCE\u00a0est une base de donn\u00e9es num\u00e9rique publique du SPF \u00e9conomie qui centralise toutes les donn\u00e9es de base des entreprises belges et de leurs unit\u00e9s d'\u00e9tablissement.","robots":{"index":"index","follow":"follow","max-snippet":"max-snippet:-1","max-image-preview":"max-image-preview:large","max-video-preview":"max-video-preview:-1"},"canonical":"https:\/\/www.e2.law\/fr\/player\/banque-carrefour-des-entreprises\/","og_locale":"fr_FR","og_type":"article","og_title":"Banque Carrefour des Entreprises - e2.law","og_description":"La BCE\u00a0est une base de donn\u00e9es num\u00e9rique publique du SPF \u00e9conomie qui centralise toutes les donn\u00e9es de base des entreprises belges et de leurs unit\u00e9s d'\u00e9tablissement.","og_url":"https:\/\/www.e2.law\/fr\/player\/banque-carrefour-des-entreprises\/","og_site_name":"e2.law","article_modified_time":"2022-05-13T07:58:20+00:00","twitter_card":"summary_large_image","twitter_misc":{"Dur\u00e9e de lecture estim\u00e9e":"2 minutes"},"schema":{"@context":"https:\/\/schema.org","@graph":[{"@type":"WebPage","@id":"https:\/\/www.e2.law\/fr\/player\/banque-carrefour-des-entreprises\/","url":"https:\/\/www.e2.law\/fr\/player\/banque-carrefour-des-entreprises\/","name":"Banque Carrefour des Entreprises - e2.law","isPartOf":{"@id":"https:\/\/www.e2.law\/fr\/#website"},"datePublished":"2022-02-14T10:12:50+00:00","dateModified":"2022-05-13T07:58:20+00:00","description":"La BCE\u00a0est une base de donn\u00e9es num\u00e9rique publique du SPF \u00e9conomie qui centralise toutes les donn\u00e9es de base des entreprises belges et de leurs unit\u00e9s d'\u00e9tablissement.","breadcrumb":{"@id":"https:\/\/www.e2.law\/fr\/player\/banque-carrefour-des-entreprises\/#breadcrumb"},"inLanguage":"fr-FR","potentialAction":[{"@type":"ReadAction","target":["https:\/\/www.e2.law\/fr\/player\/banque-carrefour-des-entreprises\/"]}]},{"@type":"BreadcrumbList","@id":"https:\/\/www.e2.law\/fr\/player\/banque-carrefour-des-entreprises\/#breadcrumb","itemListElement":[{"@type":"ListItem","position":1,"name":"Home","item":"https:\/\/www.e2.law\/fr\/home\/"},{"@type":"ListItem","position":2,"name":"Players","item":"https:\/\/www.e2.law\/fr\/player\/"},{"@type":"ListItem","position":3,"name":"Banque Carrefour des Entreprises"}]},{"@type":"WebSite","@id":"https:\/\/www.e2.law\/fr\/#website","url":"https:\/\/www.e2.law\/fr\/","name":"e2.law","description":"A Business Law Firm","publisher":{"@id":"https:\/\/www.e2.law\/fr\/#organization"},"potentialAction":[{"@type":"SearchAction","target":{"@type":"EntryPoint","urlTemplate":"https:\/\/www.e2.law\/fr\/?s={search_term_string}"},"query-input":{"@type":"PropertyValueSpecification","valueRequired":true,"valueName":"search_term_string"}}],"inLanguage":"fr-FR"},{"@type":"Organization","@id":"https:\/\/www.e2.law\/fr\/#organization","name":"E2.law","url":"https:\/\/www.e2.law\/fr\/","logo":{"@type":"ImageObject","inLanguage":"fr-FR","@id":"https:\/\/www.e2.law\/fr\/#\/schema\/logo\/image\/","url":"https:\/\/www.e2.law\/wp-content\/uploads\/2018\/12\/logo-2.png","contentUrl":"https:\/\/www.e2.law\/wp-content\/uploads\/2018\/12\/logo-2.png","width":152,"height":40,"caption":"E2.law"},"image":{"@id":"https:\/\/www.e2.law\/fr\/#\/schema\/logo\/image\/"},"sameAs":["https:\/\/www.linkedin.com\/company\/e2.law"]}]}},"jetpack_sharing_enabled":true,"_links":{"self":[{"href":"https:\/\/www.e2.law\/fr\/wp-json\/wp\/v2\/player\/32853","targetHints":{"allow":["GET"]}}],"collection":[{"href":"https:\/\/www.e2.law\/fr\/wp-json\/wp\/v2\/player"}],"about":[{"href":"https:\/\/www.e2.law\/fr\/wp-json\/wp\/v2\/types\/player"}],"wp:attachment":[{"href":"https:\/\/www.e2.law\/fr\/wp-json\/wp\/v2\/media?parent=32853"}],"wp:term":[{"taxonomy":"category","embeddable":true,"href":"https:\/\/www.e2.law\/fr\/wp-json\/wp\/v2\/categories?post=32853"},{"taxonomy":"post_tag","embeddable":true,"href":"https:\/\/www.e2.law\/fr\/wp-json\/wp\/v2\/tags?post=32853"}],"curies":[{"name":"wp","href":"https:\/\/api.w.org\/{rel}","templated":true}]}}

<p><a href="https://economie.fgov.be/fr">La Banque Carrefour des Entreprises</a> (BCE) est une base de données numérique publique du SPF économie qui centralise toutes les données de base des entreprises belges et de leurs unités d&#8217;établissement.</p>
<p>Toute entreprise commerciale, non commerciale et artisanale doit s&#8217;inscrire à la BCE via un guichet d&#8217;entreprise. Elle reçoit alors un numéro d&#8217;identification unique, appelé numéro d&#8217;entreprise.</p>
<p>Toute personne peut consulter gratuitement toutes les informations publiées via l&#8217;outil <a href="https://economie.fgov.be/fr/themes/entreprises/banque-carrefour-des/services-pour-tous/banque-carrefour-des-0">Public Search</a>.</p>
<p><div class="accordian fusion-accordian" style="--awb-border-size:1px;--awb-icon-size:13px;--awb-content-font-size:16px;--awb-icon-alignment:left;--awb-hover-color:#f9f9f9;--awb-border-color:#cccccc;--awb-background-color:#ffffff;--awb-divider-color:#e0dede;--awb-divider-hover-color:#e0dede;--awb-icon-color:#ffffff;--awb-title-color:#333333;--awb-content-color:#747474;--awb-icon-box-color:#333333;--awb-toggle-hover-accent-color:#0da74c;--awb-title-font-family:&quot;Roboto Slab&quot;;--awb-title-font-weight:300;--awb-title-font-style:normal;--awb-title-font-size:14px;--awb-content-font-family:&quot;PT Sans&quot;;--awb-content-font-style:normal;--awb-content-font-weight:400;"><div class="panel-group fusion-toggle-icon-boxed" id="accordion-32853-1"></div></div><div class="fusion-panel panel-default panel-bf6b6bf6f443800c3 fusion-toggle-has-divider"><div class="panel-heading"><h4 class="panel-title toggle" id="toggle_bf6b6bf6f443800c3"><a aria-expanded="false" aria-controls="bf6b6bf6f443800c3" role="button" data-toggle="collapse" data-parent="#accordion-32853-2" data-target="#bf6b6bf6f443800c3" href="#bf6b6bf6f443800c3"><span class="fusion-toggle-icon-wrapper" aria-hidden="true"><i class="fa-fusion-box active-icon awb-icon-minus" aria-hidden="true"></i><i class="fa-fusion-box inactive-icon awb-icon-plus" aria-hidden="true"></i></span><span class="fusion-toggle-heading">Données consultables</span></a></h4></div><div id="bf6b6bf6f443800c3" class="panel-collapse collapse " aria-labelledby="toggle_bf6b6bf6f443800c3"><div class="panel-body toggle-content fusion-clearfix"></p>
<p><strong>Entreprises</strong></p>
<ul type="disc">
<li>numéro d’entreprise ;</li>
<li>dénomination ;</li>
<li>statut ;</li>
<li>type (personne physique ou personne morale) ;</li>
<li>date de début ;</li>
<li>adresse du siège des personnes morales ;</li>
<li>forme légalee ;</li>
<li>données de contact (numéro de téléphone, de fax et adresse e-mail, site internet) ;</li>
<li>activités économiques ;</li>
<li>agréments, autorisations ou licences ayant un intérêt pour des tiers ou soumis à publicité ;</li>
<li>radiation d’office à la suite du non-dépôt des comptes annuels ;</li>
<li>noms et prénoms des fondateurs et/ou des personnes exerçant, au sein de l’entité, une fonction légale ;</li>
<li>situation juridique ;</li>
<li>qualités ;</li>
<li>liens entre entités ;</li>
<li>capital ;</li>
<li>durée de l’entité, si elle est limitée ;</li>
<li>date de fin de l’exercice comptable et, éventuellement, date de début et de fin de l’exercice comptable exceptionnel ;</li>
<li>date de l’assemblée générale ordinaire ;</li>
<li>liens vers les bases de données des informations qui ne sont pas reprises dans la BCE ;</li>
<li>date de début de ces données.</li>
</ul>
<p><strong>Unité d&#8217;établissement</strong></p>
<ul type="disc">
<li>numéro de l’unité d’établissement ;</li>
<li>date de début de l’unité d’établissement ;</li>
<li>statut ;</li>
<li>dénomination ;</li>
<li>adresse ;</li>
<li>activités économiques ;</li>
<li>données de contact (numéro de téléphone, de fax et adresse e-mail) ;</li>
<li>date de début de ces données.</li>
</ul>
<p></div></div></div></p>

<!-- This site is optimized with the Yoast SEO plugin v27.5 - https://yoast.com/product/yoast-seo-wordpress/ -->
<title>Banque Carrefour des Entreprises - e2.law</title>
<meta name="description" content="La BCE est une base de données numérique publique du SPF économie qui centralise toutes les données de base des entreprises belges et de leurs unités d&#039;établissement." />
<meta name="robots" content="index, follow, max-snippet:-1, max-image-preview:large, max-video-preview:-1" />
<link rel="canonical" href="https://www.e2.law/fr/player/banque-carrefour-des-entreprises/" />
<meta property="og:locale" content="fr_FR" />
<meta property="og:type" content="article" />
<meta property="og:title" content="Banque Carrefour des Entreprises - e2.law" />
<meta property="og:description" content="La BCE est une base de données numérique publique du SPF économie qui centralise toutes les données de base des entreprises belges et de leurs unités d&#039;établissement." />
<meta property="og:url" content="https://www.e2.law/fr/player/banque-carrefour-des-entreprises/" />
<meta property="og:site_name" content="e2.law" />
<meta property="article:modified_time" content="2022-05-13T07:58:20+00:00" />
<meta name="twitter:card" content="summary_large_image" />
<meta name="twitter:label1" content="Durée de lecture estimée" />
	<meta name="twitter:data1" content="2 minutes" />
<script type="application/ld+json" class="yoast-schema-graph">{"@context":"https:\/\/schema.org","@graph":[{"@type":"WebPage","@id":"https:\/\/www.e2.law\/fr\/player\/banque-carrefour-des-entreprises\/","url":"https:\/\/www.e2.law\/fr\/player\/banque-carrefour-des-entreprises\/","name":"Banque Carrefour des Entreprises - e2.law","isPartOf":{"@id":"https:\/\/www.e2.law\/fr\/#website"},"datePublished":"2022-02-14T10:12:50+00:00","dateModified":"2022-05-13T07:58:20+00:00","description":"La BCE est une base de données numérique publique du SPF économie qui centralise toutes les données de base des entreprises belges et de leurs unités d'établissement.","breadcrumb":{"@id":"https:\/\/www.e2.law\/fr\/player\/banque-carrefour-des-entreprises\/#breadcrumb"},"inLanguage":"fr-FR","potentialAction":[{"@type":"ReadAction","target":["https:\/\/www.e2.law\/fr\/player\/banque-carrefour-des-entreprises\/"]}]},{"@type":"BreadcrumbList","@id":"https:\/\/www.e2.law\/fr\/player\/banque-carrefour-des-entreprises\/#breadcrumb","itemListElement":[{"@type":"ListItem","position":1,"name":"Home","item":"https:\/\/www.e2.law\/fr\/home\/"},{"@type":"ListItem","position":2,"name":"Players","item":"https:\/\/www.e2.law\/fr\/player\/"},{"@type":"ListItem","position":3,"name":"Banque Carrefour des Entreprises"}]},{"@type":"WebSite","@id":"https:\/\/www.e2.law\/fr\/#website","url":"https:\/\/www.e2.law\/fr\/","name":"e2.law","description":"A Business Law Firm","publisher":{"@id":"https:\/\/www.e2.law\/fr\/#organization"},"potentialAction":[{"@type":"SearchAction","target":{"@type":"EntryPoint","urlTemplate":"https:\/\/www.e2.law\/fr\/?s={search_term_string}"},"query-input":{"@type":"PropertyValueSpecification","valueRequired":true,"valueName":"search_term_string"}}],"inLanguage":"fr-FR"},{"@type":"Organization","@id":"https:\/\/www.e2.law\/fr\/#organization","name":"E2.law","url":"https:\/\/www.e2.law\/fr\/","logo":{"@type":"ImageObject","inLanguage":"fr-FR","@id":"https:\/\/www.e2.law\/fr\/#\/schema\/logo\/image\/","url":"https:\/\/www.e2.law\/wp-content\/uploads\/2018\/12\/logo-2.png","contentUrl":"https:\/\/www.e2.law\/wp-content\/uploads\/2018\/12\/logo-2.png","width":152,"height":40,"caption":"E2.law"},"image":{"@id":"https:\/\/www.e2.law\/fr\/#\/schema\/logo\/image\/"},"sameAs":["https:\/\/www.linkedin.com\/company\/e2.law"]}]}</script>
<!-- / Yoast SEO plugin. -->

La BCE est une base de données numérique publique du SPF économie qui centralise toutes les données de base des entreprises belges et de leurs unités d'établissement.
