{"id":33092,"date":"2022-03-05T20:28:22","date_gmt":"2022-03-05T18:28:22","guid":{"rendered":"https:\/\/www.e2.law\/?post_type=player&#038;p=33092"},"modified":"2022-03-05T20:28:22","modified_gmt":"2022-03-05T18:28:22","slug":"groupe-de-larticle-29","status":"publish","type":"player","link":"https:\/\/www.e2.law\/fr\/player\/groupe-de-larticle-29\/","title":{"rendered":"Groupe de l&#8217;article 29"},"content":{"rendered":"<p>Le Groupe de travail \u00abArticle 29\u00bb (GT art. 29) est le groupe de travail europ\u00e9en ind\u00e9pendant qui traitait les questions relatives \u00e0 la protection de la vie priv\u00e9e et aux donn\u00e9es \u00e0 caract\u00e8re personnel jusqu\u2019au 25 mai 2018 (avant l\u2019entr\u00e9e en vigueur du R\u00e8glement G\u00e9n\u00e9ral sur la Protection des Donn\u00e9es &#8211; RGPD). Toutes les informations archiv\u00e9es sur le groupe de travail \u00abarticle 29\u00bb peuvent \u00eatre consult\u00e9es sur le site mentionn\u00e9 ci-dessous.<\/p>\n","protected":false},"featured_media":0,"template":"","categories":[141],"tags":[],"class_list":["post-33092","player","type-player","status-publish","hentry","category-non-classifiee"],"acf":[],"yoast_head":"<!-- This site is optimized with the Yoast SEO plugin v27.5 - https:\/\/yoast.com\/product\/yoast-seo-wordpress\/ -->\n<title>Groupe de l&#039;article 29 - e2.law<\/title>\n<meta name=\"robots\" content=\"index, follow, max-snippet:-1, max-image-preview:large, max-video-preview:-1\" \/>\n<link rel=\"canonical\" href=\"https:\/\/www.e2.law\/fr\/player\/groupe-de-larticle-29\/\" \/>\n<meta property=\"og:locale\" content=\"fr_FR\" \/>\n<meta property=\"og:type\" content=\"article\" \/>\n<meta property=\"og:title\" content=\"Groupe de l&#039;article 29 - e2.law\" \/>\n<meta property=\"og:description\" content=\"Le Groupe de travail \u00abArticle 29\u00bb (GT art. 29) est le groupe de travail europ\u00e9en ind\u00e9pendant qui traitait les questions relatives \u00e0 la protection de la vie priv\u00e9e et aux donn\u00e9es \u00e0 caract\u00e8re personnel jusqu\u2019au 25 mai 2018 (avant l\u2019entr\u00e9e en vigueur du R\u00e8glement G\u00e9n\u00e9ral sur la Protection des Donn\u00e9es &#8211; RGPD). Toutes les informations archiv\u00e9es  [...]\" \/>\n<meta property=\"og:url\" content=\"https:\/\/www.e2.law\/fr\/player\/groupe-de-larticle-29\/\" \/>\n<meta property=\"og:site_name\" content=\"e2.law\" \/>\n<meta name=\"twitter:card\" content=\"summary_large_image\" \/>\n<meta name=\"twitter:label1\" content=\"Dur\u00e9e de lecture estim\u00e9e\" \/>\n\t<meta name=\"twitter:data1\" content=\"1 minute\" \/>\n<script type=\"application\/ld+json\" class=\"yoast-schema-graph\">{\"@context\":\"https:\\\/\\\/schema.org\",\"@graph\":[{\"@type\":\"WebPage\",\"@id\":\"https:\\\/\\\/www.e2.law\\\/fr\\\/player\\\/groupe-de-larticle-29\\\/\",\"url\":\"https:\\\/\\\/www.e2.law\\\/fr\\\/player\\\/groupe-de-larticle-29\\\/\",\"name\":\"Groupe de l'article 29 - e2.law\",\"isPartOf\":{\"@id\":\"https:\\\/\\\/www.e2.law\\\/fr\\\/#website\"},\"datePublished\":\"2022-03-05T18:28:22+00:00\",\"breadcrumb\":{\"@id\":\"https:\\\/\\\/www.e2.law\\\/fr\\\/player\\\/groupe-de-larticle-29\\\/#breadcrumb\"},\"inLanguage\":\"fr-FR\",\"potentialAction\":[{\"@type\":\"ReadAction\",\"target\":[\"https:\\\/\\\/www.e2.law\\\/fr\\\/player\\\/groupe-de-larticle-29\\\/\"]}]},{\"@type\":\"BreadcrumbList\",\"@id\":\"https:\\\/\\\/www.e2.law\\\/fr\\\/player\\\/groupe-de-larticle-29\\\/#breadcrumb\",\"itemListElement\":[{\"@type\":\"ListItem\",\"position\":1,\"name\":\"Home\",\"item\":\"https:\\\/\\\/www.e2.law\\\/fr\\\/home\\\/\"},{\"@type\":\"ListItem\",\"position\":2,\"name\":\"Players\",\"item\":\"https:\\\/\\\/www.e2.law\\\/fr\\\/player\\\/\"},{\"@type\":\"ListItem\",\"position\":3,\"name\":\"Groupe de l&#8217;article 29\"}]},{\"@type\":\"WebSite\",\"@id\":\"https:\\\/\\\/www.e2.law\\\/fr\\\/#website\",\"url\":\"https:\\\/\\\/www.e2.law\\\/fr\\\/\",\"name\":\"e2.law\",\"description\":\"A Business Law Firm\",\"publisher\":{\"@id\":\"https:\\\/\\\/www.e2.law\\\/fr\\\/#organization\"},\"potentialAction\":[{\"@type\":\"SearchAction\",\"target\":{\"@type\":\"EntryPoint\",\"urlTemplate\":\"https:\\\/\\\/www.e2.law\\\/fr\\\/?s={search_term_string}\"},\"query-input\":{\"@type\":\"PropertyValueSpecification\",\"valueRequired\":true,\"valueName\":\"search_term_string\"}}],\"inLanguage\":\"fr-FR\"},{\"@type\":\"Organization\",\"@id\":\"https:\\\/\\\/www.e2.law\\\/fr\\\/#organization\",\"name\":\"E2.law\",\"url\":\"https:\\\/\\\/www.e2.law\\\/fr\\\/\",\"logo\":{\"@type\":\"ImageObject\",\"inLanguage\":\"fr-FR\",\"@id\":\"https:\\\/\\\/www.e2.law\\\/fr\\\/#\\\/schema\\\/logo\\\/image\\\/\",\"url\":\"https:\\\/\\\/www.e2.law\\\/wp-content\\\/uploads\\\/2018\\\/12\\\/logo-2.png\",\"contentUrl\":\"https:\\\/\\\/www.e2.law\\\/wp-content\\\/uploads\\\/2018\\\/12\\\/logo-2.png\",\"width\":152,\"height\":40,\"caption\":\"E2.law\"},\"image\":{\"@id\":\"https:\\\/\\\/www.e2.law\\\/fr\\\/#\\\/schema\\\/logo\\\/image\\\/\"},\"sameAs\":[\"https:\\\/\\\/www.linkedin.com\\\/company\\\/e2.law\"]}]}<\/script>\n<!-- \/ Yoast SEO plugin. -->","yoast_head_json":{"title":"Groupe de l'article 29 - e2.law","robots":{"index":"index","follow":"follow","max-snippet":"max-snippet:-1","max-image-preview":"max-image-preview:large","max-video-preview":"max-video-preview:-1"},"canonical":"https:\/\/www.e2.law\/fr\/player\/groupe-de-larticle-29\/","og_locale":"fr_FR","og_type":"article","og_title":"Groupe de l'article 29 - e2.law","og_description":"Le Groupe de travail \u00abArticle 29\u00bb (GT art. 29) est le groupe de travail europ\u00e9en ind\u00e9pendant qui traitait les questions relatives \u00e0 la protection de la vie priv\u00e9e et aux donn\u00e9es \u00e0 caract\u00e8re personnel jusqu\u2019au 25 mai 2018 (avant l\u2019entr\u00e9e en vigueur du R\u00e8glement G\u00e9n\u00e9ral sur la Protection des Donn\u00e9es &#8211; RGPD). Toutes les informations archiv\u00e9es  [...]","og_url":"https:\/\/www.e2.law\/fr\/player\/groupe-de-larticle-29\/","og_site_name":"e2.law","twitter_card":"summary_large_image","twitter_misc":{"Dur\u00e9e de lecture estim\u00e9e":"1 minute"},"schema":{"@context":"https:\/\/schema.org","@graph":[{"@type":"WebPage","@id":"https:\/\/www.e2.law\/fr\/player\/groupe-de-larticle-29\/","url":"https:\/\/www.e2.law\/fr\/player\/groupe-de-larticle-29\/","name":"Groupe de l'article 29 - e2.law","isPartOf":{"@id":"https:\/\/www.e2.law\/fr\/#website"},"datePublished":"2022-03-05T18:28:22+00:00","breadcrumb":{"@id":"https:\/\/www.e2.law\/fr\/player\/groupe-de-larticle-29\/#breadcrumb"},"inLanguage":"fr-FR","potentialAction":[{"@type":"ReadAction","target":["https:\/\/www.e2.law\/fr\/player\/groupe-de-larticle-29\/"]}]},{"@type":"BreadcrumbList","@id":"https:\/\/www.e2.law\/fr\/player\/groupe-de-larticle-29\/#breadcrumb","itemListElement":[{"@type":"ListItem","position":1,"name":"Home","item":"https:\/\/www.e2.law\/fr\/home\/"},{"@type":"ListItem","position":2,"name":"Players","item":"https:\/\/www.e2.law\/fr\/player\/"},{"@type":"ListItem","position":3,"name":"Groupe de l&#8217;article 29"}]},{"@type":"WebSite","@id":"https:\/\/www.e2.law\/fr\/#website","url":"https:\/\/www.e2.law\/fr\/","name":"e2.law","description":"A Business Law Firm","publisher":{"@id":"https:\/\/www.e2.law\/fr\/#organization"},"potentialAction":[{"@type":"SearchAction","target":{"@type":"EntryPoint","urlTemplate":"https:\/\/www.e2.law\/fr\/?s={search_term_string}"},"query-input":{"@type":"PropertyValueSpecification","valueRequired":true,"valueName":"search_term_string"}}],"inLanguage":"fr-FR"},{"@type":"Organization","@id":"https:\/\/www.e2.law\/fr\/#organization","name":"E2.law","url":"https:\/\/www.e2.law\/fr\/","logo":{"@type":"ImageObject","inLanguage":"fr-FR","@id":"https:\/\/www.e2.law\/fr\/#\/schema\/logo\/image\/","url":"https:\/\/www.e2.law\/wp-content\/uploads\/2018\/12\/logo-2.png","contentUrl":"https:\/\/www.e2.law\/wp-content\/uploads\/2018\/12\/logo-2.png","width":152,"height":40,"caption":"E2.law"},"image":{"@id":"https:\/\/www.e2.law\/fr\/#\/schema\/logo\/image\/"},"sameAs":["https:\/\/www.linkedin.com\/company\/e2.law"]}]}},"jetpack_sharing_enabled":true,"_links":{"self":[{"href":"https:\/\/www.e2.law\/fr\/wp-json\/wp\/v2\/player\/33092","targetHints":{"allow":["GET"]}}],"collection":[{"href":"https:\/\/www.e2.law\/fr\/wp-json\/wp\/v2\/player"}],"about":[{"href":"https:\/\/www.e2.law\/fr\/wp-json\/wp\/v2\/types\/player"}],"wp:attachment":[{"href":"https:\/\/www.e2.law\/fr\/wp-json\/wp\/v2\/media?parent=33092"}],"wp:term":[{"taxonomy":"category","embeddable":true,"href":"https:\/\/www.e2.law\/fr\/wp-json\/wp\/v2\/categories?post=33092"},{"taxonomy":"post_tag","embeddable":true,"href":"https:\/\/www.e2.law\/fr\/wp-json\/wp\/v2\/tags?post=33092"}],"curies":[{"name":"wp","href":"https:\/\/api.w.org\/{rel}","templated":true}]}}

<p>Le Groupe de travail «Article 29» (GT art. 29) est le groupe de travail européen indépendant qui traitait les questions relatives à la protection de la vie privée et aux données à caractère personnel jusqu’au 25 mai 2018 (avant l’entrée en vigueur du Règlement Général sur la Protection des Données &#8211; RGPD). Toutes les informations archivées sur le groupe de travail «article 29» peuvent être consultées sur le site mentionné ci-dessous.</p>

<!-- This site is optimized with the Yoast SEO plugin v27.5 - https://yoast.com/product/yoast-seo-wordpress/ -->
<title>Groupe de l&#039;article 29 - e2.law</title>
<meta name="robots" content="index, follow, max-snippet:-1, max-image-preview:large, max-video-preview:-1" />
<link rel="canonical" href="https://www.e2.law/fr/player/groupe-de-larticle-29/" />
<meta property="og:locale" content="fr_FR" />
<meta property="og:type" content="article" />
<meta property="og:title" content="Groupe de l&#039;article 29 - e2.law" />
<meta property="og:description" content="Le Groupe de travail «Article 29» (GT art. 29) est le groupe de travail européen indépendant qui traitait les questions relatives à la protection de la vie privée et aux données à caractère personnel jusqu’au 25 mai 2018 (avant l’entrée en vigueur du Règlement Général sur la Protection des Données &#8211; RGPD). Toutes les informations archivées  [...]" />
<meta property="og:url" content="https://www.e2.law/fr/player/groupe-de-larticle-29/" />
<meta property="og:site_name" content="e2.law" />
<meta name="twitter:card" content="summary_large_image" />
<meta name="twitter:label1" content="Durée de lecture estimée" />
	<meta name="twitter:data1" content="1 minute" />
<script type="application/ld+json" class="yoast-schema-graph">{"@context":"https:\/\/schema.org","@graph":[{"@type":"WebPage","@id":"https:\/\/www.e2.law\/fr\/player\/groupe-de-larticle-29\/","url":"https:\/\/www.e2.law\/fr\/player\/groupe-de-larticle-29\/","name":"Groupe de l'article 29 - e2.law","isPartOf":{"@id":"https:\/\/www.e2.law\/fr\/#website"},"datePublished":"2022-03-05T18:28:22+00:00","breadcrumb":{"@id":"https:\/\/www.e2.law\/fr\/player\/groupe-de-larticle-29\/#breadcrumb"},"inLanguage":"fr-FR","potentialAction":[{"@type":"ReadAction","target":["https:\/\/www.e2.law\/fr\/player\/groupe-de-larticle-29\/"]}]},{"@type":"BreadcrumbList","@id":"https:\/\/www.e2.law\/fr\/player\/groupe-de-larticle-29\/#breadcrumb","itemListElement":[{"@type":"ListItem","position":1,"name":"Home","item":"https:\/\/www.e2.law\/fr\/home\/"},{"@type":"ListItem","position":2,"name":"Players","item":"https:\/\/www.e2.law\/fr\/player\/"},{"@type":"ListItem","position":3,"name":"Groupe de l&#8217;article 29"}]},{"@type":"WebSite","@id":"https:\/\/www.e2.law\/fr\/#website","url":"https:\/\/www.e2.law\/fr\/","name":"e2.law","description":"A Business Law Firm","publisher":{"@id":"https:\/\/www.e2.law\/fr\/#organization"},"potentialAction":[{"@type":"SearchAction","target":{"@type":"EntryPoint","urlTemplate":"https:\/\/www.e2.law\/fr\/?s={search_term_string}"},"query-input":{"@type":"PropertyValueSpecification","valueRequired":true,"valueName":"search_term_string"}}],"inLanguage":"fr-FR"},{"@type":"Organization","@id":"https:\/\/www.e2.law\/fr\/#organization","name":"E2.law","url":"https:\/\/www.e2.law\/fr\/","logo":{"@type":"ImageObject","inLanguage":"fr-FR","@id":"https:\/\/www.e2.law\/fr\/#\/schema\/logo\/image\/","url":"https:\/\/www.e2.law\/wp-content\/uploads\/2018\/12\/logo-2.png","contentUrl":"https:\/\/www.e2.law\/wp-content\/uploads\/2018\/12\/logo-2.png","width":152,"height":40,"caption":"E2.law"},"image":{"@id":"https:\/\/www.e2.law\/fr\/#\/schema\/logo\/image\/"},"sameAs":["https:\/\/www.linkedin.com\/company\/e2.law"]}]}</script>
<!-- / Yoast SEO plugin. -->

Le Groupe de travail «Article 29» (GT art. 29) est le groupe de travail européen indépendant qui traitait les questions relatives à la protection de la vie privée et aux données à caractère personnel jusqu’au 25 mai 2018 (avant l’entrée en vigueur du Règlement Général sur la Protection des Données &#8211; RGPD). Toutes les informations archivées  [...]
